{"id":12891,"date":"2026-03-05T21:18:20","date_gmt":"2026-03-05T20:18:20","guid":{"rendered":"https:\/\/esperanto-nederland.nl\/?page_id=12891"},"modified":"2026-04-01T20:43:59","modified_gmt":"2026-04-01T18:43:59","slug":"kultura-tago-en-veghel","status":"publish","type":"page","link":"https:\/\/esperanto-nederland.nl\/index.php\/eo\/kultura-tago-en-veghel\/","title":{"rendered":"Kultura Tago en Veghel"},"content":{"rendered":"\n<figure class=\"wp-block-image size-large is-resized\"><img decoding=\"async\" src=\"https:\/\/esperanto-nederland.nl\/wp-content\/uploads\/2026\/01\/Copilot_Veghel-800p.png\" alt=\"\" style=\"width:500px\"\/><figcaption class=\"wp-element-caption\"><em>Bildo Copilot <\/em><\/figcaption><\/figure>\n\n\n\n<p>\u0108i-jare, Esperanto Nederland denove organizas kulturan tagon.<\/p>\n\n\n\n<p><strong>KIE? en Veghel, <\/strong><a href=\"https:\/\/zalencentrum.vandeburgt.nl\/\" target=\"_blank\" rel=\"noreferrer noopener\"><strong>Zalencentrum van de Burgt.<\/strong><\/a><strong>Prins Willem Alexander Sportpark 5, 5461 XL Veghel<\/strong><\/p>\n\n\n\n<p><br>K<strong>iam<\/strong> <strong>? La 13-a de junio 2026, je la 11:00 \u2013 17:00 horo<\/strong><\/p>\n\n\n\n<p>Veghel estas vigla urbo en la nederlanda provinco Nord-Brabanto. \u011ci situas \u0109e la rivero Aa kaj la Kanalo de Vilhelmo la 2-a.<br>La urbo estas konata pro sia forta industrio, precipe en la nutra\u0135a sektoro kiel Mars Nederland, FrieslandCampina (DMV), Jumbo Supermarkten, Sligro Food Group kaj Hutten.<br>De Noordkade estas industria hereda\u0135o kaj nuntempe la kultura koro de Veghel.<\/p>\n\n\n\n<p><strong><br><strong>La programo de la kultura tago<\/strong><\/strong><\/p>\n\n\n\n<p><strong>Mateno kaj posttagmezo.<\/strong><\/p>\n\n\n\n<ul class=\"wp-block-list\">\n<li>Akcepto kun kafo\/teo kaj kuko.<\/li>\n\n\n\n<li>La prezidanto de Esperanto Nederland bonvenigas vin.<\/li>\n\n\n\n<li>La urbestro a\u016d skabeno de kulturo parolos pri Veghel.<\/li>\n\n\n\n<li>Lun\u0109o kun supo kaj pano.<\/li>\n<\/ul>\n\n\n\n<p><strong>Posttagmezaj agadoj.<\/strong><\/p>\n\n\n\n<figure class=\"wp-block-image size-full is-resized\"><img loading=\"lazy\" decoding=\"async\" width=\"599\" height=\"660\" src=\"https:\/\/esperanto-nederland.nl\/wp-content\/uploads\/2026\/03\/Salsa-3e-kl-1.png\" alt=\"\" class=\"wp-image-13100\" style=\"width:200px\" srcset=\"https:\/\/esperanto-nederland.nl\/wp-content\/uploads\/2026\/03\/Salsa-3e-kl-1.png 599w, https:\/\/esperanto-nederland.nl\/wp-content\/uploads\/2026\/03\/Salsa-3e-kl-1-272x300.png 272w, https:\/\/esperanto-nederland.nl\/wp-content\/uploads\/2026\/03\/Salsa-3e-kl-1-345x380.png 345w\" sizes=\"auto, (max-width: 599px) 100vw, 599px\" \/><\/figure>\n\n\n\n<ul class=\"wp-block-list\">\n<li>Promeno tra la insekto-\u011dardeno \u201cHet Geerbos\u201d<\/li>\n\n\n\n<li>Salso-dancado (solo) 1 (20 minutoj)<\/li>\n\n\n\n<li>Pa\u016dzo<\/li>\n\n\n\n<li>Salso-dancado (solo) 2 (20 minutoj)<\/li>\n\n\n\n<li>Vespere eblas man\u011di en restoracio por tiuj kiuj volas<\/li>\n<\/ul>\n\n\n\n<p><strong>\u2139\ufe0fRegistri\u011do kaj praktikaj informoj<\/strong><\/p>\n\n\n\n<p>Por la tuta tago, vi pagos 28 e\u016drojn se vi estas membro de Esperanto Nederland. Se vi ne estas membro, vi pagos 30 e\u016drojn. Tio inkluzivas lun\u0109on kaj dancadon. Por viziti la Chocolate Factory, vi devas pagi pliajn 25 e\u016drojn. La vesperman\u011do anka\u016d estas je via propra konto.<\/p>\n\n\n\n<p><br>Pli da informoj en eventaservo: <a href=\"https:\/\/eventaservo.org\/e\/ce4e54\" target=\"_blank\" rel=\"noreferrer noopener\">https:\/\/eventaservo.org\/e\/ce4e54<\/a><\/p>\n\n\n\n<p>Registri\u011do por <a href=\"https:\/\/esperanto-nederland.nl\/index.php\/eo\/aligilo-por-la-kultura-tago\/\" target=\"_blank\" rel=\"noreferrer noopener\">la kultura tago<\/a>.<br><a href=\"https:\/\/esperanto-nederland.nl\/index.php\/contact-met-organisatie-culturele-dag\/\" data-type=\"page\" data-id=\"10250\" target=\"_blank\" rel=\"noreferrer noopener\">Kontaktu la organizon de la kultura tago<\/a>.<\/p>\n\n\n\n<figure class=\"wp-block-image size-full is-resized\"><img loading=\"lazy\" decoding=\"async\" width=\"822\" height=\"424\" src=\"https:\/\/esperanto-nederland.nl\/wp-content\/uploads\/2026\/03\/insecten-tuin.jpg\" alt=\"\" class=\"wp-image-12887\" style=\"width:400px\" srcset=\"https:\/\/esperanto-nederland.nl\/wp-content\/uploads\/2026\/03\/insecten-tuin.jpg 822w, https:\/\/esperanto-nederland.nl\/wp-content\/uploads\/2026\/03\/insecten-tuin-300x155.jpg 300w, https:\/\/esperanto-nederland.nl\/wp-content\/uploads\/2026\/03\/insecten-tuin-768x396.jpg 768w, https:\/\/esperanto-nederland.nl\/wp-content\/uploads\/2026\/03\/insecten-tuin-737x380.jpg 737w\" sizes=\"auto, (max-width: 822px) 100vw, 822px\" \/><\/figure>\n\n\n\n<p><strong>\ud83d\ude8d Alirebleco<\/strong><br>La bushaltejo Veghel-Middegaal estas atingebla el \u2019s Hertogenbosch (158) kaj el Eindhoven (305 + 158)..<\/p>\n\n\n\n<p><\/p>\n","protected":false},"excerpt":{"rendered":"<p>\u0108i-jare, Esperanto Nederland denove organizas kulturan tagon. KIE? en Veghel, Zalencentrum van de Burgt.Prins Willem Alexander Sportpark 5, 5461 XL Veghel Kiam ? La 13-a de junio 2026, je la 11:00 \u2013 17:00 horo Veghel estas vigla urbo en la nederlanda provinco Nord-Brabanto. \u011ci situas \u0109e la rivero Aa kaj la Kanalo de Vilhelmo la &hellip; <a href=\"https:\/\/esperanto-nederland.nl\/index.php\/eo\/kultura-tago-en-veghel\/\" class=\"more-link\">Verder lezen <span class=\"screen-reader-text\">Kultura Tago en Veghel<\/span><\/a><\/p>\n","protected":false},"author":15,"featured_media":0,"parent":0,"menu_order":0,"comment_status":"closed","ping_status":"closed","template":"","meta":{"footnotes":""},"class_list":["post-12891","page","type-page","status-publish","hentry","without-featured-image"],"_links":{"self":[{"href":"https:\/\/esperanto-nederland.nl\/index.php\/wp-json\/wp\/v2\/pages\/12891","targetHints":{"allow":["GET"]}}],"collection":[{"href":"https:\/\/esperanto-nederland.nl\/index.php\/wp-json\/wp\/v2\/pages"}],"about":[{"href":"https:\/\/esperanto-nederland.nl\/index.php\/wp-json\/wp\/v2\/types\/page"}],"author":[{"embeddable":true,"href":"https:\/\/esperanto-nederland.nl\/index.php\/wp-json\/wp\/v2\/users\/15"}],"replies":[{"embeddable":true,"href":"https:\/\/esperanto-nederland.nl\/index.php\/wp-json\/wp\/v2\/comments?post=12891"}],"version-history":[{"count":17,"href":"https:\/\/esperanto-nederland.nl\/index.php\/wp-json\/wp\/v2\/pages\/12891\/revisions"}],"predecessor-version":[{"id":13130,"href":"https:\/\/esperanto-nederland.nl\/index.php\/wp-json\/wp\/v2\/pages\/12891\/revisions\/13130"}],"wp:attachment":[{"href":"https:\/\/esperanto-nederland.nl\/index.php\/wp-json\/wp\/v2\/media?parent=12891"}],"curies":[{"name":"wp","href":"https:\/\/api.w.org\/{rel}","templated":true}]}}

<figure class="wp-block-image size-large is-resized"><img decoding="async" src="https://esperanto-nederland.nl/wp-content/uploads/2026/01/Copilot_Veghel-800p.png" alt="" style="width:500px"/><figcaption class="wp-element-caption"><em>Bildo Copilot </em></figcaption></figure>



<p>Ĉi-jare, Esperanto Nederland denove organizas kulturan tagon.</p>



<p><strong>KIE? en Veghel, </strong><a href="https://zalencentrum.vandeburgt.nl/" target="_blank" rel="noreferrer noopener"><strong>Zalencentrum van de Burgt.</strong></a><strong>Prins Willem Alexander Sportpark 5, 5461 XL Veghel</strong></p>



<p><br>K<strong>iam</strong> <strong>? La 13-a de junio 2026, je la 11:00 – 17:00 horo</strong></p>



<p>Veghel estas vigla urbo en la nederlanda provinco Nord-Brabanto. Ĝi situas ĉe la rivero Aa kaj la Kanalo de Vilhelmo la 2-a.<br>La urbo estas konata pro sia forta industrio, precipe en la nutraĵa sektoro kiel Mars Nederland, FrieslandCampina (DMV), Jumbo Supermarkten, Sligro Food Group kaj Hutten.<br>De Noordkade estas industria heredaĵo kaj nuntempe la kultura koro de Veghel.</p>



<p><strong><br><strong>La programo de la kultura tago</strong></strong></p>



<p><strong>Mateno kaj posttagmezo.</strong></p>



<ul class="wp-block-list">
<li>Akcepto kun kafo/teo kaj kuko.</li>



<li>La prezidanto de Esperanto Nederland bonvenigas vin.</li>



<li>La urbestro aŭ skabeno de kulturo parolos pri Veghel.</li>



<li>Lunĉo kun supo kaj pano.</li>
</ul>



<p><strong>Posttagmezaj agadoj.</strong></p>



<figure class="wp-block-image size-full is-resized"><img loading="lazy" decoding="async" width="599" height="660" src="https://esperanto-nederland.nl/wp-content/uploads/2026/03/Salsa-3e-kl-1.png" alt="" class="wp-image-13100" style="width:200px" srcset="https://esperanto-nederland.nl/wp-content/uploads/2026/03/Salsa-3e-kl-1.png 599w, https://esperanto-nederland.nl/wp-content/uploads/2026/03/Salsa-3e-kl-1-272x300.png 272w, https://esperanto-nederland.nl/wp-content/uploads/2026/03/Salsa-3e-kl-1-345x380.png 345w" sizes="auto, (max-width: 599px) 100vw, 599px" /></figure>



<ul class="wp-block-list">
<li>Promeno tra la insekto-ĝardeno “Het Geerbos”</li>



<li>Salso-dancado (solo) 1 (20 minutoj)</li>



<li>Paŭzo</li>



<li>Salso-dancado (solo) 2 (20 minutoj)</li>



<li>Vespere eblas manĝi en restoracio por tiuj kiuj volas</li>
</ul>



<p><strong>ℹ️Registriĝo kaj praktikaj informoj</strong></p>



<p>Por la tuta tago, vi pagos 28 eŭrojn se vi estas membro de Esperanto Nederland. Se vi ne estas membro, vi pagos 30 eŭrojn. Tio inkluzivas lunĉon kaj dancadon. Por viziti la Chocolate Factory, vi devas pagi pliajn 25 eŭrojn. La vespermanĝo ankaŭ estas je via propra konto.</p>



<p><br>Pli da informoj en eventaservo: <a href="https://eventaservo.org/e/ce4e54" target="_blank" rel="noreferrer noopener">https://eventaservo.org/e/ce4e54</a></p>



<p>Registriĝo por <a href="https://esperanto-nederland.nl/index.php/eo/aligilo-por-la-kultura-tago/" target="_blank" rel="noreferrer noopener">la kultura tago</a>.<br><a href="https://esperanto-nederland.nl/index.php/contact-met-organisatie-culturele-dag/" data-type="page" data-id="10250" target="_blank" rel="noreferrer noopener">Kontaktu la organizon de la kultura tago</a>.</p>



<figure class="wp-block-image size-full is-resized"><img loading="lazy" decoding="async" width="822" height="424" src="https://esperanto-nederland.nl/wp-content/uploads/2026/03/insecten-tuin.jpg" alt="" class="wp-image-12887" style="width:400px" srcset="https://esperanto-nederland.nl/wp-content/uploads/2026/03/insecten-tuin.jpg 822w, https://esperanto-nederland.nl/wp-content/uploads/2026/03/insecten-tuin-300x155.jpg 300w, https://esperanto-nederland.nl/wp-content/uploads/2026/03/insecten-tuin-768x396.jpg 768w, https://esperanto-nederland.nl/wp-content/uploads/2026/03/insecten-tuin-737x380.jpg 737w" sizes="auto, (max-width: 822px) 100vw, 822px" /></figure>



<p><strong>🚍 Alirebleco</strong><br>La bushaltejo Veghel-Middegaal estas atingebla el ’s Hertogenbosch (158) kaj el Eindhoven (305 + 158)..</p>



<p></p>

<p>Ĉi-jare, Esperanto Nederland denove organizas kulturan tagon. KIE? en Veghel, Zalencentrum van de Burgt.Prins Willem Alexander Sportpark 5, 5461 XL Veghel Kiam ? La 13-a de junio 2026, je la 11:00 – 17:00 horo Veghel estas vigla urbo en la nederlanda provinco Nord-Brabanto. Ĝi situas ĉe la rivero Aa kaj la Kanalo de Vilhelmo la &hellip; <a href="https://esperanto-nederland.nl/index.php/eo/kultura-tago-en-veghel/" class="more-link">Verder lezen <span class="screen-reader-text">Kultura Tago en Veghel</span></a></p>
