{"id":187,"date":"2023-05-16T17:16:19","date_gmt":"2023-05-16T17:16:19","guid":{"rendered":"https:\/\/www.xloof.nl\/zandbak\/?page_id=176"},"modified":"2025-09-29T22:04:00","modified_gmt":"2025-09-29T20:04:00","slug":"esperanto-en-de-computer","status":"publish","type":"page","link":"https:\/\/esperanto-nederland.nl\/index.php\/esperanto-en-de-computer\/","title":{"rendered":"Esperanto en de computer"},"content":{"rendered":"\n<figure class=\"wp-block-image size-full is-resized\"><img loading=\"lazy\" decoding=\"async\" width=\"559\" height=\"477\" src=\"https:\/\/esperanto-nederland.nl\/wp-content\/uploads\/2024\/02\/Literoj.png\" alt=\"\" class=\"wp-image-2073\" style=\"width:500px\" srcset=\"https:\/\/esperanto-nederland.nl\/wp-content\/uploads\/2024\/02\/Literoj.png 559w, https:\/\/esperanto-nederland.nl\/wp-content\/uploads\/2024\/02\/Literoj-300x256.png 300w, https:\/\/esperanto-nederland.nl\/wp-content\/uploads\/2024\/02\/Literoj-445x380.png 445w\" sizes=\"auto, (max-width: 559px) 100vw, 559px\" \/><\/figure>\n\n\n\n<p>Het Esperantoalfabet bevat enkele karakters die in bijna geen andere talen voorkomen: \u0108, \u0109, \u011c, \u011d, \u0124, \u0125, \u0134, \u0135, \u015c, \u015d, \u016c, \u016d. Dat kan wel eens lastig zijn bij het typen van Esperanto-teksten, zoals bijvoorbeeld bij het versturen van e-mail. Toen Zamenhof in 1887 Esperanto lanceerde, had hij er uiteraard geen idee van dat er computers zouden komen. Voor het gebruik van typemachines en voor het drukken van boeken stelde hij de h-methode voor. Dat houdt in dat je hoedjesletters vervangt door de letter plus &#8216;h&#8217;. &#8216;\u0109&#8217; schrijf je dan als &#8216;ch&#8217;. Het woord &#8216;\u0109irkaua\u0135o&#8217; kan geschreven worden als &#8216;chirkauajho&#8217;. Het boogje boven de u (\u016d) wordt hierbij achterwege gelaten.<\/p>\n\n\n\n<p>In de loop van de jaren is op Internet het gebruik van de x-methode ingeburgerd geraakt. Men vervangt daarbij de hoedjesletters door de letter plus &#8216; x&#8217;. Het woord &#8216;\u0109irkaua\u0135o&#8217; wordt dan geschreven als &#8216;cxirkauxajxo&#8217;. Het voordeel van de x-methode is, dat een tekst met x-en sneller kan worden omgezet naar tekst met hoedjes.<\/p>\n\n\n\n<p>Zowel de h-methode als x-methode worden nog steeds gebruikt. Er is niets mis mee. Maar ondertussen kunnen op de meeste systemen ook de hoedjesletters worden geschreven. Het kan wel voorkomen dat je een lettertype gebruikt welke geen Esperanto-letters bevat. Kies dan een ander lettertype dat er op lijkt. <\/p>\n\n\n\n<h2 class=\"wp-block-heading\">Besturingssystemen<\/h2>\n\n\n\n<h3 class=\"wp-block-heading\">In Microsoft Windows<\/h3>\n\n\n\n<p>In Windows wordt Tajpi veel gebruikt.<\/p>\n\n\n\n<h3 class=\"wp-block-heading\">Typen met Tajpi<\/h3>\n\n\n\n<div class=\"wp-block-columns is-layout-flex wp-container-core-columns-is-layout-9d6595d7 wp-block-columns-is-layout-flex\">\n<div class=\"wp-block-column is-layout-flow wp-block-column-is-layout-flow\">\n<p>Voor Microsoft Windows is het gebruik van Tajpi erg handig. Je downloadt het programmatje van de site<br><a href=\"https:\/\/pliejo.komputeko.net\/tajpi-nederlands\">https:\/\/pliejo.komputeko.net\/tajpi-nederlands<\/a> en installeert het eenvoudig op de pc. De app vind je vervolgens terug in de taakbalk. Wil je even geen Esperanto-letters typen, dan kun je de app uitzetten door 2 keer op de tegel te klikken.<\/p>\n\n\n\n<p>Typen met Tajpi is eenvoudig. Typen doe je door de letter te typen, gevolgd door een &#8216;h&#8217; of een &#8216;x&#8217;. Als je deletters met andere toetscombinaties wilt typen, kun je dat ook instellen.<\/p>\n\n\n\n<p>De app wordt regelmatig bijgewerkt en werkt ook op Windows 11.<\/p>\n<\/div>\n\n\n\n<div class=\"wp-block-column is-layout-flow wp-block-column-is-layout-flow\">\n<figure class=\"wp-block-image size-full\"><img loading=\"lazy\" decoding=\"async\" width=\"378\" height=\"218\" src=\"https:\/\/esperanto-nederland.nl\/wp-content\/uploads\/2024\/03\/afbeelding_2024-03-09_075951461.png\" alt=\"\" class=\"wp-image-2143\" srcset=\"https:\/\/esperanto-nederland.nl\/wp-content\/uploads\/2024\/03\/afbeelding_2024-03-09_075951461.png 378w, https:\/\/esperanto-nederland.nl\/wp-content\/uploads\/2024\/03\/afbeelding_2024-03-09_075951461-300x173.png 300w\" sizes=\"auto, (max-width: 378px) 100vw, 378px\" \/><\/figure>\n<\/div>\n\n\n\n<div class=\"wp-block-column is-layout-flow wp-block-column-is-layout-flow\">\n<figure class=\"wp-block-image size-full\"><img loading=\"lazy\" decoding=\"async\" width=\"345\" height=\"416\" src=\"https:\/\/esperanto-nederland.nl\/wp-content\/uploads\/2024\/03\/afbeelding_2024-03-09_075311278.png\" alt=\"\" class=\"wp-image-2141\" srcset=\"https:\/\/esperanto-nederland.nl\/wp-content\/uploads\/2024\/03\/afbeelding_2024-03-09_075311278.png 345w, https:\/\/esperanto-nederland.nl\/wp-content\/uploads\/2024\/03\/afbeelding_2024-03-09_075311278-249x300.png 249w, https:\/\/esperanto-nederland.nl\/wp-content\/uploads\/2024\/03\/afbeelding_2024-03-09_075311278-315x380.png 315w\" sizes=\"auto, (max-width: 345px) 100vw, 345px\" \/><\/figure>\n<\/div>\n<\/div>\n\n\n\n<h3 class=\"wp-block-heading\">Op een Android telefoon<\/h3>\n\n\n\n<p>Op een Android telefoon kun je het Microsoft Swiftkey-toetsenbord installeren.<\/p>\n\n\n\n<figure class=\"wp-block-image size-full is-resized\"><img loading=\"lazy\" decoding=\"async\" width=\"240\" height=\"240\" src=\"https:\/\/esperanto-nederland.nl\/wp-content\/uploads\/2024\/03\/afbeelding_2024-03-09_081151214.png\" alt=\"\" class=\"wp-image-2145\" style=\"width:200px\" srcset=\"https:\/\/esperanto-nederland.nl\/wp-content\/uploads\/2024\/03\/afbeelding_2024-03-09_081151214.png 240w, https:\/\/esperanto-nederland.nl\/wp-content\/uploads\/2024\/03\/afbeelding_2024-03-09_081151214-150x150.png 150w, https:\/\/esperanto-nederland.nl\/wp-content\/uploads\/2024\/03\/afbeelding_2024-03-09_081151214-90x90.png 90w\" sizes=\"auto, (max-width: 240px) 100vw, 240px\" \/><\/figure>\n\n\n\n<h3 class=\"wp-block-heading\">Microsoft Swiftkey-toetsenbord<\/h3>\n\n\n\n<p>De Esperanto letters type je op het SwiftKey toetsenbord door de letter even iets langer ingedrukt te houden, waarna de Esperanto letter tevoorschijn komt. <\/p>\n\n\n\n<p>In de Android Play Store kun je SwiftKey installeren. Bij de (toetsen-)bordinstellingen vind je vervolgens &#8220;Instellingen Microsoft SwiftKey. Onder het kopje &#8220;Meertalig&#8221; kun je Esperanto toevoegen als taal.<\/p>\n\n\n\n<h2 class=\"wp-block-heading\">Programma&#8217;s die Esperanto ondersteunen<\/h2>\n\n\n\n<p>Naast het kunnen typen in Esperanto is het ook leuk wanneer de programma&#8217;s waarmee je werkt in het Esperanto zijn.  Een goed voorbeeld daarvan is FireFox.<\/p>\n\n\n\n<figure class=\"wp-block-image size-full is-resized\"><img loading=\"lazy\" decoding=\"async\" width=\"800\" height=\"831\" src=\"https:\/\/esperanto-nederland.nl\/wp-content\/uploads\/2024\/03\/afbeelding_2024-03-09_083736178.png\" alt=\"\" class=\"wp-image-2154\" style=\"width:200px\" srcset=\"https:\/\/esperanto-nederland.nl\/wp-content\/uploads\/2024\/03\/afbeelding_2024-03-09_083736178.png 800w, https:\/\/esperanto-nederland.nl\/wp-content\/uploads\/2024\/03\/afbeelding_2024-03-09_083736178-289x300.png 289w, https:\/\/esperanto-nederland.nl\/wp-content\/uploads\/2024\/03\/afbeelding_2024-03-09_083736178-768x798.png 768w, https:\/\/esperanto-nederland.nl\/wp-content\/uploads\/2024\/03\/afbeelding_2024-03-09_083736178-366x380.png 366w\" sizes=\"auto, (max-width: 800px) 100vw, 800px\" \/><\/figure>\n\n\n\n<h3 class=\"wp-block-heading\">Firefox<\/h3>\n\n\n\n<p>De webbrowser Firefox ondersteunt Esperanto. Onder Instellingen, categorie Algemeen, kun je bij de kopje Taal Esperanto toevoegen als taal. Direct hierna wordt de tekst van de Browser Esperanto. <\/p>\n\n\n\n<p>Onder Instellingen kun je bij Extenties &amp; Thema&#8217;s allerlei apps vinden die voor het gebruik van Esperanto gemaakt zijn of de taal ondersteunen. Voorbeelden daarvan zijn het woordenboek &#8220;Esperanto Vortaro&#8221; en &#8220;Ektajpu&#8221;, waarmee je Esperanto-letters kunt typen door een x achter de letter te zetten.<\/p>\n\n\n\n<p>Firefox is gratis te gebruiken. In het Esperanto wordt het ook wel \u2018Fajrovulpo\u2019 genoemd. <\/p>\n\n\n\n<h2 class=\"wp-block-heading\">Linux<\/h2>\n\n\n\n<p>Onder Linux kun je op 2 manieren Esperanto letters typen:<\/p>\n\n\n\n<ol class=\"wp-block-list\">\n<li>Er is ook een soort programma als Tajpi: IBUS!<br>Het programma is te vinden in het softwarecentrum van bijna alle Linux-distributies, zoals Ubuntu, Kubuntu, Suse, Fedora en Debian.<br>IBus is een intelligente invoerbus voor Linux\/Unix. Je kunt hier op verschillende manieren Esperantoletters maken. Omdat UTF-8 sinds het jaar 2000 standaard is, hoef je in de programma&#8217;s niets te veranderen. IBUS! is vaak al standaard ge\u00efnstalleerd. Klik op de foto&#8217;s voor de instellingen.<br><br>Klik op &#8220;Systeem&#8221; \u2192 &#8220;Voorkeuren&#8221; en ga naar &#8220;Ibus-voorkeuren&#8221;.<br>De eerste keer vraagt het programma of het gestart moet worden. Bevestig dat. <br>Op het tabblad &#8220;Algemeen&#8221; staat hoe je de sneltoets kan in- of uitschakelen: Control+spatiebalk.<br>Op het tabblad &#8220;Invoermethode&#8221; klik je op &#8220;Kies een invoermethode&#8221;.<br>Ga naar Esperanto en kies b.v. &#8220;Esperanto \u2013 x-sistemo&#8221;.<br>Klik op [Toevoegen].<br>Nu kun je het systeem gebruiken door bijvoorbeeld cx te typen: er komt automatisch een \u0109.<br><\/li>\n\n\n\n<li>Sinds een aantal jaren is het nog makkelijker geworden om Esperantoletters te maken en kan je het bovenstaande overslaan. Het staat al ingesteld en is slechts een kwestie van 2 vinkjes zetten. Zie foto.<br>Ga naar instellingen en klik op [Toetsenboord opties instellen] en vink &#8220;Esperantoletters toevoegen&#8221; aan.<br>Nu kan je met de rechter ALT-toets ingedrukt te houden de gewenste letters maken.<br>Dus ALT+c geeft: \u0109. enz.<\/li>\n<\/ol>\n\n\n\n<p>Het Linux-besturingssysteem is bijna helemaal vertaald in het Esperanto en is gratis te krijgen. Dus niet alleen een enkel programma, maar de gehele omgeving. Klik op de foto&#8217;s.<\/p>\n\n\n\n<h3 class=\"wp-block-heading\">Op een Apple computer<\/h3>\n\n\n\n<div class=\"wp-block-columns is-layout-flex wp-container-core-columns-is-layout-9d6595d7 wp-block-columns-is-layout-flex\">\n<div class=\"wp-block-column is-layout-flow wp-block-column-is-layout-flow\">\n<figure class=\"wp-block-image size-full is-resized\"><img loading=\"lazy\" decoding=\"async\" width=\"515\" height=\"282\" src=\"https:\/\/esperanto-nederland.nl\/wp-content\/uploads\/2024\/07\/Scherm\u00adafbeelding-2024-07-27-om-10.14.42-1.png\" alt=\"\" class=\"wp-image-5044\" style=\"width:300px\" srcset=\"https:\/\/esperanto-nederland.nl\/wp-content\/uploads\/2024\/07\/Scherm\u00adafbeelding-2024-07-27-om-10.14.42-1.png 515w, https:\/\/esperanto-nederland.nl\/wp-content\/uploads\/2024\/07\/Scherm\u00adafbeelding-2024-07-27-om-10.14.42-1-300x164.png 300w\" sizes=\"auto, (max-width: 515px) 100vw, 515px\" \/><\/figure>\n\n\n\n<p>Op een computer met MacOS kun je gebruik maken van het &#8220;ABC &#8211; Uitgebreid&#8221; toetsenbord. Om dit in te stellen, open je de systeemvoorkeuren en kies je &#8220;Toetsenbord&#8221; uit de linker kolom. Dan klik je op de &#8220;Wijzig&#8230;&#8221; knop. Er opent een nieuw venster met links onderin een klein plusje. Klik daarop, en je ziet een lange lijst talen. Kies Engels, en daarna &#8220;ABC &#8211; Uitgebreid&#8221;. Bevestig de keuze door op &#8220;Voeg toe&#8221; te klikken. In principe kun je daarna de Nederlandse toetsenbord-indeling weghalen, of je kunt ervoor kiezen om telkens te wisselen van toetsenbord-indeling (rechtsboven in de menu-balk).<\/p>\n\n\n\n<p>Hoe werkt het typen zelf? Als je de alt-toets ingedrukt houdt en een &#8220;6&#8221; typt, verschijnt er een dakje in een geel vlak. Typ daarna de letter waar het dakje op moet komen. De &#8220;\u016c&#8221; heeft uiteraard een boogje; in plaats van alt-6 typ je hier alt-b (en dan een &#8220;u&#8221;).<\/p>\n\n\n\n<p>Nederlands typen is grotendeels hetzelfde. Letters als &#8220;\u00e4 \u00eb \u00ef \u00f6 \u00fc&#8221; typ je nog steeds met alt-u, &#8220;\u00e1 \u00e9 \u00ed \u00f3 \u00fa&#8221; blijft alt-e, en &#8220;\u00e0 \u00e8 \u00ec \u00f2 \u00f9&#8221; blijft alt-`. De zeldzame keren dat je &#8220;\u00e2 \u00ea \u00ee \u00f4 \u00fb&#8221; moet typen zijn wel anders: dat was alt-i met het Nederlandse toetsenbord, maar is nu dus alt-6. Ook het \u20acuro-teken is anders. In plaats van alt-2 moet je nu de hoofdletter-toets erbij doen, dus alt-shift-2.<\/p>\n<\/div>\n\n\n\n<div class=\"wp-block-column is-layout-flow wp-block-column-is-layout-flow\">\n<figure class=\"wp-block-image size-large\"><img loading=\"lazy\" decoding=\"async\" width=\"1024\" height=\"662\" src=\"https:\/\/esperanto-nederland.nl\/wp-content\/uploads\/2024\/07\/Scherm\u00adafbeelding-2024-07-26-om-16.57.02-1-1024x662.png\" alt=\"\" class=\"wp-image-5042\" srcset=\"https:\/\/esperanto-nederland.nl\/wp-content\/uploads\/2024\/07\/Scherm\u00adafbeelding-2024-07-26-om-16.57.02-1-1024x662.png 1024w, https:\/\/esperanto-nederland.nl\/wp-content\/uploads\/2024\/07\/Scherm\u00adafbeelding-2024-07-26-om-16.57.02-1-300x194.png 300w, https:\/\/esperanto-nederland.nl\/wp-content\/uploads\/2024\/07\/Scherm\u00adafbeelding-2024-07-26-om-16.57.02-1-768x497.png 768w, https:\/\/esperanto-nederland.nl\/wp-content\/uploads\/2024\/07\/Scherm\u00adafbeelding-2024-07-26-om-16.57.02-1-588x380.png 588w, https:\/\/esperanto-nederland.nl\/wp-content\/uploads\/2024\/07\/Scherm\u00adafbeelding-2024-07-26-om-16.57.02-1.png 1508w\" sizes=\"auto, (max-width: 1024px) 100vw, 1024px\" \/><\/figure>\n\n\n\n<figure class=\"wp-block-image size-large\"><img loading=\"lazy\" decoding=\"async\" width=\"1024\" height=\"843\" src=\"https:\/\/esperanto-nederland.nl\/wp-content\/uploads\/2024\/07\/Scherm\u00adafbeelding-2024-07-27-om-09.57.47-1-1024x843.png\" alt=\"\" class=\"wp-image-5043\" srcset=\"https:\/\/esperanto-nederland.nl\/wp-content\/uploads\/2024\/07\/Scherm\u00adafbeelding-2024-07-27-om-09.57.47-1-1024x843.png 1024w, https:\/\/esperanto-nederland.nl\/wp-content\/uploads\/2024\/07\/Scherm\u00adafbeelding-2024-07-27-om-09.57.47-1-300x247.png 300w, https:\/\/esperanto-nederland.nl\/wp-content\/uploads\/2024\/07\/Scherm\u00adafbeelding-2024-07-27-om-09.57.47-1-768x633.png 768w, https:\/\/esperanto-nederland.nl\/wp-content\/uploads\/2024\/07\/Scherm\u00adafbeelding-2024-07-27-om-09.57.47-1-461x380.png 461w, https:\/\/esperanto-nederland.nl\/wp-content\/uploads\/2024\/07\/Scherm\u00adafbeelding-2024-07-27-om-09.57.47-1.png 1384w\" sizes=\"auto, (max-width: 1024px) 100vw, 1024px\" \/><\/figure>\n<\/div>\n<\/div>\n\n\n\n<h3 class=\"wp-block-heading\">Op een iPhone van Apple<\/h3>\n\n\n\n<div class=\"wp-block-columns is-layout-flex wp-container-core-columns-is-layout-9d6595d7 wp-block-columns-is-layout-flex\">\n<div class=\"wp-block-column is-layout-flow wp-block-column-is-layout-flow\" style=\"flex-basis:40%\">\n<figure class=\"wp-block-image size-large is-resized\"><img loading=\"lazy\" decoding=\"async\" width=\"1024\" height=\"593\" src=\"https:\/\/esperanto-nederland.nl\/wp-content\/uploads\/2024\/07\/IMG_6442-1024x593.png\" alt=\"\" class=\"wp-image-5049\" style=\"width:300px\" srcset=\"https:\/\/esperanto-nederland.nl\/wp-content\/uploads\/2024\/07\/IMG_6442-1024x593.png 1024w, https:\/\/esperanto-nederland.nl\/wp-content\/uploads\/2024\/07\/IMG_6442-300x174.png 300w, https:\/\/esperanto-nederland.nl\/wp-content\/uploads\/2024\/07\/IMG_6442-768x444.png 768w, https:\/\/esperanto-nederland.nl\/wp-content\/uploads\/2024\/07\/IMG_6442-657x380.png 657w, https:\/\/esperanto-nederland.nl\/wp-content\/uploads\/2024\/07\/IMG_6442.png 1125w\" sizes=\"auto, (max-width: 1024px) 100vw, 1024px\" \/><\/figure>\n\n\n\n<p>Ga naar de App-store en zoek naar &#8220;Esperanto keyboard&#8221;. Open die app. <\/p>\n\n\n\n<p>Ga dan naar &#8220;Instellingen&#8221;. Kies &#8220;Algemeen&#8221; &gt; &#8220;Toetsenbord&#8221; &gt; &#8220;Toetsenborden&#8221; en klik op &#8220;Voeg toetsenbord toe&#8221;. Je ziet dan bij &#8220;Toetsenborden van derden&#8221; de knop &#8220;Esperanto keyboard&#8221;.<\/p>\n\n\n\n<p>Vanaf dan kun je in elke app Esperanto typen met het wereldbolletje links onderin. Als je de wereldbol lang indrukt, zie je een menu waarin je &#8220;Esperanto&#8221; kunt kiezen. Kort aanraken van de wereldbol laat je rouleren tussen de verschillende toetsenborden; in de spatiebalk zie je heel even de naam van het actieve toetsenbord verschijnen.<\/p>\n\n\n\n<p>Om de accent-letters te typen, kies je eerst de toets met het dakje, rechts van de spatiebalk. Daarna typ je een C, G, H, J, S of U.<\/p>\n<\/div>\n\n\n\n<div class=\"wp-block-column is-layout-flow wp-block-column-is-layout-flow\" style=\"flex-basis:30%\">\n<figure class=\"wp-block-image size-large\"><img loading=\"lazy\" decoding=\"async\" width=\"1024\" height=\"900\" src=\"https:\/\/esperanto-nederland.nl\/wp-content\/uploads\/2024\/07\/IMG_6446-1024x900.png\" alt=\"\" class=\"wp-image-5053\" style=\"object-fit:cover\" srcset=\"https:\/\/esperanto-nederland.nl\/wp-content\/uploads\/2024\/07\/IMG_6446-1024x900.png 1024w, https:\/\/esperanto-nederland.nl\/wp-content\/uploads\/2024\/07\/IMG_6446-300x264.png 300w, https:\/\/esperanto-nederland.nl\/wp-content\/uploads\/2024\/07\/IMG_6446-768x675.png 768w, https:\/\/esperanto-nederland.nl\/wp-content\/uploads\/2024\/07\/IMG_6446-432x380.png 432w, https:\/\/esperanto-nederland.nl\/wp-content\/uploads\/2024\/07\/IMG_6446.png 1125w\" sizes=\"auto, (max-width: 1024px) 100vw, 1024px\" \/><\/figure>\n\n\n\n<figure class=\"wp-block-image size-large\"><img loading=\"lazy\" decoding=\"async\" width=\"1024\" height=\"930\" src=\"https:\/\/esperanto-nederland.nl\/wp-content\/uploads\/2024\/07\/IMG_6443-1024x930.png\" alt=\"\" class=\"wp-image-5051\" style=\"object-fit:cover\" srcset=\"https:\/\/esperanto-nederland.nl\/wp-content\/uploads\/2024\/07\/IMG_6443-1024x930.png 1024w, https:\/\/esperanto-nederland.nl\/wp-content\/uploads\/2024\/07\/IMG_6443-300x273.png 300w, https:\/\/esperanto-nederland.nl\/wp-content\/uploads\/2024\/07\/IMG_6443-768x698.png 768w, https:\/\/esperanto-nederland.nl\/wp-content\/uploads\/2024\/07\/IMG_6443-418x380.png 418w, https:\/\/esperanto-nederland.nl\/wp-content\/uploads\/2024\/07\/IMG_6443.png 1125w\" sizes=\"auto, (max-width: 1024px) 100vw, 1024px\" \/><\/figure>\n<\/div>\n\n\n\n<div class=\"wp-block-column is-layout-flow wp-block-column-is-layout-flow\" style=\"flex-basis:30%\">\n<figure class=\"wp-block-image size-large\"><img loading=\"lazy\" decoding=\"async\" width=\"738\" height=\"1024\" src=\"https:\/\/esperanto-nederland.nl\/wp-content\/uploads\/2024\/07\/IMG_6444-738x1024.png\" alt=\"\" class=\"wp-image-5052\" srcset=\"https:\/\/esperanto-nederland.nl\/wp-content\/uploads\/2024\/07\/IMG_6444-738x1024.png 738w, https:\/\/esperanto-nederland.nl\/wp-content\/uploads\/2024\/07\/IMG_6444-216x300.png 216w, https:\/\/esperanto-nederland.nl\/wp-content\/uploads\/2024\/07\/IMG_6444-768x1065.png 768w, https:\/\/esperanto-nederland.nl\/wp-content\/uploads\/2024\/07\/IMG_6444-1108x1536.png 1108w, https:\/\/esperanto-nederland.nl\/wp-content\/uploads\/2024\/07\/IMG_6444-274x380.png 274w, https:\/\/esperanto-nederland.nl\/wp-content\/uploads\/2024\/07\/IMG_6444.png 1125w\" sizes=\"auto, (max-width: 738px) 100vw, 738px\" \/><\/figure>\n<\/div>\n<\/div>\n\n\n\n<p><\/p>\n","protected":false},"excerpt":{"rendered":"<p>Het Esperantoalfabet bevat enkele karakters die in bijna geen andere talen voorkomen: \u0108, \u0109, \u011c, \u011d, \u0124, \u0125, \u0134, \u0135, \u015c, \u015d, \u016c, \u016d. Dat kan wel eens lastig zijn bij het typen van Esperanto-teksten, zoals bijvoorbeeld bij het versturen van e-mail. Toen Zamenhof in 1887 Esperanto lanceerde, had hij er uiteraard geen idee van &hellip; <a href=\"https:\/\/esperanto-nederland.nl\/index.php\/esperanto-en-de-computer\/\" class=\"more-link\">Verder lezen <span class=\"screen-reader-text\">Esperanto en de computer<\/span><\/a><\/p>\n","protected":false},"author":3,"featured_media":0,"parent":0,"menu_order":0,"comment_status":"closed","ping_status":"closed","template":"","meta":{"footnotes":""},"class_list":["post-187","page","type-page","status-publish","hentry","without-featured-image"],"_links":{"self":[{"href":"https:\/\/esperanto-nederland.nl\/index.php\/wp-json\/wp\/v2\/pages\/187","targetHints":{"allow":["GET"]}}],"collection":[{"href":"https:\/\/esperanto-nederland.nl\/index.php\/wp-json\/wp\/v2\/pages"}],"about":[{"href":"https:\/\/esperanto-nederland.nl\/index.php\/wp-json\/wp\/v2\/types\/page"}],"author":[{"embeddable":true,"href":"https:\/\/esperanto-nederland.nl\/index.php\/wp-json\/wp\/v2\/users\/3"}],"replies":[{"embeddable":true,"href":"https:\/\/esperanto-nederland.nl\/index.php\/wp-json\/wp\/v2\/comments?post=187"}],"version-history":[{"count":54,"href":"https:\/\/esperanto-nederland.nl\/index.php\/wp-json\/wp\/v2\/pages\/187\/revisions"}],"predecessor-version":[{"id":11418,"href":"https:\/\/esperanto-nederland.nl\/index.php\/wp-json\/wp\/v2\/pages\/187\/revisions\/11418"}],"wp:attachment":[{"href":"https:\/\/esperanto-nederland.nl\/index.php\/wp-json\/wp\/v2\/media?parent=187"}],"curies":[{"name":"wp","href":"https:\/\/api.w.org\/{rel}","templated":true}]}}