{"id":333,"date":"2023-08-10T09:50:38","date_gmt":"2023-08-10T09:50:38","guid":{"rendered":"https:\/\/esperanto-nederland.nl\/?page_id=333"},"modified":"2026-01-03T14:23:18","modified_gmt":"2026-01-03T13:23:18","slug":"estraro","status":"publish","type":"page","link":"https:\/\/esperanto-nederland.nl\/index.php\/eo\/estraro\/","title":{"rendered":"Estraro"},"content":{"rendered":"\n<p>La estraro de la asocio estas la motoro de la organizo. \u011ci kunordigas la diversajn agadojn de la asocio kaj kontrolas la plej gravajn aran\u011dojn, kiujn \u011di ofte iniciatas mem. \u011ci subtenas membrojn, kiuj aktivas en la Esperanto-mondo. <br>La estraranoj estas elektitaj por periodo de tri jaroj en jarkunveno de membroj.<br>La estraro nuntempe konsistas el kvin membroj.<\/p>\n\n\n\n<div class=\"wp-block-columns is-layout-flex wp-container-core-columns-is-layout-9d6595d7 wp-block-columns-is-layout-flex\">\n<div class=\"wp-block-column is-layout-flow wp-block-column-is-layout-flow\">\n<figure class=\"wp-block-image size-full\"><img loading=\"lazy\" decoding=\"async\" width=\"419\" height=\"419\" src=\"https:\/\/esperanto-nederland.nl\/wp-content\/uploads\/2024\/07\/marc-edited.png\" alt=\"\" class=\"wp-image-4609\" style=\"object-fit:cover\" srcset=\"https:\/\/esperanto-nederland.nl\/wp-content\/uploads\/2024\/07\/marc-edited.png 419w, https:\/\/esperanto-nederland.nl\/wp-content\/uploads\/2024\/07\/marc-edited-300x300.png 300w, https:\/\/esperanto-nederland.nl\/wp-content\/uploads\/2024\/07\/marc-edited-150x150.png 150w, https:\/\/esperanto-nederland.nl\/wp-content\/uploads\/2024\/07\/marc-edited-90x90.png 90w, https:\/\/esperanto-nederland.nl\/wp-content\/uploads\/2024\/07\/marc-edited-380x380.png 380w\" sizes=\"auto, (max-width: 419px) 100vw, 419px\" \/><\/figure>\n<\/div>\n\n\n\n<div class=\"wp-block-column is-layout-flow wp-block-column-is-layout-flow\">\n<h4 class=\"wp-block-heading has-text-align-left\">Marc van Oostendorp &#8211; prezidanto<\/h4>\n\n\n\n<p>Marc estas la prezidanto de la asocio kaj kiel tia respondecas interalie pri komunikado kun amaskomunikiloj. En \u0109iutaga vivo li estas profesoro pri lingvistiko kaj ali\u011dis al Radboud Universitato kaj la Meertens Instituto.<\/p>\n\n\n\n<p><a href=\"https:\/\/esperanto-nederland.nl\/index.php\/kontakti-prezidanton\/\" type=\"link\" id=\"https:\/\/esperanto-nederland.nl\/index.php\/kontakti-prezidanton\/\" target=\"_blank\" rel=\"noreferrer noopener\">Kontakti Marc van Oostendorp<\/a><\/p>\n<\/div>\n\n\n\n<div class=\"wp-block-column is-layout-flow wp-block-column-is-layout-flow\">\n<figure class=\"wp-block-image size-full\"><img loading=\"lazy\" decoding=\"async\" width=\"436\" height=\"436\" src=\"https:\/\/esperanto-nederland.nl\/wp-content\/uploads\/2024\/07\/20240412anho1835180_sel-Rob-Groeneveld-edited.jpg\" alt=\"\" class=\"wp-image-4611\" style=\"object-fit:cover\" srcset=\"https:\/\/esperanto-nederland.nl\/wp-content\/uploads\/2024\/07\/20240412anho1835180_sel-Rob-Groeneveld-edited.jpg 436w, https:\/\/esperanto-nederland.nl\/wp-content\/uploads\/2024\/07\/20240412anho1835180_sel-Rob-Groeneveld-edited-300x300.jpg 300w, https:\/\/esperanto-nederland.nl\/wp-content\/uploads\/2024\/07\/20240412anho1835180_sel-Rob-Groeneveld-edited-150x150.jpg 150w, https:\/\/esperanto-nederland.nl\/wp-content\/uploads\/2024\/07\/20240412anho1835180_sel-Rob-Groeneveld-edited-90x90.jpg 90w, https:\/\/esperanto-nederland.nl\/wp-content\/uploads\/2024\/07\/20240412anho1835180_sel-Rob-Groeneveld-edited-380x380.jpg 380w\" sizes=\"auto, (max-width: 436px) 100vw, 436px\" \/><\/figure>\n<\/div>\n\n\n\n<div class=\"wp-block-column is-layout-flow wp-block-column-is-layout-flow\">\n<h4 class=\"wp-block-heading has-text-align-left\">Rob Groeneveld &#8211; sekretario<\/h4>\n\n\n\n<p>Rob estas la sekretario de la asocio. Li tenas \u0109iajn kontaktojn kaj respondas demandojn pri la asocio.  <\/p>\n\n\n\n<p><a href=\"https:\/\/esperanto-nederland.nl\/index.php\/kontakti-sekretarion\/\" type=\"link\" id=\"https:\/\/esperanto-nederland.nl\/index.php\/kontakti-sekretarion\/\" target=\"_blank\" rel=\"noreferrer noopener\">Kontakti Rob Groeneveld<\/a><\/p>\n<\/div>\n<\/div>\n\n\n\n<p><br><br><\/p>\n\n\n\n<div class=\"wp-block-columns is-layout-flex wp-container-core-columns-is-layout-9d6595d7 wp-block-columns-is-layout-flex\">\n<div class=\"wp-block-column is-layout-flow wp-block-column-is-layout-flow\">\n<figure class=\"wp-block-image size-full\"><img loading=\"lazy\" decoding=\"async\" width=\"300\" height=\"300\" src=\"https:\/\/esperanto-nederland.nl\/wp-content\/uploads\/2025\/05\/foto-Kees-Neeft-300x300p.jpg\" alt=\"\" class=\"wp-image-10546\" srcset=\"https:\/\/esperanto-nederland.nl\/wp-content\/uploads\/2025\/05\/foto-Kees-Neeft-300x300p.jpg 300w, https:\/\/esperanto-nederland.nl\/wp-content\/uploads\/2025\/05\/foto-Kees-Neeft-300x300p-90x90.jpg 90w\" sizes=\"auto, (max-width: 300px) 100vw, 300px\" \/><\/figure>\n<\/div>\n\n\n\n<div class=\"wp-block-column is-layout-flow wp-block-column-is-layout-flow\">\n<h4 class=\"wp-block-heading\">Kees Neeft &#8211; kasisto<span style=\"font-size: medium; font-weight: 400; white-space-collapse: collapse;\"><\/span><\/h4>\n\n\n\n<p>Kiel kasisto Kees atentas la financojn de la asocio. Anta\u016de li laboris en salajra administrado kaj kiel librotenisto.<\/p>\n\n\n\n<p><a href=\"https:\/\/esperanto-nederland.nl\/index.php\/kontakti-kasiston\/\" type=\"link\" id=\"https:\/\/esperanto-nederland.nl\/index.php\/kontakti-kasiston\/\" target=\"_blank\" rel=\"noreferrer noopener\">Kontakti Kees Neeft<\/a><\/p>\n<\/div>\n\n\n\n<div class=\"wp-block-column is-layout-flow wp-block-column-is-layout-flow\">\n<figure class=\"wp-block-image size-full\"><img loading=\"lazy\" decoding=\"async\" width=\"616\" height=\"616\" src=\"https:\/\/esperanto-nederland.nl\/wp-content\/uploads\/2025\/02\/image.png\" alt=\"\" class=\"wp-image-9650\" style=\"object-fit:cover\" srcset=\"https:\/\/esperanto-nederland.nl\/wp-content\/uploads\/2025\/02\/image.png 616w, https:\/\/esperanto-nederland.nl\/wp-content\/uploads\/2025\/02\/image-300x300.png 300w, https:\/\/esperanto-nederland.nl\/wp-content\/uploads\/2025\/02\/image-90x90.png 90w, https:\/\/esperanto-nederland.nl\/wp-content\/uploads\/2025\/02\/image-380x380.png 380w\" sizes=\"auto, (max-width: 616px) 100vw, 616px\" \/><\/figure>\n<\/div>\n\n\n\n<div class=\"wp-block-column is-layout-flow wp-block-column-is-layout-flow\">\n<h4 class=\"wp-block-heading has-text-align-left\">Ineke Emmelkamp &#8211; estrarano<\/h4>\n\n\n\n<p>Ineke estas la estrarano pri informado. \u015ci havas stokon de informaj bro\u015duroj, kiuj estas uzataj en standoj. Krome \u015di estas unu el la homoj, kiuj organizas la studosemajnfinojn.<\/p>\n\n\n\n<p><a href=\"https:\/\/esperanto-nederland.nl\/index.php\/kontakti-estraranon-pri-informado\/\" type=\"link\" id=\"https:\/\/esperanto-nederland.nl\/index.php\/kontakti-estraranon-pri-informado\/\" target=\"_blank\" rel=\"noreferrer noopener\">Kontakti Ineke Emmekamp<\/a><\/p>\n<\/div>\n<\/div>\n\n\n\n<p><br><br><\/p>\n\n\n\n<div class=\"wp-block-columns is-layout-flex wp-container-core-columns-is-layout-9d6595d7 wp-block-columns-is-layout-flex\">\n<div class=\"wp-block-column is-layout-flow wp-block-column-is-layout-flow\">\n<figure class=\"wp-block-image size-full\"><img loading=\"lazy\" decoding=\"async\" width=\"300\" height=\"300\" src=\"https:\/\/esperanto-nederland.nl\/wp-content\/uploads\/2025\/02\/Peter-300x300-2.png\" alt=\"\" class=\"wp-image-9633\" style=\"object-fit:cover\" title=\"\" srcset=\"https:\/\/esperanto-nederland.nl\/wp-content\/uploads\/2025\/02\/Peter-300x300-2.png 300w, https:\/\/esperanto-nederland.nl\/wp-content\/uploads\/2025\/02\/Peter-300x300-2-90x90.png 90w\" sizes=\"auto, (max-width: 300px) 100vw, 300px\" \/><\/figure>\n<\/div>\n\n\n\n<div class=\"wp-block-column is-layout-flow wp-block-column-is-layout-flow\">\n<h4 class=\"wp-block-heading\">Peter van Noorden \u2013 estrarano<\/h4>\n\n\n\n<p>Peter estas estrarano kaj kontribuas al \u0109iaj projektoj. Li okupi\u011das  pri la juraj tekstoj necesaj por asocio.<\/p>\n\n\n\n<p><a href=\"https:\/\/esperanto-nederland.nl\/index.php\/kontakti-generalan-estraranon\/\" type=\"link\" id=\"https:\/\/esperanto-nederland.nl\/index.php\/kontakti-generalan-estraranon\/\" target=\"_blank\" rel=\"noreferrer noopener\">Kontakti Peter van Noorden<\/a><\/p>\n<\/div>\n\n\n\n<div class=\"wp-block-column is-layout-flow wp-block-column-is-layout-flow\"><\/div>\n\n\n\n<div class=\"wp-block-column is-layout-flow wp-block-column-is-layout-flow\">\n<p><br><\/p>\n<\/div>\n<\/div>\n","protected":false},"excerpt":{"rendered":"<p>La estraro de la asocio estas la motoro de la organizo. \u011ci kunordigas la diversajn agadojn de la asocio kaj kontrolas la plej gravajn aran\u011dojn, kiujn \u011di ofte iniciatas mem. \u011ci subtenas membrojn, kiuj aktivas en la Esperanto-mondo. La estraranoj estas elektitaj por periodo de tri jaroj en jarkunveno de membroj.La estraro nuntempe konsistas el &hellip; <a href=\"https:\/\/esperanto-nederland.nl\/index.php\/eo\/estraro\/\" class=\"more-link\">Verder lezen <span class=\"screen-reader-text\">Estraro<\/span><\/a><\/p>\n","protected":false},"author":7,"featured_media":0,"parent":0,"menu_order":0,"comment_status":"closed","ping_status":"closed","template":"","meta":{"footnotes":""},"class_list":["post-333","page","type-page","status-publish","hentry","without-featured-image"],"_links":{"self":[{"href":"https:\/\/esperanto-nederland.nl\/index.php\/wp-json\/wp\/v2\/pages\/333","targetHints":{"allow":["GET"]}}],"collection":[{"href":"https:\/\/esperanto-nederland.nl\/index.php\/wp-json\/wp\/v2\/pages"}],"about":[{"href":"https:\/\/esperanto-nederland.nl\/index.php\/wp-json\/wp\/v2\/types\/page"}],"author":[{"embeddable":true,"href":"https:\/\/esperanto-nederland.nl\/index.php\/wp-json\/wp\/v2\/users\/7"}],"replies":[{"embeddable":true,"href":"https:\/\/esperanto-nederland.nl\/index.php\/wp-json\/wp\/v2\/comments?post=333"}],"version-history":[{"count":41,"href":"https:\/\/esperanto-nederland.nl\/index.php\/wp-json\/wp\/v2\/pages\/333\/revisions"}],"predecessor-version":[{"id":12305,"href":"https:\/\/esperanto-nederland.nl\/index.php\/wp-json\/wp\/v2\/pages\/333\/revisions\/12305"}],"wp:attachment":[{"href":"https:\/\/esperanto-nederland.nl\/index.php\/wp-json\/wp\/v2\/media?parent=333"}],"curies":[{"name":"wp","href":"https:\/\/api.w.org\/{rel}","templated":true}]}}

<p>La estraro de la asocio estas la motoro de la organizo. Ĝi kunordigas la diversajn agadojn de la asocio kaj kontrolas la plej gravajn aranĝojn, kiujn ĝi ofte iniciatas mem. Ĝi subtenas membrojn, kiuj aktivas en la Esperanto-mondo. <br>La estraranoj estas elektitaj por periodo de tri jaroj en jarkunveno de membroj.<br>La estraro nuntempe konsistas el kvin membroj.</p>



<div class="wp-block-columns is-layout-flex wp-container-core-columns-is-layout-9d6595d7 wp-block-columns-is-layout-flex">
<div class="wp-block-column is-layout-flow wp-block-column-is-layout-flow">
<figure class="wp-block-image size-full"><img loading="lazy" decoding="async" width="419" height="419" src="https://esperanto-nederland.nl/wp-content/uploads/2024/07/marc-edited.png" alt="" class="wp-image-4609" style="object-fit:cover" srcset="https://esperanto-nederland.nl/wp-content/uploads/2024/07/marc-edited.png 419w, https://esperanto-nederland.nl/wp-content/uploads/2024/07/marc-edited-300x300.png 300w, https://esperanto-nederland.nl/wp-content/uploads/2024/07/marc-edited-150x150.png 150w, https://esperanto-nederland.nl/wp-content/uploads/2024/07/marc-edited-90x90.png 90w, https://esperanto-nederland.nl/wp-content/uploads/2024/07/marc-edited-380x380.png 380w" sizes="auto, (max-width: 419px) 100vw, 419px" /></figure>
</div>



<div class="wp-block-column is-layout-flow wp-block-column-is-layout-flow">
<h4 class="wp-block-heading has-text-align-left">Marc van Oostendorp &#8211; prezidanto</h4>



<p>Marc estas la prezidanto de la asocio kaj kiel tia respondecas interalie pri komunikado kun amaskomunikiloj. En ĉiutaga vivo li estas profesoro pri lingvistiko kaj aliĝis al Radboud Universitato kaj la Meertens Instituto.</p>



<p><a href="https://esperanto-nederland.nl/index.php/kontakti-prezidanton/" type="link" id="https://esperanto-nederland.nl/index.php/kontakti-prezidanton/" target="_blank" rel="noreferrer noopener">Kontakti Marc van Oostendorp</a></p>
</div>



<div class="wp-block-column is-layout-flow wp-block-column-is-layout-flow">
<figure class="wp-block-image size-full"><img loading="lazy" decoding="async" width="436" height="436" src="https://esperanto-nederland.nl/wp-content/uploads/2024/07/20240412anho1835180_sel-Rob-Groeneveld-edited.jpg" alt="" class="wp-image-4611" style="object-fit:cover" srcset="https://esperanto-nederland.nl/wp-content/uploads/2024/07/20240412anho1835180_sel-Rob-Groeneveld-edited.jpg 436w, https://esperanto-nederland.nl/wp-content/uploads/2024/07/20240412anho1835180_sel-Rob-Groeneveld-edited-300x300.jpg 300w, https://esperanto-nederland.nl/wp-content/uploads/2024/07/20240412anho1835180_sel-Rob-Groeneveld-edited-150x150.jpg 150w, https://esperanto-nederland.nl/wp-content/uploads/2024/07/20240412anho1835180_sel-Rob-Groeneveld-edited-90x90.jpg 90w, https://esperanto-nederland.nl/wp-content/uploads/2024/07/20240412anho1835180_sel-Rob-Groeneveld-edited-380x380.jpg 380w" sizes="auto, (max-width: 436px) 100vw, 436px" /></figure>
</div>



<div class="wp-block-column is-layout-flow wp-block-column-is-layout-flow">
<h4 class="wp-block-heading has-text-align-left">Rob Groeneveld &#8211; sekretario</h4>



<p>Rob estas la sekretario de la asocio. Li tenas ĉiajn kontaktojn kaj respondas demandojn pri la asocio.  </p>



<p><a href="https://esperanto-nederland.nl/index.php/kontakti-sekretarion/" type="link" id="https://esperanto-nederland.nl/index.php/kontakti-sekretarion/" target="_blank" rel="noreferrer noopener">Kontakti Rob Groeneveld</a></p>
</div>
</div>



<p><br><br></p>



<div class="wp-block-columns is-layout-flex wp-container-core-columns-is-layout-9d6595d7 wp-block-columns-is-layout-flex">
<div class="wp-block-column is-layout-flow wp-block-column-is-layout-flow">
<figure class="wp-block-image size-full"><img loading="lazy" decoding="async" width="300" height="300" src="https://esperanto-nederland.nl/wp-content/uploads/2025/05/foto-Kees-Neeft-300x300p.jpg" alt="" class="wp-image-10546" srcset="https://esperanto-nederland.nl/wp-content/uploads/2025/05/foto-Kees-Neeft-300x300p.jpg 300w, https://esperanto-nederland.nl/wp-content/uploads/2025/05/foto-Kees-Neeft-300x300p-90x90.jpg 90w" sizes="auto, (max-width: 300px) 100vw, 300px" /></figure>
</div>



<div class="wp-block-column is-layout-flow wp-block-column-is-layout-flow">
<h4 class="wp-block-heading">Kees Neeft &#8211; kasisto<span style="font-size: medium; font-weight: 400; white-space-collapse: collapse;"></span></h4>



<p>Kiel kasisto Kees atentas la financojn de la asocio. Antaŭe li laboris en salajra administrado kaj kiel librotenisto.</p>



<p><a href="https://esperanto-nederland.nl/index.php/kontakti-kasiston/" type="link" id="https://esperanto-nederland.nl/index.php/kontakti-kasiston/" target="_blank" rel="noreferrer noopener">Kontakti Kees Neeft</a></p>
</div>



<div class="wp-block-column is-layout-flow wp-block-column-is-layout-flow">
<figure class="wp-block-image size-full"><img loading="lazy" decoding="async" width="616" height="616" src="https://esperanto-nederland.nl/wp-content/uploads/2025/02/image.png" alt="" class="wp-image-9650" style="object-fit:cover" srcset="https://esperanto-nederland.nl/wp-content/uploads/2025/02/image.png 616w, https://esperanto-nederland.nl/wp-content/uploads/2025/02/image-300x300.png 300w, https://esperanto-nederland.nl/wp-content/uploads/2025/02/image-90x90.png 90w, https://esperanto-nederland.nl/wp-content/uploads/2025/02/image-380x380.png 380w" sizes="auto, (max-width: 616px) 100vw, 616px" /></figure>
</div>



<div class="wp-block-column is-layout-flow wp-block-column-is-layout-flow">
<h4 class="wp-block-heading has-text-align-left">Ineke Emmelkamp &#8211; estrarano</h4>



<p>Ineke estas la estrarano pri informado. Ŝi havas stokon de informaj broŝuroj, kiuj estas uzataj en standoj. Krome ŝi estas unu el la homoj, kiuj organizas la studosemajnfinojn.</p>



<p><a href="https://esperanto-nederland.nl/index.php/kontakti-estraranon-pri-informado/" type="link" id="https://esperanto-nederland.nl/index.php/kontakti-estraranon-pri-informado/" target="_blank" rel="noreferrer noopener">Kontakti Ineke Emmekamp</a></p>
</div>
</div>



<p><br><br></p>



<div class="wp-block-columns is-layout-flex wp-container-core-columns-is-layout-9d6595d7 wp-block-columns-is-layout-flex">
<div class="wp-block-column is-layout-flow wp-block-column-is-layout-flow">
<figure class="wp-block-image size-full"><img loading="lazy" decoding="async" width="300" height="300" src="https://esperanto-nederland.nl/wp-content/uploads/2025/02/Peter-300x300-2.png" alt="" class="wp-image-9633" style="object-fit:cover" title="" srcset="https://esperanto-nederland.nl/wp-content/uploads/2025/02/Peter-300x300-2.png 300w, https://esperanto-nederland.nl/wp-content/uploads/2025/02/Peter-300x300-2-90x90.png 90w" sizes="auto, (max-width: 300px) 100vw, 300px" /></figure>
</div>



<div class="wp-block-column is-layout-flow wp-block-column-is-layout-flow">
<h4 class="wp-block-heading">Peter van Noorden – estrarano</h4>



<p>Peter estas estrarano kaj kontribuas al ĉiaj projektoj. Li okupiĝas  pri la juraj tekstoj necesaj por asocio.</p>



<p><a href="https://esperanto-nederland.nl/index.php/kontakti-generalan-estraranon/" type="link" id="https://esperanto-nederland.nl/index.php/kontakti-generalan-estraranon/" target="_blank" rel="noreferrer noopener">Kontakti Peter van Noorden</a></p>
</div>



<div class="wp-block-column is-layout-flow wp-block-column-is-layout-flow"></div>



<div class="wp-block-column is-layout-flow wp-block-column-is-layout-flow">
<p><br></p>
</div>
</div>

<p>La estraro de la asocio estas la motoro de la organizo. Ĝi kunordigas la diversajn agadojn de la asocio kaj kontrolas la plej gravajn aranĝojn, kiujn ĝi ofte iniciatas mem. Ĝi subtenas membrojn, kiuj aktivas en la Esperanto-mondo. La estraranoj estas elektitaj por periodo de tri jaroj en jarkunveno de membroj.La estraro nuntempe konsistas el &hellip; <a href="https://esperanto-nederland.nl/index.php/eo/estraro/" class="more-link">Verder lezen <span class="screen-reader-text">Estraro</span></a></p>
