{"id":5230,"date":"2024-08-04T20:08:11","date_gmt":"2024-08-04T18:08:11","guid":{"rendered":"https:\/\/esperanto-nederland.nl\/?page_id=5230"},"modified":"2024-12-25T21:36:21","modified_gmt":"2024-12-25T20:36:21","slug":"rijke-geschiedenis","status":"publish","type":"page","link":"https:\/\/esperanto-nederland.nl\/index.php\/rijke-geschiedenis\/","title":{"rendered":"Rijke geschiedenis"},"content":{"rendered":"\n<div class=\"wp-block-columns is-layout-flex wp-container-core-columns-is-layout-9d6595d7 wp-block-columns-is-layout-flex\">\n<div class=\"wp-block-column is-layout-flow wp-block-column-is-layout-flow\" style=\"flex-basis:66.66%\">\n<p>Rob de Nijs zong ooit een liedje in Esperanto en Kees van Kooten en Wim de Bie gaven bij de Teleac een Esperanto cursus. De audioversie en boeken zijn bewaard gebleven. Esperanto heeft een rijke geschiedenis, ook in Nederland. Veel mensen leerden het en er waren een groot aantal clubs. Monumenten en straatnamen getuigen hier nog van. Ook bekende Nederlanders hielden zich bezig met Esperanto.<\/p>\n\n\n\n<h3 class=\"wp-block-heading\">Willem Drees<\/h3>\n\n\n\n<p>Willem Drees, minister president van Nederland van 1948 tot 1958. Hij was erelid van de UEA (Esperanto Organisatie Universala Esperanto-Asocio, de Esperanto Wereldvereniging). In 1954 opende hij in Haarlem in het Krelagehuis het 39e Esperanto Wereldcongres.&nbsp;<\/p>\n\n\n\n<h3 class=\"wp-block-heading\">Titus Brandsma<\/h3>\n\n\n\n<p>Een andere bekende Nederlander is Titus Brandsma. Titus Brandsma (23 februari 1881 \u2013 Dachau, 26 juli 1942), geboren als Anno Sjoerd Brandsma in Oegeklooster nabij Bolsward, werd door Paus Johannes op 15 mei 2022 door Paus Franciscus heilig verklaard. Als Esperanto-spreker was hij lid van IKUE, de Internationale Unie van Katholieke Esperantisten. Deze organisatie heeft hem naast Maria en Maximilian Maria Kolbe als patrooonheilige benoemd.<\/p>\n<\/div>\n\n\n\n<div class=\"wp-block-column is-layout-flow wp-block-column-is-layout-flow\" style=\"flex-basis:33.33%\">\n<figure class=\"wp-block-image size-large is-resized\"><img loading=\"lazy\" decoding=\"async\" width=\"779\" height=\"1024\" src=\"https:\/\/esperanto-nederland.nl\/wp-content\/uploads\/2024\/08\/Dr._W._Drees_opent_in_het_Krelagehuis_het_39e_Esperanto_Wereldcongres._NL-HlmNHA_54004198-779x1024.jpeg\" alt=\"\" class=\"wp-image-5275\" style=\"width:500px\" srcset=\"https:\/\/esperanto-nederland.nl\/wp-content\/uploads\/2024\/08\/Dr._W._Drees_opent_in_het_Krelagehuis_het_39e_Esperanto_Wereldcongres._NL-HlmNHA_54004198-779x1024.jpeg 779w, https:\/\/esperanto-nederland.nl\/wp-content\/uploads\/2024\/08\/Dr._W._Drees_opent_in_het_Krelagehuis_het_39e_Esperanto_Wereldcongres._NL-HlmNHA_54004198-228x300.jpeg 228w, https:\/\/esperanto-nederland.nl\/wp-content\/uploads\/2024\/08\/Dr._W._Drees_opent_in_het_Krelagehuis_het_39e_Esperanto_Wereldcongres._NL-HlmNHA_54004198-768x1010.jpeg 768w, https:\/\/esperanto-nederland.nl\/wp-content\/uploads\/2024\/08\/Dr._W._Drees_opent_in_het_Krelagehuis_het_39e_Esperanto_Wereldcongres._NL-HlmNHA_54004198-1168x1536.jpeg 1168w, https:\/\/esperanto-nederland.nl\/wp-content\/uploads\/2024\/08\/Dr._W._Drees_opent_in_het_Krelagehuis_het_39e_Esperanto_Wereldcongres._NL-HlmNHA_54004198-1557x2048.jpeg 1557w, https:\/\/esperanto-nederland.nl\/wp-content\/uploads\/2024\/08\/Dr._W._Drees_opent_in_het_Krelagehuis_het_39e_Esperanto_Wereldcongres._NL-HlmNHA_54004198-289x380.jpeg 289w, https:\/\/esperanto-nederland.nl\/wp-content\/uploads\/2024\/08\/Dr._W._Drees_opent_in_het_Krelagehuis_het_39e_Esperanto_Wereldcongres._NL-HlmNHA_54004198-scaled.jpeg 1946w\" sizes=\"auto, (max-width: 779px) 100vw, 779px\" \/><figcaption class=\"wp-element-caption\"><em>Foto: Dr. W. Drees opent in het Krelagehuis het 39e Esperanto Wereldcongres (Wikimedia)<\/em><\/figcaption><\/figure>\n<\/div>\n<\/div>\n\n\n\n<h2 class=\"wp-block-heading\">Van Kooten &amp; De Bie<\/h2>\n\n\n\n<div class=\"wp-block-columns is-layout-flex wp-container-core-columns-is-layout-9d6595d7 wp-block-columns-is-layout-flex\">\n<div class=\"wp-block-column is-layout-flow wp-block-column-is-layout-flow\">\n<p>In 1972 schreven Van Kooten en De Bie een twintigdelige cursus Esperanto voor de TELEAC.<br>Hierin speelden zij de schipbreukelingen Kornelio en Vilhelmo, die, aangespoeld op het eiland Mop, de wereldtaal Esperanto ontwikkelden. De televisie-afleveringen zijn niet bewaard gebleven, maar er bestaat wel een lp-box met vijf lp&#8217;s en een cursusboek.<\/p>\n\n\n\n<p>De cursusboeken kun je hier downloaden.<\/p>\n\n\n\n<ul class=\"wp-block-list\">\n<li><a href=\"https:\/\/esperanto-nederland.nl\/wp-content\/uploads\/2024\/08\/Esperanto-Teleac-1-kl90.pdf\" target=\"_blank\" rel=\"noreferrer noopener\">Cursusboek 1 voor de lessen 1 t\/m 10.<\/a><\/li>\n\n\n\n<li><a href=\"https:\/\/esperanto-nederland.nl\/wp-content\/uploads\/2024\/08\/Esperanto-Teleac-2-kl90.pdf\" target=\"_blank\" rel=\"noreferrer noopener\">Cursusboek 2 voor de lessen 11 t\/m 20.<\/a><\/li>\n<\/ul>\n<\/div>\n\n\n\n<div class=\"wp-block-column is-layout-flow wp-block-column-is-layout-flow\">\n<figure data-wp-context=\"{&quot;imageId&quot;:&quot;69f46e16134de&quot;}\" data-wp-interactive=\"core\/image\" class=\"wp-block-image size-full is-resized wp-lightbox-container\"><img loading=\"lazy\" decoding=\"async\" width=\"512\" height=\"502\" data-wp-class--hide=\"state.isContentHidden\" data-wp-class--show=\"state.isContentVisible\" data-wp-init=\"callbacks.setButtonStyles\" data-wp-on-async--click=\"actions.showLightbox\" data-wp-on-async--load=\"callbacks.setButtonStyles\" data-wp-on-async-window--resize=\"callbacks.setButtonStyles\" src=\"https:\/\/esperanto-nederland.nl\/wp-content\/uploads\/2024\/08\/Teleac-cursus-1.jpg\" alt=\"\" class=\"wp-image-5218\" style=\"width:300px\" srcset=\"https:\/\/esperanto-nederland.nl\/wp-content\/uploads\/2024\/08\/Teleac-cursus-1.jpg 512w, https:\/\/esperanto-nederland.nl\/wp-content\/uploads\/2024\/08\/Teleac-cursus-1-300x294.jpg 300w, https:\/\/esperanto-nederland.nl\/wp-content\/uploads\/2024\/08\/Teleac-cursus-1-388x380.jpg 388w\" sizes=\"auto, (max-width: 512px) 100vw, 512px\" \/><button\n\t\t\tclass=\"lightbox-trigger\"\n\t\t\ttype=\"button\"\n\t\t\taria-haspopup=\"dialog\"\n\t\t\taria-label=\"Vergroten\"\n\t\t\tdata-wp-init=\"callbacks.initTriggerButton\"\n\t\t\tdata-wp-on-async--click=\"actions.showLightbox\"\n\t\t\tdata-wp-style--right=\"state.imageButtonRight\"\n\t\t\tdata-wp-style--top=\"state.imageButtonTop\"\n\t\t>\n\t\t\t<svg xmlns=\"http:\/\/www.w3.org\/2000\/svg\" width=\"12\" height=\"12\" fill=\"none\" viewBox=\"0 0 12 12\">\n\t\t\t\t<path fill=\"#fff\" d=\"M2 0a2 2 0 0 0-2 2v2h1.5V2a.5.5 0 0 1 .5-.5h2V0H2Zm2 10.5H2a.5.5 0 0 1-.5-.5V8H0v2a2 2 0 0 0 2 2h2v-1.5ZM8 12v-1.5h2a.5.5 0 0 0 .5-.5V8H12v2a2 2 0 0 1-2 2H8Zm2-12a2 2 0 0 1 2 2v2h-1.5V2a.5.5 0 0 0-.5-.5H8V0h2Z\" \/>\n\t\t\t<\/svg>\n\t\t<\/button><figcaption class=\"wp-element-caption\"><em>In 1972 schreven Wim van Kooten en Wim de Bie een twintigdelige cursus Esperanto voor de TELEAC.<\/em><\/figcaption><\/figure>\n<\/div>\n\n\n\n<div class=\"wp-block-column is-layout-flow wp-block-column-is-layout-flow\">\n<figure data-wp-context=\"{&quot;imageId&quot;:&quot;69f46e1613728&quot;}\" data-wp-interactive=\"core\/image\" class=\"wp-block-image size-large wp-lightbox-container\"><img decoding=\"async\" data-wp-class--hide=\"state.isContentHidden\" data-wp-class--show=\"state.isContentVisible\" data-wp-init=\"callbacks.setButtonStyles\" data-wp-on-async--click=\"actions.showLightbox\" data-wp-on-async--load=\"callbacks.setButtonStyles\" data-wp-on-async-window--resize=\"callbacks.setButtonStyles\" src=\"https:\/\/esperanto-nederland.nl\/wp-content\/uploads\/2024\/08\/Teleac-cursus-2.jpg\" alt=\"\"\/><button\n\t\t\tclass=\"lightbox-trigger\"\n\t\t\ttype=\"button\"\n\t\t\taria-haspopup=\"dialog\"\n\t\t\taria-label=\"Vergroten\"\n\t\t\tdata-wp-init=\"callbacks.initTriggerButton\"\n\t\t\tdata-wp-on-async--click=\"actions.showLightbox\"\n\t\t\tdata-wp-style--right=\"state.imageButtonRight\"\n\t\t\tdata-wp-style--top=\"state.imageButtonTop\"\n\t\t>\n\t\t\t<svg xmlns=\"http:\/\/www.w3.org\/2000\/svg\" width=\"12\" height=\"12\" fill=\"none\" viewBox=\"0 0 12 12\">\n\t\t\t\t<path fill=\"#fff\" d=\"M2 0a2 2 0 0 0-2 2v2h1.5V2a.5.5 0 0 1 .5-.5h2V0H2Zm2 10.5H2a.5.5 0 0 1-.5-.5V8H0v2a2 2 0 0 0 2 2h2v-1.5ZM8 12v-1.5h2a.5.5 0 0 0 .5-.5V8H12v2a2 2 0 0 1-2 2H8Zm2-12a2 2 0 0 1 2 2v2h-1.5V2a.5.5 0 0 0-.5-.5H8V0h2Z\" \/>\n\t\t\t<\/svg>\n\t\t<\/button><\/figure>\n<\/div>\n<\/div>\n\n\n\n<p>Hieronder kan je de geluidsfragmenten beluisteren <br><\/p>\n\n\n\n<div class=\"wp-block-columns is-layout-flex wp-container-core-columns-is-layout-9d6595d7 wp-block-columns-is-layout-flex\">\n<div class=\"wp-block-column is-layout-flow wp-block-column-is-layout-flow\">\n<div class=\"wp-block-group is-nowrap is-layout-flex wp-container-core-group-is-layout-ad2f72ca wp-block-group-is-layout-flex\">\n<p class=\"wp-container-content-759e20a8\">Les 1 en 2:<\/p>\n\n\n\n<figure class=\"wp-block-audio\"><audio controls src=\"https:\/\/esperanto-nederland.nl\/wp-content\/uploads\/2024\/08\/Van-Kooten-en-De-Bie-Lecionoj-01-k-02.mp3\"><\/audio><\/figure>\n<\/div>\n\n\n\n<div class=\"wp-block-group is-nowrap is-layout-flex wp-container-core-group-is-layout-ad2f72ca wp-block-group-is-layout-flex\">\n<p class=\"wp-container-content-759e20a8\">Les 3 en 4:<\/p>\n\n\n\n<figure class=\"wp-block-audio\"><audio controls src=\"https:\/\/esperanto-nederland.nl\/wp-content\/uploads\/2024\/08\/Van-Kooten-en-De-Bie-Lecionoj-03-k-04.mp3\"><\/audio><\/figure>\n<\/div>\n\n\n\n<div class=\"wp-block-group is-nowrap is-layout-flex wp-container-core-group-is-layout-ad2f72ca wp-block-group-is-layout-flex\">\n<p class=\"wp-container-content-759e20a8\">Les 5 en 6:<\/p>\n\n\n\n<figure class=\"wp-block-audio\"><audio controls src=\"https:\/\/esperanto-nederland.nl\/wp-content\/uploads\/2024\/08\/Van-Kooten-en-De-Bie-Lecionoj-05-k-06.mp3\"><\/audio><\/figure>\n<\/div>\n\n\n\n<div class=\"wp-block-group is-nowrap is-layout-flex wp-container-core-group-is-layout-ad2f72ca wp-block-group-is-layout-flex\">\n<p class=\"wp-container-content-759e20a8\">Les 7 en 8:<\/p>\n\n\n\n<figure class=\"wp-block-audio\"><audio controls src=\"https:\/\/esperanto-nederland.nl\/wp-content\/uploads\/2024\/08\/Van-Kooten-en-De-Bie-Lecionoj-07-k-08.mp3\"><\/audio><\/figure>\n<\/div>\n\n\n\n<div class=\"wp-block-group is-nowrap is-layout-flex wp-container-core-group-is-layout-ad2f72ca wp-block-group-is-layout-flex\">\n<p class=\"wp-container-content-759e20a8\">Les 9 en 10:<\/p>\n\n\n\n<figure class=\"wp-block-audio\"><audio controls src=\"https:\/\/esperanto-nederland.nl\/wp-content\/uploads\/2024\/08\/Van-Kooten-en-De-Bie-Lecionoj-09-k-10.mp3\"><\/audio><\/figure>\n<\/div>\n<\/div>\n\n\n\n<div class=\"wp-block-column is-layout-flow wp-block-column-is-layout-flow\">\n<div class=\"wp-block-group is-nowrap is-layout-flex wp-container-core-group-is-layout-ad2f72ca wp-block-group-is-layout-flex\">\n<p class=\"wp-container-content-66c62f5e\">Les 11 en 12:<\/p>\n\n\n\n<figure class=\"wp-block-audio\"><audio controls src=\"https:\/\/esperanto-nederland.nl\/wp-content\/uploads\/2024\/08\/Van-Kooten-en-De-Bie-Lecionoj-11-k-12.mp3\"><\/audio><\/figure>\n<\/div>\n\n\n\n<div class=\"wp-block-group is-nowrap is-layout-flex wp-container-core-group-is-layout-ad2f72ca wp-block-group-is-layout-flex\">\n<p class=\"wp-container-content-66c62f5e\">Les 13 en 14:<\/p>\n\n\n\n<figure class=\"wp-block-audio\"><audio controls src=\"https:\/\/esperanto-nederland.nl\/wp-content\/uploads\/2024\/08\/Van-Kooten-en-De-Bie-Lecionoj-13-k-14.mp3\"><\/audio><\/figure>\n<\/div>\n\n\n\n<div class=\"wp-block-group is-nowrap is-layout-flex wp-container-core-group-is-layout-ad2f72ca wp-block-group-is-layout-flex\">\n<p class=\"wp-container-content-66c62f5e\">Les 15 en 16:<\/p>\n\n\n\n<figure class=\"wp-block-audio\"><audio controls src=\"https:\/\/esperanto-nederland.nl\/wp-content\/uploads\/2024\/08\/Van-Kooten-en-De-Bie-Lecionoj-15-k-16.mp3\"><\/audio><\/figure>\n<\/div>\n\n\n\n<div class=\"wp-block-group is-nowrap is-layout-flex wp-container-core-group-is-layout-ad2f72ca wp-block-group-is-layout-flex\">\n<p class=\"wp-container-content-66c62f5e\">Les 17 en 18:<\/p>\n\n\n\n<figure class=\"wp-block-audio\"><audio controls src=\"https:\/\/esperanto-nederland.nl\/wp-content\/uploads\/2024\/08\/Van-Kooten-en-De-Bie-Lecionoj-17-k-18.mp3\"><\/audio><\/figure>\n<\/div>\n\n\n\n<div class=\"wp-block-group is-nowrap is-layout-flex wp-container-core-group-is-layout-ad2f72ca wp-block-group-is-layout-flex\">\n<p class=\"wp-container-content-66c62f5e\">Les 19 en 20:<\/p>\n\n\n\n<figure class=\"wp-block-audio\"><audio controls src=\"https:\/\/esperanto-nederland.nl\/wp-content\/uploads\/2024\/08\/Van-Kooten-en-De-Bie-Lecionoj-19-k-20.mp3\"><\/audio><\/figure>\n<\/div>\n<\/div>\n<\/div>\n\n\n\n<p><br> <br> <\/p>\n\n\n\n<h2 class=\"wp-block-heading\">Rob de Nijs<\/h2>\n\n\n\n<figure class=\"wp-block-image size-full is-resized\"><img loading=\"lazy\" decoding=\"async\" width=\"400\" height=\"400\" src=\"https:\/\/esperanto-nederland.nl\/wp-content\/uploads\/2024\/08\/robdenijs.jpeg\" alt=\"\" class=\"wp-image-5229\" style=\"width:400px\" srcset=\"https:\/\/esperanto-nederland.nl\/wp-content\/uploads\/2024\/08\/robdenijs.jpeg 400w, https:\/\/esperanto-nederland.nl\/wp-content\/uploads\/2024\/08\/robdenijs-300x300.jpeg 300w, https:\/\/esperanto-nederland.nl\/wp-content\/uploads\/2024\/08\/robdenijs-150x150.jpeg 150w, https:\/\/esperanto-nederland.nl\/wp-content\/uploads\/2024\/08\/robdenijs-90x90.jpeg 90w, https:\/\/esperanto-nederland.nl\/wp-content\/uploads\/2024\/08\/robdenijs-380x380.jpeg 380w\" sizes=\"auto, (max-width: 400px) 100vw, 400px\" \/><\/figure>\n\n\n\n<p>Rob de Nijs heeft ook eens een lied in het Esperanto gezongen:&nbsp;<em>Unu vo\u0109&#8217; tutmonda<\/em>&nbsp;(Wereldwijd \u00e9\u00e9n stem).<\/p>\n\n\n\n<div class=\"wp-block-columns is-layout-flex wp-container-core-columns-is-layout-9d6595d7 wp-block-columns-is-layout-flex\">\n<div class=\"wp-block-column is-layout-flow wp-block-column-is-layout-flow\">\n<p>Unu vo\u0109&#8217; tutmonda:<\/p>\n<\/div>\n\n\n\n<div class=\"wp-block-column is-layout-flow wp-block-column-is-layout-flow\">\n<figure class=\"wp-block-audio\"><audio controls src=\"https:\/\/esperanto-nederland.nl\/wp-content\/uploads\/2024\/08\/Unu-Voc-Tutmonda.ogg\"><\/audio><\/figure>\n<\/div>\n<\/div>\n\n\n\n<p>Esperantoversie van het lied&nbsp;<em>Wereldwijd \u00e9\u00e9n stem<\/em><br>Paul Field\/Belinda Meuldijk\/Attie Middelkoop<br><\/p>\n\n\n\n<div class=\"wp-block-columns is-layout-flex wp-container-core-columns-is-layout-9d6595d7 wp-block-columns-is-layout-flex\">\n<div class=\"wp-block-column is-layout-flow wp-block-column-is-layout-flow\">\n<p>En silento de l&#8217; vespero<br>nova\u0135oj en seri&#8217;.<br>La bildoj de agreso<br>proksimas anta\u016d mi.<br>Mia fil&#8217; trankvile dormas,<br>sen penso pri malic&#8217;,<br>serenas la feli\u0109&#8217;.<br> <br> <\/p>\n\n\n\n<p>Unu vo\u0109&#8217; tutmonda.<\/p>\n\n\n\n<p>Mi vidas tankojn, bombojn<br>brilantajn en la sun&#8217;<br>kaj pacon kalkulatan<br>en megatun&#8217;.<br>Oriente, okcidente<br>valoras nur la mon&#8217;<br>kaj en ilia sa\u011do<br>la pac&#8217; estas nur son&#8217;.<\/p>\n\n\n\n<p>Unu vo\u0109&#8217; tutmonda.<\/p>\n<\/div>\n\n\n\n<div class=\"wp-block-column is-layout-flow wp-block-column-is-layout-flow\">\n<p>Ne forgeseblas soldatoj<br>kun viza\u011doj sur la ter&#8217;<br>kun okuloj nekredemaj,<br>estis Di&#8217; ja ilia partner&#8217;.<br>Pravigas ni l&#8217; malamon,<br>esprimi\u011das kondolenc&#8217;<br>kaj tro malla\u016dte, tarde,<br>parolas la konscienc&#8217;.<\/p>\n\n\n\n<p>Unu vo\u0109&#8217; tutmonda.<\/p>\n\n\n\n<p>Vespere foje revas<br>mi pri futura tag&#8217;<br>de \u0109ies liberi\u011do<br>el bombminaca plag&#8217;.<br>Mi iras al mia filo<br>kaj jen, en lia viza\u011d&#8217;<br>kviete dormanta, trovi\u011das<br>la de mi sopirata pac&#8217;.<\/p>\n\n\n\n<p>Unu vo\u0109&#8217; tutmonda.<\/p>\n<\/div>\n<\/div>\n\n\n\n<p><br> <br> <br>  <\/p>\n\n\n\n<h2 class=\"wp-block-heading\"><a href=\"https:\/\/anderetijden.nl\/programma\/1\/Andere-Tijden\/aflevering\/414\/Esperanto\" target=\"_blank\" rel=\"noreferrer noopener\">Esperanto in Andere Tijden<\/a><\/h2>\n\n\n\n<p>Het tv-programma Andere Tijden schetst in een documentaire een beeld van Esperanto in Nederland.<\/p>\n\n\n\n<div class=\"wp-block-columns is-layout-flex wp-container-core-columns-is-layout-9d6595d7 wp-block-columns-is-layout-flex\">\n<div class=\"wp-block-column is-layout-flow wp-block-column-is-layout-flow\" style=\"flex-basis:50%\">\n<figure class=\"wp-block-image size-full\"><a href=\"https:\/\/anderetijden.nl\/programma\/1\/Andere-Tijden\/aflevering\/414\/Esperanto\" target=\"_blank\" rel=\"noreferrer noopener\"><img loading=\"lazy\" decoding=\"async\" width=\"1000\" height=\"552\" src=\"https:\/\/esperanto-nederland.nl\/wp-content\/uploads\/2024\/12\/Andere-tijden-1.jpg\" alt=\"\" class=\"wp-image-8520\" srcset=\"https:\/\/esperanto-nederland.nl\/wp-content\/uploads\/2024\/12\/Andere-tijden-1.jpg 1000w, https:\/\/esperanto-nederland.nl\/wp-content\/uploads\/2024\/12\/Andere-tijden-1-300x166.jpg 300w, https:\/\/esperanto-nederland.nl\/wp-content\/uploads\/2024\/12\/Andere-tijden-1-768x424.jpg 768w, https:\/\/esperanto-nederland.nl\/wp-content\/uploads\/2024\/12\/Andere-tijden-1-688x380.jpg 688w\" sizes=\"auto, (max-width: 1000px) 100vw, 1000px\" \/><\/a><\/figure>\n<\/div>\n\n\n\n<div class=\"wp-block-column is-layout-flow wp-block-column-is-layout-flow\" style=\"flex-basis:50%\">\n<p>\u201cEen film over hoe het idealisme van Zamenhof wint in de periode na de Eerste Wereldoorlog aan kracht. Met het optimisme over de mogelijkheden van de techniek groeit ook het optimisme over de maakbaarheid van de samenleving. Esperanto zou een van de mogelijkheden zijn om vrede tussen de volkeren te bewerkstelligen. Het aantal Esperanto-sprekenden neemt toe, evenals het aantal publicaties: niet alleen worden bestaande werken in het Esperanto vertaald, ook komt er oorspronkelijke Esperanto literatuur. Met de komst van de Volkenbond in 1919 is er bovendien behoefte aan een internationale diplomatieke taal. Het plan Esperanto tot voertaal te maken stuit echter op verzet van de Fransen die het Frans, destijds de diplomatieke voertaal, willen handhaven.<\/p>\n\n\n\n<p>Het plan gaat niet door, maar als doekje voor het bloeden wordt de taal als telegrafietaal erkend. Ook in Nederland wordt in de jaren dertig (tevergeefs) gesproken over Esperanto als tweede taal in het onderwijs.\u201d<\/p>\n\n\n\n<p><a href=\"https:\/\/anderetijden.nl\/programma\/1\/Andere-Tijden\/aflevering\/414\/Esperanto\" target=\"_blank\" rel=\"noreferrer noopener\">Documentaire bekijken&#8230;<\/a><\/p>\n<\/div>\n<\/div>\n\n\n\n<p> <br> <\/p>\n\n\n\n<h2 class=\"wp-block-heading\"><a href=\"https:\/\/esperanto-nederland.nl\/index.php\/esperantomonument-in-den-burg-texel\/\" data-type=\"page\" data-id=\"1310\">Monumenten<\/a><\/h2>\n\n\n\n<p>De monumenten en de straat- en verkeerspleinen die een Esperanto-naam dragen, getuigen nog van de rijke geschiedenis. In Nederland staan er op diverse plekken ook standbeelden: in Bergen op Zoom, in Den Burg (Texel), Utrecht, Zwolle en in Leeuwarden en op Vlieland. Zie <a href=\"https:\/\/nl.wikipedia.org\/wiki\/Esperantomonumenten_in_Nederland\">Wikipedia<\/a>.<\/p>\n\n\n\n<div class=\"wp-block-columns is-layout-flex wp-container-core-columns-is-layout-9d6595d7 wp-block-columns-is-layout-flex\">\n<div class=\"wp-block-column is-layout-flow wp-block-column-is-layout-flow\" style=\"flex-basis:33.33%\">\n<figure data-wp-context=\"{&quot;imageId&quot;:&quot;69f46e16150da&quot;}\" data-wp-interactive=\"core\/image\" class=\"wp-block-image size-large wp-lightbox-container\"><img loading=\"lazy\" decoding=\"async\" width=\"707\" height=\"1024\" data-wp-class--hide=\"state.isContentHidden\" data-wp-class--show=\"state.isContentVisible\" data-wp-init=\"callbacks.setButtonStyles\" data-wp-on-async--click=\"actions.showLightbox\" data-wp-on-async--load=\"callbacks.setButtonStyles\" data-wp-on-async-window--resize=\"callbacks.setButtonStyles\" src=\"https:\/\/esperanto-nederland.nl\/wp-content\/uploads\/2024\/10\/afbeelding_2024-10-05_144804711-707x1024.png\" alt=\"\" class=\"wp-image-6673\" srcset=\"https:\/\/esperanto-nederland.nl\/wp-content\/uploads\/2024\/10\/afbeelding_2024-10-05_144804711-707x1024.png 707w, https:\/\/esperanto-nederland.nl\/wp-content\/uploads\/2024\/10\/afbeelding_2024-10-05_144804711-207x300.png 207w, https:\/\/esperanto-nederland.nl\/wp-content\/uploads\/2024\/10\/afbeelding_2024-10-05_144804711-768x1112.png 768w, https:\/\/esperanto-nederland.nl\/wp-content\/uploads\/2024\/10\/afbeelding_2024-10-05_144804711-263x380.png 263w, https:\/\/esperanto-nederland.nl\/wp-content\/uploads\/2024\/10\/afbeelding_2024-10-05_144804711.png 800w\" sizes=\"auto, (max-width: 707px) 100vw, 707px\" \/><button\n\t\t\tclass=\"lightbox-trigger\"\n\t\t\ttype=\"button\"\n\t\t\taria-haspopup=\"dialog\"\n\t\t\taria-label=\"Vergroten\"\n\t\t\tdata-wp-init=\"callbacks.initTriggerButton\"\n\t\t\tdata-wp-on-async--click=\"actions.showLightbox\"\n\t\t\tdata-wp-style--right=\"state.imageButtonRight\"\n\t\t\tdata-wp-style--top=\"state.imageButtonTop\"\n\t\t>\n\t\t\t<svg xmlns=\"http:\/\/www.w3.org\/2000\/svg\" width=\"12\" height=\"12\" fill=\"none\" viewBox=\"0 0 12 12\">\n\t\t\t\t<path fill=\"#fff\" d=\"M2 0a2 2 0 0 0-2 2v2h1.5V2a.5.5 0 0 1 .5-.5h2V0H2Zm2 10.5H2a.5.5 0 0 1-.5-.5V8H0v2a2 2 0 0 0 2 2h2v-1.5ZM8 12v-1.5h2a.5.5 0 0 0 .5-.5V8H12v2a2 2 0 0 1-2 2H8Zm2-12a2 2 0 0 1 2 2v2h-1.5V2a.5.5 0 0 0-.5-.5H8V0h2Z\" \/>\n\t\t\t<\/svg>\n\t\t<\/button><\/figure>\n<\/div>\n\n\n\n<div class=\"wp-block-column is-layout-flow wp-block-column-is-layout-flow\" style=\"flex-basis:66.66%\">\n<h3 class=\"wp-block-heading\">Zamenhof-monument in Bergen op Zoom<\/h3>\n\n\n\n<p>Aan het Bolwerk in Bergen op Zoom staat het oudste Esperanto-monument van Nederland. Het beeld werd onthuld in 1933, in aanwezigheid van Lidia Zamenhof, de dochter van Lejzer Zamenhof.Het monument is een ontwerp van Mario Santuz.<\/p>\n\n\n\n<p>Meer informatie over dit monument vindt je op de site &#8220;<a href=\"https:\/\/standbeelden.vanderkrogt.net\/object.php?record=NB06ae\">Mens &amp; Dier in Steen &amp; Brons<\/a>&#8221; kaj en <a href=\"https:\/\/nl.wikipedia.org\/wiki\/Esperantomonumenten_in_Nederland\">Wikipedi<\/a>a.<\/p>\n\n\n\n<p><\/p>\n\n\n\n<p><\/p>\n\n\n\n<p><\/p>\n\n\n\n<p><\/p>\n\n\n\n<p><\/p>\n<\/div>\n<\/div>\n\n\n\n<p><\/p>\n\n\n\n<div class=\"wp-block-columns is-layout-flex wp-container-core-columns-is-layout-9d6595d7 wp-block-columns-is-layout-flex\">\n<div class=\"wp-block-column is-layout-flow wp-block-column-is-layout-flow\" style=\"flex-basis:50%\">\n<figure class=\"wp-block-image size-large\"><a href=\"https:\/\/esperanto-nederland.nl\/index.php\/esperantomonument-in-den-burg-texel\/\"><img loading=\"lazy\" decoding=\"async\" width=\"1032\" height=\"774\" src=\"https:\/\/esperanto-nederland.nl\/wp-content\/uploads\/2024\/07\/Esperantomonument-in-Den-Burg-edited.jpg\" alt=\"\" class=\"wp-image-4696\" style=\"aspect-ratio:1.3298701298701299;object-fit:cover\" srcset=\"https:\/\/esperanto-nederland.nl\/wp-content\/uploads\/2024\/07\/Esperantomonument-in-Den-Burg-edited.jpg 1032w, https:\/\/esperanto-nederland.nl\/wp-content\/uploads\/2024\/07\/Esperantomonument-in-Den-Burg-edited-300x225.jpg 300w, https:\/\/esperanto-nederland.nl\/wp-content\/uploads\/2024\/07\/Esperantomonument-in-Den-Burg-edited-1024x768.jpg 1024w, https:\/\/esperanto-nederland.nl\/wp-content\/uploads\/2024\/07\/Esperantomonument-in-Den-Burg-edited-768x576.jpg 768w, https:\/\/esperanto-nederland.nl\/wp-content\/uploads\/2024\/07\/Esperantomonument-in-Den-Burg-edited-507x380.jpg 507w\" sizes=\"auto, (max-width: 1032px) 100vw, 1032px\" \/><\/a><\/figure>\n<\/div>\n\n\n\n<div class=\"wp-block-column is-layout-flow wp-block-column-is-layout-flow\" style=\"flex-basis:50%\">\n<h3 class=\"wp-block-heading\">Esperanto-monument op Texel<\/h3>\n\n\n\n<p>In Den Burg op Texel staat een Esperantomonument. Het is een bakstenen zuil met daarop een een wereldbol met vijf ringen en een ster als windwijzer, als symbool dat de Esperantoster de hele wereld verlicht. Aan vier zijden staat aan de top het woord Esperanto.<\/p>\n\n\n\n<p><a href=\"https:\/\/esperanto-nederland.nl\/index.php\/esperantomonument-in-den-burg-texel\/\" data-type=\"page\" data-id=\"1310\">Esperanto-monument in Den Burg (Texel)&#8230;<\/a><\/p>\n<\/div>\n<\/div>\n\n\n\n<p><\/p>\n","protected":false},"excerpt":{"rendered":"<p>Rob de Nijs zong ooit een liedje in Esperanto en Kees van Kooten en Wim de Bie gaven bij de Teleac een Esperanto cursus. De audioversie en boeken zijn bewaard gebleven. Esperanto heeft een rijke geschiedenis, ook in Nederland. Veel mensen leerden het en er waren een groot aantal clubs. Monumenten en straatnamen getuigen hier &hellip; <a href=\"https:\/\/esperanto-nederland.nl\/index.php\/rijke-geschiedenis\/\" class=\"more-link\">Verder lezen <span class=\"screen-reader-text\">Rijke geschiedenis<\/span><\/a><\/p>\n","protected":false},"author":2,"featured_media":0,"parent":0,"menu_order":0,"comment_status":"closed","ping_status":"closed","template":"","meta":{"footnotes":""},"class_list":["post-5230","page","type-page","status-publish","hentry","without-featured-image"],"_links":{"self":[{"href":"https:\/\/esperanto-nederland.nl\/index.php\/wp-json\/wp\/v2\/pages\/5230","targetHints":{"allow":["GET"]}}],"collection":[{"href":"https:\/\/esperanto-nederland.nl\/index.php\/wp-json\/wp\/v2\/pages"}],"about":[{"href":"https:\/\/esperanto-nederland.nl\/index.php\/wp-json\/wp\/v2\/types\/page"}],"author":[{"embeddable":true,"href":"https:\/\/esperanto-nederland.nl\/index.php\/wp-json\/wp\/v2\/users\/2"}],"replies":[{"embeddable":true,"href":"https:\/\/esperanto-nederland.nl\/index.php\/wp-json\/wp\/v2\/comments?post=5230"}],"version-history":[{"count":64,"href":"https:\/\/esperanto-nederland.nl\/index.php\/wp-json\/wp\/v2\/pages\/5230\/revisions"}],"predecessor-version":[{"id":8530,"href":"https:\/\/esperanto-nederland.nl\/index.php\/wp-json\/wp\/v2\/pages\/5230\/revisions\/8530"}],"wp:attachment":[{"href":"https:\/\/esperanto-nederland.nl\/index.php\/wp-json\/wp\/v2\/media?parent=5230"}],"curies":[{"name":"wp","href":"https:\/\/api.w.org\/{rel}","templated":true}]}}