{"id":6744,"date":"2024-10-08T12:01:06","date_gmt":"2024-10-08T10:01:06","guid":{"rendered":"https:\/\/esperanto-nederland.nl\/?page_id=6744"},"modified":"2026-04-13T20:29:58","modified_gmt":"2026-04-13T18:29:58","slug":"esperanto-organizoj","status":"publish","type":"page","link":"https:\/\/esperanto-nederland.nl\/index.php\/eo\/esperanto-organizoj\/","title":{"rendered":"Esperanto-organizoj"},"content":{"rendered":"\n<figure data-wp-context=\"{&quot;imageId&quot;:&quot;69f1d28ae9990&quot;}\" data-wp-interactive=\"core\/image\" class=\"wp-block-image size-large is-resized wp-lightbox-container\"><img loading=\"lazy\" decoding=\"async\" width=\"1024\" height=\"676\" data-wp-class--hide=\"state.isContentHidden\" data-wp-class--show=\"state.isContentVisible\" data-wp-init=\"callbacks.setButtonStyles\" data-wp-on-async--click=\"actions.showLightbox\" data-wp-on-async--load=\"callbacks.setButtonStyles\" data-wp-on-async-window--resize=\"callbacks.setButtonStyles\" src=\"https:\/\/esperanto-nederland.nl\/wp-content\/uploads\/2024\/07\/20240512fkho1234430_-1200p-sel-helpantoj-de-Europa-Kongreso-2024-1024x676.jpg\" alt=\"\" class=\"wp-image-4495\" style=\"width:500px\" srcset=\"https:\/\/esperanto-nederland.nl\/wp-content\/uploads\/2024\/07\/20240512fkho1234430_-1200p-sel-helpantoj-de-Europa-Kongreso-2024-1024x676.jpg 1024w, https:\/\/esperanto-nederland.nl\/wp-content\/uploads\/2024\/07\/20240512fkho1234430_-1200p-sel-helpantoj-de-Europa-Kongreso-2024-300x198.jpg 300w, https:\/\/esperanto-nederland.nl\/wp-content\/uploads\/2024\/07\/20240512fkho1234430_-1200p-sel-helpantoj-de-Europa-Kongreso-2024-768x507.jpg 768w, https:\/\/esperanto-nederland.nl\/wp-content\/uploads\/2024\/07\/20240512fkho1234430_-1200p-sel-helpantoj-de-Europa-Kongreso-2024-576x380.jpg 576w, https:\/\/esperanto-nederland.nl\/wp-content\/uploads\/2024\/07\/20240512fkho1234430_-1200p-sel-helpantoj-de-Europa-Kongreso-2024.jpg 1200w\" sizes=\"auto, (max-width: 1024px) 100vw, 1024px\" \/><button\n\t\t\tclass=\"lightbox-trigger\"\n\t\t\ttype=\"button\"\n\t\t\taria-haspopup=\"dialog\"\n\t\t\taria-label=\"Vergroten\"\n\t\t\tdata-wp-init=\"callbacks.initTriggerButton\"\n\t\t\tdata-wp-on-async--click=\"actions.showLightbox\"\n\t\t\tdata-wp-style--right=\"state.imageButtonRight\"\n\t\t\tdata-wp-style--top=\"state.imageButtonTop\"\n\t\t>\n\t\t\t<svg xmlns=\"http:\/\/www.w3.org\/2000\/svg\" width=\"12\" height=\"12\" fill=\"none\" viewBox=\"0 0 12 12\">\n\t\t\t\t<path fill=\"#fff\" d=\"M2 0a2 2 0 0 0-2 2v2h1.5V2a.5.5 0 0 1 .5-.5h2V0H2Zm2 10.5H2a.5.5 0 0 1-.5-.5V8H0v2a2 2 0 0 0 2 2h2v-1.5ZM8 12v-1.5h2a.5.5 0 0 0 .5-.5V8H12v2a2 2 0 0 1-2 2H8Zm2-12a2 2 0 0 1 2 2v2h-1.5V2a.5.5 0 0 0-.5-.5H8V0h2Z\" \/>\n\t\t\t<\/svg>\n\t\t<\/button><figcaption class=\"wp-element-caption\"><em>E\u016dropa Kongreso 2024 en Strasburgo. En la Esperanto-organizoj<br>multaj volontuloj aktivas.<\/em><\/figcaption><\/figure>\n\n\n\n<p>La esperantistaj organizoj kunigas la esperantistojn. Kelkaj okupi\u011das pri la disvastigo de Esperanto, kiel UEA kaj la landaj organizoj. Aliaj estis fonditaj por plibonigi la uzadon de la lingvo, kiel ILEI kaj NGGE, kaj ankora\u016d aliaj uzas la lingvon Esperanto por ke homoj kun la sama kultura a\u016d religia origino el la tuta mondo povu renkonti unu la alian. \u0108iuj tiuj organizoj estas parto de la Esperanto-kulturo kaj kontribuas al la konservado kaj plua disvastigo de la Esperanto-lingvo. La organizoj organizas eventojn, eldonas materialojn kaj donas subtenon al Esperanto-parolantoj tra la mondo. En \u0109i tiu pa\u011do ni mencias nur kelkajn el ili.<\/p>\n\n\n\n<h3 class=\"wp-block-heading\">Universala Esperanto-Asocio (UEA)<\/h3>\n\n\n\n<p>Unu el la plej gravaj Esperanto-organizoj ekzistantaj estas <a href=\"https:\/\/uea.org\" target=\"_blank\" rel=\"noreferrer noopener\">Universala Esperanto-Asocio (UEA)<\/a>, kiu estis fondita en 1908 de <a href=\"https:\/\/nl.wikipedia.org\/wiki\/Hector_Hodler\">Hector Hodler<\/a> kaj aliaj. La \u0109efsidejo situas en Roterdamo, \u0109e Nieuwe Binnenweg 176.<\/p>\n\n\n\n<p>\u0108iujare UEA organizas la <a href=\"https:\/\/nl.wikipedia.org\/wiki\/Esperanto-Wereldcongres\" target=\"_blank\" rel=\"noreferrer noopener\">Universalan Kongreson de Esperanto, UK<\/a>, kiu altiras avera\u011de dumil esperantistojn el 50 landoj. Dum tiu \u0109i kongreso okazos prelegoj, muzikkoncertoj kaj aliaj kulturaj prezentadoj. En 2025 la kongreso okazis en Brno &#8211; \u0108e\u0125io kaj <a href=\"https:\/\/uk.esperanto.net\/2026\/unuabulteno\" target=\"_blank\" rel=\"noreferrer noopener\">en 2026 la kongreso okazos en Graz &#8211; A\u016dstrio<\/a>.<\/p>\n\n\n\n<h3 class=\"wp-block-heading\">Nederlanda Esperanto-Junularo (NEJ)<\/h3>\n\n\n\n<figure class=\"wp-block-image size-full is-resized\"><img loading=\"lazy\" decoding=\"async\" width=\"128\" height=\"128\" src=\"https:\/\/esperanto-nederland.nl\/wp-content\/uploads\/2025\/04\/Logo-NEJ.jpg\" alt=\"\" class=\"wp-image-10426\" style=\"width:200px\" srcset=\"https:\/\/esperanto-nederland.nl\/wp-content\/uploads\/2025\/04\/Logo-NEJ.jpg 128w, https:\/\/esperanto-nederland.nl\/wp-content\/uploads\/2025\/04\/Logo-NEJ-90x90.jpg 90w\" sizes=\"auto, (max-width: 128px) 100vw, 128px\" \/><\/figure>\n\n\n\n<p>Nederlanda Esperanto-Junularo (NEJ) estas la nederlanda asocio por kaj de junuloj kaj junaj plenkreskuloj kiuj interesi\u011das pri Esperanto.<\/p>\n\n\n\n<p>NEJ signifas Nederlanda Esperanto-Junularo kaj estis fondita en 1965. Kiel NEJ, ili regule organizas eventojn rilate al Esperanto en Nederlando. Ili faras tion por junaj nederlandanoj, kiuj interesi\u011das pri Esperanto kaj anka\u016d por junaj Esperanto-parolantoj kiuj volas konati\u011di kun Nederlando.<\/p>\n\n\n\n<p>Unu el la plej amuzaj aferoj, kiujn oni povas fari per Esperanto, estas uzi la lingvon kun eksterlandaj homoj. Tiel oni spertas ke Esperanto vere funkcias. Tial ili ofte kunlaboras kun Esperanto-parolantoj el Germanio, Belgio, Francio kaj multaj aliaj landoj. Krome, nederlandaj Esperanto-parolantoj ofte vizitas eksterlandajn eventojn\u2014dum la vintro en Germanio a\u016d Pollando, printempe en Belgio a\u016d Italio, kaj somere ekzistas multaj Esperanto-festivaloj en interalie Hungario kaj Slovakio. A\u016dtune NEJ havas la honoron organizi internacian kunvenon en Nederlando kun sia a\u016dtuna semajnfina evento <a href=\"https:\/\/kkps.esperantojongeren.nl\/\" data-type=\"link\" data-id=\"https:\/\/kkps.esperantojongeren.nl\/\" target=\"_blank\" rel=\"noreferrer noopener\">KKPS (Kla\u0109-Kunveno Post-Somera)<\/a>.<\/p>\n\n\n\n<p>Tutmonde la diversaj landaj Esperanto-junularaj asocioj estas unui\u011dintaj en la Tutmonda Esperanta Junulara Organizo (TEJO). TEJO \u0109iujare organizas la Internacian Junularan Kongreson (IJK), kiu okazas \u0109iujare en malsama lando a\u016d e\u0109 kontinento.<\/p>\n\n\n\n<figure class=\"wp-block-image size-full is-resized\"><a href=\"http:\/\/kkps.esperanto-jongeren.nl\/\" target=\"_blank\" rel=\" noreferrer noopener\"><img loading=\"lazy\" decoding=\"async\" width=\"188\" height=\"268\" src=\"https:\/\/esperanto-nederland.nl\/wp-content\/uploads\/2025\/04\/Logo-KKPS.jpg\" alt=\"\" class=\"wp-image-10437\" style=\"width:200px\"\/><\/a><figcaption class=\"wp-element-caption\"><a href=\"https:\/\/kkps.esperantojongeren.nl\/\" data-type=\"link\" data-id=\"https:\/\/kkps.esperantojongeren.nl\/\" target=\"_blank\" rel=\"noreferrer noopener\">Kla\u0109-Kunveno Post-Somera<\/a><\/figcaption><\/figure>\n\n\n\n<p>NEJ oferas diversajn eblojn por lerni Esperanton. Krome, NEJ-membroj ricevas rabatojn por eventoj organizitaj de NEJ kaj Esperanto Nederland. <\/p>\n\n\n\n<p>\u0108u vi volas fari\u011di membro de NEJ? Tiam plenigu la ali\u011dformularon. Se vi unue volas ekscii pli pri Esperanto a\u016d havas demandojn por NEJ, sentu vin libera kontakti ilin.<\/p>\n\n\n\n<h4 class=\"wp-block-heading\">Estraro<\/h4>\n\n\n\n<p>Jen la nuna estraro por la administra jaro 2025:<\/p>\n\n\n\n<ul class=\"wp-block-list\">\n<li>Frank van Hertrooij: prezidanto<\/li>\n\n\n\n<li>Arnold Averink: sekretario<\/li>\n\n\n\n<li>Spencer van der Meulen: kasisto<\/li>\n\n\n\n<li>Robin van der Vliet: estrarano<\/li>\n<\/ul>\n\n\n\n<h4 class=\"wp-block-heading\">Kontakto<\/h4>\n\n\n\n<p>Vi povas sendi retmesa\u011don al NEJ <a href=\"https:\/\/esperanto-nederland.nl\/index.php\/eo\/nederlanda-esperanto-junularo-nej\/\" data-type=\"link\" data-id=\"https:\/\/esperanto-nederland.nl\/index.php\/eo\/nederlanda-esperanto-junularo-nej\/\" target=\"_blank\" rel=\"noreferrer noopener\">per la formularo<\/a>. Krome, ili havas <a href=\"https:\/\/discord.com\/invite\/AVv3CGDxyf\" data-type=\"link\" data-id=\"https:\/\/discord.com\/invite\/AVv3CGDxyf\" target=\"_blank\" rel=\"noreferrer noopener\">Discord-servilon<\/a>, <a href=\"https:\/\/t.me\/esperantojongeren\" data-type=\"link\" data-id=\"https:\/\/t.me\/esperantojongeren\" target=\"_blank\" rel=\"noreferrer noopener\">Telegram-kanalon<\/a>, kaj <a href=\"https:\/\/www.youtube.com\/@esperantojongeren\" data-type=\"link\" data-id=\"https:\/\/www.youtube.com\/@esperantojongeren\" target=\"_blank\" rel=\"noreferrer noopener\">YouTube-kanalon<\/a>.<br><\/p>\n\n\n\n<h3 class=\"wp-block-heading\">Tutmonda Esperantista Junulara Organizo (TEJO)<\/h3>\n\n\n\n<figure class=\"wp-block-image size-full is-resized\"><img loading=\"lazy\" decoding=\"async\" width=\"835\" height=\"660\" src=\"https:\/\/esperanto-nederland.nl\/wp-content\/uploads\/2024\/06\/tejo-heldersel.jpg\" alt=\"\" class=\"wp-image-4395\" style=\"width:400px\" srcset=\"https:\/\/esperanto-nederland.nl\/wp-content\/uploads\/2024\/06\/tejo-heldersel.jpg 835w, https:\/\/esperanto-nederland.nl\/wp-content\/uploads\/2024\/06\/tejo-heldersel-300x237.jpg 300w, https:\/\/esperanto-nederland.nl\/wp-content\/uploads\/2024\/06\/tejo-heldersel-768x607.jpg 768w, https:\/\/esperanto-nederland.nl\/wp-content\/uploads\/2024\/06\/tejo-heldersel-481x380.jpg 481w\" sizes=\"auto, (max-width: 835px) 100vw, 835px\" \/><\/figure>\n\n\n\n<p>TEJO, Tutmonda Esperantista Junulara Organizo estas la junulara sekcio de UEA kaj ligas junulojn, ofertas al ili servojn kaj informas ilin pri Esperanto. La organizo anka\u016d estas starigita en Roterdamo kaj havas individuajn membrojn kaj landajn sekciojn en \u0109irka\u016d 40 landoj.<\/p>\n\n\n\n<p>\u0108iuj \u011dis kaj inkluzive de 35 jaroj povas fari\u011di membro de TEJO. Membroj ricevas la revuon Kontakto.<\/p>\n\n\n\n<p>Aktivi \u0109e TEJO donas al gejunuloj la \u015dancon renkonti multajn junulojn el aliaj landoj kaj akiri novajn spertojn, kiuj estos utilaj poste. TEJO organizas la IJK, Internacia Junulara Kongreso.<\/p>\n\n\n\n<p>Esperanto Nederlanda Esperanto-Junularo (NEJ) estas la nederlanda sekcio de TEJO.<\/p>\n\n\n\n<p><a href=\"https:\/\/www.tejo.org\" target=\"_blank\" rel=\"noreferrer noopener\">Retejo de TEJO&#8230;<\/a><\/p>\n\n\n\n<h3 class=\"wp-block-heading\">Landaj organiza\u0135oj<\/h3>\n\n\n\n<p>Esperanto Nederland estas la nacia Esperanto-asocio de Nederlando kaj kiel memstara organiza\u0135o membro de UEA. Multaj landoj havas nacian Esperanto-organiza\u0135on.<\/p>\n\n\n\n<figure class=\"wp-block-image size-full is-resized\"><img loading=\"lazy\" decoding=\"async\" width=\"273\" height=\"364\" src=\"https:\/\/esperanto-nederland.nl\/wp-content\/uploads\/2024\/07\/afbeelding_2024-07-06_140749540.png\" alt=\"\" class=\"wp-image-4463\" style=\"width:300px\" srcset=\"https:\/\/esperanto-nederland.nl\/wp-content\/uploads\/2024\/07\/afbeelding_2024-07-06_140749540.png 273w, https:\/\/esperanto-nederland.nl\/wp-content\/uploads\/2024\/07\/afbeelding_2024-07-06_140749540-225x300.png 225w\" sizes=\"auto, (max-width: 273px) 100vw, 273px\" \/><\/figure>\n\n\n\n<p><strong>Belgio <\/strong>havas en Valonio la <a href=\"https:\/\/esperanto-wallonie.be\/eo\/nuntempe\" target=\"_blank\" rel=\"noreferrer noopener\">Valona Esperanto-Asocio, V.Esp-o (Waalse Esperanto-Vereniging)<\/a> kaj en Flandrio la <a href=\"https:\/\/www.esperanto.be\/fel\/nl\/\" target=\"_blank\" rel=\"noreferrer noopener\">Flandra Esperanto-Ligo, FEL (Vlaamse Esperantobond)<\/a>. \u0108i-lasta havas <a href=\"https:\/\/www.esperanto.be\/cgi-bin\/mal\/Web_store\/web_storenl.cgi\" target=\"_blank\" rel=\"noreferrer noopener\">Esperantan retbutikon<\/a> kaj en Antverpeno Esperantan domon, kie regule okazas kunvenoj. La eldonejo de la Flandra Esperanto-Ligo krom sia propra membrorevuo Horizontaal kaj nia membrorevuo <a href=\"https:\/\/esperanto-nederland.nl\/index.php\/ledenblad-fenikso\/\" data-type=\"page\" data-id=\"179\">Fenikso<\/a> anka\u016d presas la revuon <a href=\"https:\/\/www.monato.be\" target=\"_blank\" rel=\"noreferrer noopener\">Monato<\/a>. La revuo Monato enhavas aktualajn artikolojn el la tuta mondo. La artikoloj estas verkitaj de esperantistoj, kiuj lo\u011das en la lando, pri kiu la artikolo temas.<\/p>\n\n\n\n<p><strong>Germanio <\/strong>havas <a href=\"https:\/\/www.esperanto.de\/de\" target=\"_blank\" rel=\"noreferrer noopener\">Germana Esperanto-Asocio, GEA (la Deutscher Esperanto-Bund e. V.)<\/a>. \u0108iujare \u011di organizas la Germanan Esperanto-Kongreson (Germana Esperanto-Kongreso, GEK). Krom \u0109i tiu jara kongreso, anka\u016d okazas kunvenoj dum Pasko kaj Novjara vespero. Germanio havas multajn lokajn grupojn kaj kunvenojn. Multaj esperantistoj el Nederlando iras al tiuj \u0109i eventoj.<\/p>\n\n\n\n<p>En 2022, GEA kune kun Esperanto Nederland organizis la GEK-kongreson en Oldenburg. En 2024, anstata\u016d GEK-kongreso, \u011di kune kun la landa asocio de <strong>Francio<\/strong>, <a href=\"https:\/\/esperanto-france.org\/?lang=eo\" target=\"_blank\" rel=\"noreferrer noopener\">Esp\u00e9ranto France<\/a>, organizis E\u016dropan Esperanto-Kongreson en Strasburgo (Fr. Strasbourg). Pro tio, ke la Monda Esperanto-Kongreso de UEA \u0109i-jare okazis en Afriko, do ne estis facile atingebla por \u0109iuj, multaj e\u016dropanoj venis al Strasburgo.<\/p>\n\n\n\n<p>Bela pri tiuj internaciaj kongresoj estas la renkonti\u011do kun homoj el tuta E\u016dropo kaj la mondo. \u0108ar oni \u0109efe parolas Esperanton, oni akiras multan sperton en a\u016dskultado kaj parolado kaj ekkonas la Esperantan kulturon.<\/p>\n\n\n\n<h3 class=\"wp-block-heading\">Nederlanda Societo de Blindaj Esperantistoj (NoSoBe)<\/h3>\n\n\n\n<p>La asocio por vidhandikapitaj esperantistoj en Nederlando estas NoSoBe (Nederlanda Societo de Blindaj Esperantistoj). \u011ci \u0109iujare organizas kunvenon kun prelego kaj aliaj agadoj. La asocio estis fondita en 1929.<\/p>\n\n\n\n<p><a href=\"https:\/\/www.facebook.com\/groups\/1571965466410612\/\" target=\"_blank\" rel=\"noreferrer noopener\">Facebook pa\u011do de NoSoBe&#8230;<\/a><\/p>\n\n\n\n<h3 class=\"wp-block-heading\">Sennacieca Asocio Tutmonda (SAT)<\/h3>\n\n\n\n<figure class=\"wp-block-image size-full is-resized\"><a href=\"https:\/\/satesperanto.org\" target=\"_blank\" rel=\"noreferrer noopener\"><img loading=\"lazy\" decoding=\"async\" width=\"528\" height=\"747\" src=\"https:\/\/esperanto-nederland.nl\/wp-content\/uploads\/2024\/10\/afbeelding_2024-10-02_113037791.png\" alt=\"\" class=\"wp-image-6455\" style=\"width:300px\" srcset=\"https:\/\/esperanto-nederland.nl\/wp-content\/uploads\/2024\/10\/afbeelding_2024-10-02_113037791.png 528w, https:\/\/esperanto-nederland.nl\/wp-content\/uploads\/2024\/10\/afbeelding_2024-10-02_113037791-212x300.png 212w, https:\/\/esperanto-nederland.nl\/wp-content\/uploads\/2024\/10\/afbeelding_2024-10-02_113037791-269x380.png 269w\" sizes=\"auto, (max-width: 528px) 100vw, 528px\" \/><\/a><\/figure>\n\n\n\n<p>Sennacieca Asocio Global (SAT) estas sendependa, ne\u016dtrala monda Esperanto-asocio de laborantaj esperantistoj, fondita en 1921. SAT anta\u016denigas internacian kunlaboron kaj solidarecon per Esperanto. \u011ci konsideras sin kiel alternativo al la politike ne\u016dtrala UEA.<\/p>\n\n\n\n<p>SAT celas mondon sen klasdiferencoj, en kiu naciaj limoj kaj naciaj identecoj estas malpli gravaj kaj en kiu homoj kunlaboras surbaze de komunaj homaj valoroj kaj socia justeco. Anstata\u016d naciecoj, komunaj homaj valoroj kaj solidareco devus esti la centra fokuso.<\/p>\n\n\n\n<p>La plej alta a\u016dtoritato ene de SAT estas la \u011denerala kunveno, kiu okazas \u0109iujare. La estraro de SAT prizorgas la \u0109iutagajn aferojn. Estas diversaj komitatoj kaj laborgrupoj por specifaj taskoj kaj projektoj.<\/p>\n\n\n\n<p>\u0108iu, kiu subtenas la idealojn de SAT, povas membri\u011di. La membroj ludas aktivan rolon en la organiza\u0135o. SAT anka\u016d eldonas revuojn kaj librojn por promocii siajn idealojn kaj la Esperantan lingvon, kiel la revuon Sennaciulo.<\/p>\n\n\n\n<p><a href=\"https:\/\/satesperanto.org\" target=\"_blank\" rel=\"noreferrer noopener\">Retpa\u011do de Sennacieca Asocio Tutmonda (SAT)<\/a><br> <br> <br> <br><\/p>\n\n\n\n<h3 class=\"wp-block-heading\">Akademio de Esperanto (AdE)<\/h3>\n\n\n\n<div class=\"wp-block-columns is-layout-flex wp-container-core-columns-is-layout-9d6595d7 wp-block-columns-is-layout-flex\">\n<div class=\"wp-block-column is-layout-flow wp-block-column-is-layout-flow\" style=\"flex-basis:60%\"><div class=\"wp-block-image\">\n<figure class=\"alignleft size-full is-resized\"><img loading=\"lazy\" decoding=\"async\" width=\"314\" height=\"146\" src=\"https:\/\/esperanto-nederland.nl\/wp-content\/uploads\/2024\/06\/emblemo-AdE.png\" alt=\"\" class=\"wp-image-4388\" style=\"width:200px\" srcset=\"https:\/\/esperanto-nederland.nl\/wp-content\/uploads\/2024\/06\/emblemo-AdE.png 314w, https:\/\/esperanto-nederland.nl\/wp-content\/uploads\/2024\/06\/emblemo-AdE-300x139.png 300w\" sizes=\"auto, (max-width: 314px) 100vw, 314px\" \/><\/figure><\/div>\n\n\n<p>La\u016d propono de Zamenhof, dum la Universala Kongreso en 1905, estis fondita lingva komitato. Poste, en 1948, \u011di ricevis la nomon Akademio de Esperanto.<\/p>\n\n\n\n<p>Akademio de Esperanto estas sendependa instituto kaj respondeca por la prizorgado kaj evoluado de la Esperanto-lingvo kaj por la protektado de \u011diaj fundamentaj principoj.<\/p>\n\n\n\n<p>La akademio ricevas demandojn de esperantistoj pri la lingvo kaj provas doni la plej bonajn respondojn. \u011ci ne rigardas kion \u011di mem volas, sed kiel esperantistoj uzas la lingvon kaj kiel la lingvo evoluas.<\/p>\n\n\n\n<p><a href=\"http:\/\/www.akademio-de-esperanto.org\" target=\"_blank\" rel=\"noreferrer noopener\">Retpa\u011do de Akademio de Esperanto&#8230;<\/a><\/p>\n<\/div>\n\n\n\n<div class=\"wp-block-column is-layout-flow wp-block-column-is-layout-flow\" style=\"flex-basis:40%\">\n<p class=\"has-light-green-cyan-background-color has-background\"><strong>Ekzemplo de demando al la Akademio de Esperanto<\/strong><br><em>Kiam oni diras \u201cla mordo de la hundo\u201d, \u0109u tio signifas, ke la hundo estas mordanta a\u016d mordata?<\/em><br> <br>La respondo de AdE estas, ke \u011di povas signifi amba\u016d. Tamen, oni povas eviti \u0109i tiun neklarecon per reformulado de la frazo.<br><em>(Fonto: <a href=\"https:\/\/www.akademio-de-esperanto.org\/akademio\/index.php?title=Respondoj_de_la_Lingva_Konsultejo_(parto_1)\" target=\"_blank\" rel=\"noreferrer noopener\">www.akademio-de-esperanto.org<\/a>)<\/em><\/p>\n<\/div>\n<\/div>\n\n\n\n<p><\/p>\n\n\n\n<h3 class=\"wp-block-heading\">La Internacia Ligo de Esperantistaj Instruistoj (ILEI)<\/h3>\n\n\n<div class=\"wp-block-image\">\n<figure class=\"alignleft size-full is-resized\"><img loading=\"lazy\" decoding=\"async\" width=\"204\" height=\"192\" src=\"https:\/\/esperanto-nederland.nl\/wp-content\/uploads\/2024\/07\/afbeelding_2024-07-02_211954036.png\" alt=\"\" class=\"wp-image-4426\" style=\"width:200px\"\/><\/figure><\/div>\n\n\n<p>La Internacia Ligo de Esperantistaj Instruistoj (ILEI) ofertas profesian bazon por Esperanto-instruistoj. \u011ci celas plibonigi la instruadon de Esperanto, kaj en lernejoj kaj rete, kaj trejni instruistojn. \u011ci publikigas modernajn lernomaterialojn kaj unuigas Esperanto-instruistojn kaj iliajn lernantojn.<\/p>\n\n\n\n<p>Esperantistoj, kiuj sufi\u0109e bone regas la lingvon, povas fari Esperanto-ekzamenon \u0109e ILEI.<\/p>\n\n\n\n<p>ILEI \u0109eestas en multaj landoj kaj havas landajn sekciojn. La nederlanda landa sekcio estas la NGGE, Nederlanda Grupo de Geinstruistoj pri Esperanto (Nederlandse Groep van Esperanto-leraren).<\/p>\n\n\n\n<p><a href=\"https:\/\/www.ilei.info\/index.php?lingvo=eo\" target=\"_blank\" rel=\"noreferrer noopener\">Retpa\u011do de ILEI&#8230;<\/a><\/p>\n\n\n\n<p>ILEI havas YouTube-kanalon, kie trovi\u011das pli ol 500 filmetoj rilataj al Esperanto kaj edukado (a\u016dgusto 2024). Vi povas aboni \u0109i tiun kanalon. <a href=\"https:\/\/www.youtube.com\/@EsperantoEdukadoILEI\/featured\" target=\"_blank\" rel=\"noreferrer noopener\">ILEI YouTube-kanalo&#8230;<\/a><\/p>\n\n\n\n<h2 class=\"wp-block-heading\">La Verdaj Skoltoj<\/h2>\n\n\n\n<figure class=\"wp-block-image size-full is-resized\"><a href=\"https:\/\/verdajskoltoj.net\/\" target=\"_blank\" rel=\" noreferrer noopener\"><img loading=\"lazy\" decoding=\"async\" width=\"800\" height=\"600\" src=\"https:\/\/esperanto-nederland.nl\/wp-content\/uploads\/2025\/03\/la-verdaj-skoltoj.jpg\" alt=\"\" class=\"wp-image-9936\" style=\"width:400px\" srcset=\"https:\/\/esperanto-nederland.nl\/wp-content\/uploads\/2025\/03\/la-verdaj-skoltoj.jpg 800w, https:\/\/esperanto-nederland.nl\/wp-content\/uploads\/2025\/03\/la-verdaj-skoltoj-300x225.jpg 300w, https:\/\/esperanto-nederland.nl\/wp-content\/uploads\/2025\/03\/la-verdaj-skoltoj-200x150.jpg 200w, https:\/\/esperanto-nederland.nl\/wp-content\/uploads\/2025\/03\/la-verdaj-skoltoj-768x576.jpg 768w, https:\/\/esperanto-nederland.nl\/wp-content\/uploads\/2025\/03\/la-verdaj-skoltoj-507x380.jpg 507w\" sizes=\"auto, (max-width: 800px) 100vw, 800px\" \/><\/a><\/figure>\n\n\n\n<p><br>Starigita en Valonio sed aganta en E\u016dropo estas la Verdaj Skoltoj. Grupo da skoltoj sen limoj. 30 infanoj, adoleskuloj kaj junuloj kiuj kunvenas dum semajnfinoj kaj somera tendumado \u0109iu jare.<\/p>\n\n\n\n<p>La Verdaj Skoltoj kune lernas Esperanton, kaj skoltumas. Tiu grupo estas religie ne\u016dtrala. Ili ege aktivas kaj bonvenigas ne-skoltoj kaj komencantoj. <strong>La<\/strong> 8-11 jaruloj estas Lupidoj. Ili ludas, amuzi\u011das, lernas nian lingvon kaj vivas kune. <strong>La <\/strong>12-16 jaruloj estas Esploristoj. Ili lernas kiel elturni\u011di, kuiri; lignokonstrui sed anka\u016d ludas kaj amuzi\u011das. La pli a\u011daj estas roveroj: ili subtenas Esperanto-movadon per diversaj projektoj (helpo dum eventoj, organizado de evento por junuloj kiel JES 2024-2025, reklamado pri Esperanto, ks).<\/p>\n\n\n\n<p><a href=\"https:\/\/verdajskoltoj.net\/\" target=\"_blank\" rel=\"noreferrer noopener\">La Verdaj Skoltoj<\/a><\/p>\n\n\n\n<p>Anka\u016d vidu la <a href=\"https:\/\/www.instagram.com\/verdaj_skoltoj\/\" target=\"_blank\" rel=\"noreferrer noopener\">Instagram-pa\u011don <\/a><\/p>\n\n\n\n<h2 class=\"wp-block-heading\">En la lingvo Esperanto<\/h2>\n\n\n\n<p>Estas anka\u016d Esperanto-asocioj bazitaj sur kredo kaj\/a\u016d konvinko. Ekzemple, la <a href=\"https:\/\/ikue.org\" data-type=\"link\" data-id=\"https:\/\/ikue.org\" target=\"_blank\" rel=\"noreferrer noopener\">Internacia Katolika Unui\u011do Esperantista (IKUE)<\/a> por katolikoj, kaj la <a href=\"http:\/\/keli.chez.com\/keli_eo.htm\" target=\"_blank\" rel=\"noreferrer noopener\">Kristana Internacia Esperanto-Ligo (KELI)<\/a>, kiu estis \u0109efe por protestantaj kristanoj, sed nun anka\u016d havas katolikajn membrojn. Ateistoj estas unui\u011dintaj en la <a href=\"http:\/\/ateisto.org\" target=\"_blank\" rel=\"noreferrer noopener\">Ateista Tutmonda Esperanto-Organizo (ATEO<\/a>). Esperantistoj kontra\u016d fumo havas sian propran asocion <a href=\"https:\/\/www.facebook.com\/groups\/142007659475405\" target=\"_blank\" rel=\"noreferrer noopener\">Tutmonda Asocio de Esperantistaj Nefumantoj (TADEN<\/a>), kaj vegetaranoj kaj veganoj havas la <a href=\"https:\/\/vegetarismo.info\" target=\"_blank\" rel=\"noreferrer noopener\">Tutmonda Esperantista Vegetarana Asocio<\/a>.<\/p>\n","protected":false},"excerpt":{"rendered":"<p>La esperantistaj organizoj kunigas la esperantistojn. Kelkaj okupi\u011das pri la disvastigo de Esperanto, kiel UEA kaj la landaj organizoj. Aliaj estis fonditaj por plibonigi la uzadon de la lingvo, kiel ILEI kaj NGGE, kaj ankora\u016d aliaj uzas la lingvon Esperanto por ke homoj kun la sama kultura a\u016d religia origino el la tuta mondo povu &hellip; <a href=\"https:\/\/esperanto-nederland.nl\/index.php\/eo\/esperanto-organizoj\/\" class=\"more-link\">Verder lezen <span class=\"screen-reader-text\">Esperanto-organizoj<\/span><\/a><\/p>\n","protected":false},"author":2,"featured_media":0,"parent":0,"menu_order":0,"comment_status":"closed","ping_status":"closed","template":"","meta":{"footnotes":""},"class_list":["post-6744","page","type-page","status-publish","hentry","without-featured-image"],"_links":{"self":[{"href":"https:\/\/esperanto-nederland.nl\/index.php\/wp-json\/wp\/v2\/pages\/6744","targetHints":{"allow":["GET"]}}],"collection":[{"href":"https:\/\/esperanto-nederland.nl\/index.php\/wp-json\/wp\/v2\/pages"}],"about":[{"href":"https:\/\/esperanto-nederland.nl\/index.php\/wp-json\/wp\/v2\/types\/page"}],"author":[{"embeddable":true,"href":"https:\/\/esperanto-nederland.nl\/index.php\/wp-json\/wp\/v2\/users\/2"}],"replies":[{"embeddable":true,"href":"https:\/\/esperanto-nederland.nl\/index.php\/wp-json\/wp\/v2\/comments?post=6744"}],"version-history":[{"count":40,"href":"https:\/\/esperanto-nederland.nl\/index.php\/wp-json\/wp\/v2\/pages\/6744\/revisions"}],"predecessor-version":[{"id":13233,"href":"https:\/\/esperanto-nederland.nl\/index.php\/wp-json\/wp\/v2\/pages\/6744\/revisions\/13233"}],"wp:attachment":[{"href":"https:\/\/esperanto-nederland.nl\/index.php\/wp-json\/wp\/v2\/media?parent=6744"}],"curies":[{"name":"wp","href":"https:\/\/api.w.org\/{rel}","templated":true}]}}