{"id":6754,"date":"2024-10-08T12:14:16","date_gmt":"2024-10-08T10:14:16","guid":{"rendered":"https:\/\/esperanto-nederland.nl\/?page_id=6754"},"modified":"2026-04-08T19:05:15","modified_gmt":"2026-04-08T17:05:15","slug":"membrokunveno","status":"publish","type":"page","link":"https:\/\/esperanto-nederland.nl\/index.php\/eo\/membrokunveno\/","title":{"rendered":"Membrokunveno"},"content":{"rendered":"\n<figure data-wp-context=\"{&quot;imageId&quot;:&quot;69f1d28a789ee&quot;}\" data-wp-interactive=\"core\/image\" class=\"wp-block-image size-large is-resized wp-lightbox-container\"><img decoding=\"async\" data-wp-class--hide=\"state.isContentHidden\" data-wp-class--show=\"state.isContentVisible\" data-wp-init=\"callbacks.setButtonStyles\" data-wp-on-async--click=\"actions.showLightbox\" data-wp-on-async--load=\"callbacks.setButtonStyles\" data-wp-on-async-window--resize=\"callbacks.setButtonStyles\" src=\"https:\/\/esperanto-nederland.nl\/wp-content\/uploads\/2025\/08\/Jaarvergadering-2025-1024x398.jpg\" alt=\"\" style=\"width:750px\"\/><button\n\t\t\tclass=\"lightbox-trigger\"\n\t\t\ttype=\"button\"\n\t\t\taria-haspopup=\"dialog\"\n\t\t\taria-label=\"Vergroten\"\n\t\t\tdata-wp-init=\"callbacks.initTriggerButton\"\n\t\t\tdata-wp-on-async--click=\"actions.showLightbox\"\n\t\t\tdata-wp-style--right=\"state.imageButtonRight\"\n\t\t\tdata-wp-style--top=\"state.imageButtonTop\"\n\t\t>\n\t\t\t<svg xmlns=\"http:\/\/www.w3.org\/2000\/svg\" width=\"12\" height=\"12\" fill=\"none\" viewBox=\"0 0 12 12\">\n\t\t\t\t<path fill=\"#fff\" d=\"M2 0a2 2 0 0 0-2 2v2h1.5V2a.5.5 0 0 1 .5-.5h2V0H2Zm2 10.5H2a.5.5 0 0 1-.5-.5V8H0v2a2 2 0 0 0 2 2h2v-1.5ZM8 12v-1.5h2a.5.5 0 0 0 .5-.5V8H12v2a2 2 0 0 1-2 2H8Zm2-12a2 2 0 0 1 2 2v2h-1.5V2a.5.5 0 0 0-.5-.5H8V0h2Z\" \/>\n\t\t\t<\/svg>\n\t\t<\/button><\/figure>\n\n\n\n<p class=\"has-black-color has-text-color has-link-color wp-elements-1b2beab3d89aa2f7cf4801b88138efe3\">Membroj de Esperanto Nederland estas bonvenaj en la \u011denerala kunveno. Ili havas la rajton vo\u0109doni.<\/p>\n\n\n\n<p>En la kunveno oni diskutas la politikon, kiun efektivigas la estraro de Esperanto Nederland, kaj elektas la estraranojn. Kadre de la kunveno la estraro raportas pri la politiko plenumita, per jarraporto kaj financa raporto (inkluzive jaraj kontoj: kiaj estis la enspezoj kaj elspezoj).<\/p>\n\n\n\n<p><br> <br> La venonta membrokunveno okazos <strong>sabaton, la 11an de aprilo 2026<\/strong>.&nbsp;La dosieroj estos publikigitaj \u0109i tie dum la venontaj monatoj.<\/p>\n\n\n\n<h3 class=\"wp-block-heading\"><strong>Invito al la 35-a jarkunvena membrokunveno<\/strong><\/h3>\n\n\n\n<p>\u0108iuj membroj de Esperanto Nederland estas invitataj al la jara membrokunveno, kiu okazos sabate la 11-an de aprilo 2026.<\/p>\n\n\n\n<p><strong>Loko:<\/strong> De Kargadoor, Oudegracht 36, 3511AP Utrecht <br><strong>Tempo:<\/strong> Alveno ekde la 13:00 horo<\/p>\n\n\n\n<p>La kunveno komenci\u011dos je la 13:15 horo.<\/p>\n\n\n\n<p>Membro rajtas reprezenti maksimume 2 aliajn membrojn, kondi\u0109e ke subskribitaj rajtigoj estas transdonitaj \u0109e la komenco de la kunveno. <a href=\"https:\/\/esperanto-nederland.nl\/wp-content\/uploads\/2026\/03\/2026-espned-rajtigilo-jarkunveno-.docx\" data-type=\"link\" data-id=\"https:\/\/esperanto-nederland.nl\/wp-content\/uploads\/2026\/03\/2026-espned-rajtigilo-jarkunveno-.docx\" target=\"_blank\" rel=\"noreferrer noopener\">El\u015dutu \u0109i tie la rajtigilon.<\/a><\/p>\n\n\n\n<p>La agadraporto, la financaj raportoj, la bu\u011deto kaj la laborplano trovi\u011dos sur \u0109i tiu pa\u011do. Paperaj ekzempleroj povas esti petataj \u0109e la sekretario post la 1-a de marto 2026.<\/p>\n\n\n\n<div style=\"height:49px\" aria-hidden=\"true\" class=\"wp-block-spacer\"><\/div>\n\n\n\n<div class=\"wp-block-columns is-layout-flex wp-container-core-columns-is-layout-9d6595d7 wp-block-columns-is-layout-flex\">\n<div class=\"wp-block-column is-layout-flow wp-block-column-is-layout-flow\">\n<p><a href=\"https:\/\/esperanto-nederland.nl\/wp-content\/uploads\/2026\/04\/Jaarvergadering-2026.pdf\" data-type=\"link\" data-id=\"https:\/\/esperanto-nederland.nl\/wp-content\/uploads\/2025\/08\/Uitnodiging-35e-jaarlijkse-ledenvergadering.pdf\" target=\"_blank\" rel=\"noreferrer noopener\">Dosieroj por la membrokunveno en 2026<\/a><a href=\"https:\/\/esperanto-nederland.nl\/wp-content\/uploads\/2026\/02\/jaarvergadering-7-2-2026-nederlands.pdf\" data-type=\"link\" data-id=\"https:\/\/esperanto-nederland.nl\/wp-content\/uploads\/2025\/08\/Uitnodiging-35e-jaarlijkse-ledenvergadering.pdf\" target=\"_blank\" rel=\"noreferrer noopener\">.<\/a><\/p>\n\n\n\n<figure class=\"wp-block-image size-full\"><a href=\"https:\/\/esperanto-nederland.nl\/wp-content\/uploads\/2026\/04\/Jaarvergadering-2026.pdf\" target=\"_blank\" rel=\" noreferrer noopener\"><img loading=\"lazy\" decoding=\"async\" width=\"674\" height=\"948\" src=\"https:\/\/esperanto-nederland.nl\/wp-content\/uploads\/2026\/04\/frontpage20260407-2.png\" alt=\"\" class=\"wp-image-13216\" srcset=\"https:\/\/esperanto-nederland.nl\/wp-content\/uploads\/2026\/04\/frontpage20260407-2.png 674w, https:\/\/esperanto-nederland.nl\/wp-content\/uploads\/2026\/04\/frontpage20260407-2-213x300.png 213w, https:\/\/esperanto-nederland.nl\/wp-content\/uploads\/2026\/04\/frontpage20260407-2-270x380.png 270w\" sizes=\"auto, (max-width: 674px) 100vw, 674px\" \/><\/a><\/figure>\n<\/div>\n\n\n\n<div class=\"wp-block-column is-layout-flow wp-block-column-is-layout-flow\">\n<p><a href=\"https:\/\/esperanto-nederland.nl\/wp-content\/uploads\/2025\/05\/Bestanden-34e-ledenvergadering-2025.pdf\" data-type=\"link\" data-id=\"https:\/\/esperanto-nederland.nl\/wp-content\/uploads\/2025\/05\/Bestanden-34e-ledenvergadering-2025.pdf\" target=\"_blank\" rel=\"noreferrer noopener\">Dosieroj por la <\/a><a href=\"https:\/\/esperanto-nederland.nl\/wp-content\/uploads\/2025\/05\/Bestanden-34e-ledenvergadering-2025.pdf\" data-type=\"link\" data-id=\"https:\/\/esperanto-nederland.nl\/wp-content\/uploads\/2025\/04\/Bestanden-34e-ledenvergadering-2025.pdf\" target=\"_blank\" rel=\"noreferrer noopener\">membrokunveno en 2025.<\/a><\/p>\n\n\n\n<figure class=\"wp-block-image size-full\"><a href=\"https:\/\/esperanto-nederland.nl\/wp-content\/uploads\/2025\/05\/Bestanden-34e-ledenvergadering-2025.pdf\" target=\"_blank\" rel=\" noreferrer noopener\"><img loading=\"lazy\" decoding=\"async\" width=\"1240\" height=\"1754\" src=\"https:\/\/esperanto-nederland.nl\/wp-content\/uploads\/2025\/04\/front-Bestanden-34e-ledenvergadering-2025-met-rand.png\" alt=\"\" class=\"wp-image-10365\" srcset=\"https:\/\/esperanto-nederland.nl\/wp-content\/uploads\/2025\/04\/front-Bestanden-34e-ledenvergadering-2025-met-rand.png 1240w, https:\/\/esperanto-nederland.nl\/wp-content\/uploads\/2025\/04\/front-Bestanden-34e-ledenvergadering-2025-met-rand-212x300.png 212w, https:\/\/esperanto-nederland.nl\/wp-content\/uploads\/2025\/04\/front-Bestanden-34e-ledenvergadering-2025-met-rand-724x1024.png 724w, https:\/\/esperanto-nederland.nl\/wp-content\/uploads\/2025\/04\/front-Bestanden-34e-ledenvergadering-2025-met-rand-768x1086.png 768w, https:\/\/esperanto-nederland.nl\/wp-content\/uploads\/2025\/04\/front-Bestanden-34e-ledenvergadering-2025-met-rand-1086x1536.png 1086w, https:\/\/esperanto-nederland.nl\/wp-content\/uploads\/2025\/04\/front-Bestanden-34e-ledenvergadering-2025-met-rand-269x380.png 269w\" sizes=\"auto, (max-width: 1240px) 100vw, 1240px\" \/><\/a><\/figure>\n<\/div>\n\n\n\n<div class=\"wp-block-column is-layout-flow wp-block-column-is-layout-flow\">\n<p><a href=\"https:\/\/esperanto-nederland.nl\/wp-content\/uploads\/2024\/03\/Ledenvergadering-2024.pdf\" target=\"_blank\" rel=\"noreferrer noopener\"><\/a><a href=\"https:\/\/esperanto-nederland.nl\/wp-content\/uploads\/2024\/03\/Ledenvergadering-2024.pdf\" target=\"_blank\" rel=\"noreferrer noopener\">Dosieroj pri la membrokunveno de 2024<\/a>.<\/p>\n\n\n\n<figure class=\"wp-block-image size-full\"><a href=\"https:\/\/esperanto-nederland.nl\/wp-content\/uploads\/2024\/03\/Ledenvergadering-2024.pdf\" target=\"_blank\" rel=\"noreferrer noopener\"><img loading=\"lazy\" decoding=\"async\" width=\"532\" height=\"745\" src=\"https:\/\/esperanto-nederland.nl\/wp-content\/uploads\/2024\/03\/afbeelding_2024-03-31_215628989.png\" alt=\"Ledenvergadering\" class=\"wp-image-3471\" srcset=\"https:\/\/esperanto-nederland.nl\/wp-content\/uploads\/2024\/03\/afbeelding_2024-03-31_215628989.png 532w, https:\/\/esperanto-nederland.nl\/wp-content\/uploads\/2024\/03\/afbeelding_2024-03-31_215628989-214x300.png 214w, https:\/\/esperanto-nederland.nl\/wp-content\/uploads\/2024\/03\/afbeelding_2024-03-31_215628989-271x380.png 271w\" sizes=\"auto, (max-width: 532px) 100vw, 532px\" \/><\/a><\/figure>\n<\/div>\n<\/div>\n\n\n\n<p><\/p>\n","protected":false},"excerpt":{"rendered":"<p>Membroj de Esperanto Nederland estas bonvenaj en la \u011denerala kunveno. Ili havas la rajton vo\u0109doni. En la kunveno oni diskutas la politikon, kiun efektivigas la estraro de Esperanto Nederland, kaj elektas la estraranojn. Kadre de la kunveno la estraro raportas pri la politiko plenumita, per jarraporto kaj financa raporto (inkluzive jaraj kontoj: kiaj estis la &hellip; <a href=\"https:\/\/esperanto-nederland.nl\/index.php\/eo\/membrokunveno\/\" class=\"more-link\">Verder lezen <span class=\"screen-reader-text\">Membrokunveno<\/span><\/a><\/p>\n","protected":false},"author":2,"featured_media":0,"parent":0,"menu_order":0,"comment_status":"closed","ping_status":"closed","template":"","meta":{"footnotes":""},"class_list":["post-6754","page","type-page","status-publish","hentry","without-featured-image"],"_links":{"self":[{"href":"https:\/\/esperanto-nederland.nl\/index.php\/wp-json\/wp\/v2\/pages\/6754","targetHints":{"allow":["GET"]}}],"collection":[{"href":"https:\/\/esperanto-nederland.nl\/index.php\/wp-json\/wp\/v2\/pages"}],"about":[{"href":"https:\/\/esperanto-nederland.nl\/index.php\/wp-json\/wp\/v2\/types\/page"}],"author":[{"embeddable":true,"href":"https:\/\/esperanto-nederland.nl\/index.php\/wp-json\/wp\/v2\/users\/2"}],"replies":[{"embeddable":true,"href":"https:\/\/esperanto-nederland.nl\/index.php\/wp-json\/wp\/v2\/comments?post=6754"}],"version-history":[{"count":36,"href":"https:\/\/esperanto-nederland.nl\/index.php\/wp-json\/wp\/v2\/pages\/6754\/revisions"}],"predecessor-version":[{"id":13217,"href":"https:\/\/esperanto-nederland.nl\/index.php\/wp-json\/wp\/v2\/pages\/6754\/revisions\/13217"}],"wp:attachment":[{"href":"https:\/\/esperanto-nederland.nl\/index.php\/wp-json\/wp\/v2\/media?parent=6754"}],"curies":[{"name":"wp","href":"https:\/\/api.w.org\/{rel}","templated":true}]}}

<figure data-wp-context="{&quot;imageId&quot;:&quot;69f1d28a789ee&quot;}" data-wp-interactive="core/image" class="wp-block-image size-large is-resized wp-lightbox-container"><img decoding="async" data-wp-class--hide="state.isContentHidden" data-wp-class--show="state.isContentVisible" data-wp-init="callbacks.setButtonStyles" data-wp-on-async--click="actions.showLightbox" data-wp-on-async--load="callbacks.setButtonStyles" data-wp-on-async-window--resize="callbacks.setButtonStyles" src="https://esperanto-nederland.nl/wp-content/uploads/2025/08/Jaarvergadering-2025-1024x398.jpg" alt="" style="width:750px"/><button
			class="lightbox-trigger"
			type="button"
			aria-haspopup="dialog"
			aria-label="Vergroten"
			data-wp-init="callbacks.initTriggerButton"
			data-wp-on-async--click="actions.showLightbox"
			data-wp-style--right="state.imageButtonRight"
			data-wp-style--top="state.imageButtonTop"
		>
			<svg xmlns="http://www.w3.org/2000/svg" width="12" height="12" fill="none" viewBox="0 0 12 12">
				<path fill="#fff" d="M2 0a2 2 0 0 0-2 2v2h1.5V2a.5.5 0 0 1 .5-.5h2V0H2Zm2 10.5H2a.5.5 0 0 1-.5-.5V8H0v2a2 2 0 0 0 2 2h2v-1.5ZM8 12v-1.5h2a.5.5 0 0 0 .5-.5V8H12v2a2 2 0 0 1-2 2H8Zm2-12a2 2 0 0 1 2 2v2h-1.5V2a.5.5 0 0 0-.5-.5H8V0h2Z" />
			</svg>
		</button></figure>



<p class="has-black-color has-text-color has-link-color wp-elements-1b2beab3d89aa2f7cf4801b88138efe3">Membroj de Esperanto Nederland estas bonvenaj en la ĝenerala kunveno. Ili havas la rajton voĉdoni.</p>



<p>En la kunveno oni diskutas la politikon, kiun efektivigas la estraro de Esperanto Nederland, kaj elektas la estraranojn. Kadre de la kunveno la estraro raportas pri la politiko plenumita, per jarraporto kaj financa raporto (inkluzive jaraj kontoj: kiaj estis la enspezoj kaj elspezoj).</p>



<p><br> <br> La venonta membrokunveno okazos <strong>sabaton, la 11an de aprilo 2026</strong>.&nbsp;La dosieroj estos publikigitaj ĉi tie dum la venontaj monatoj.</p>



<h3 class="wp-block-heading"><strong>Invito al la 35-a jarkunvena membrokunveno</strong></h3>



<p>Ĉiuj membroj de Esperanto Nederland estas invitataj al la jara membrokunveno, kiu okazos sabate la 11-an de aprilo 2026.</p>



<p><strong>Loko:</strong> De Kargadoor, Oudegracht 36, 3511AP Utrecht <br><strong>Tempo:</strong> Alveno ekde la 13:00 horo</p>



<p>La kunveno komenciĝos je la 13:15 horo.</p>



<p>Membro rajtas reprezenti maksimume 2 aliajn membrojn, kondiĉe ke subskribitaj rajtigoj estas transdonitaj ĉe la komenco de la kunveno. <a href="https://esperanto-nederland.nl/wp-content/uploads/2026/03/2026-espned-rajtigilo-jarkunveno-.docx" data-type="link" data-id="https://esperanto-nederland.nl/wp-content/uploads/2026/03/2026-espned-rajtigilo-jarkunveno-.docx" target="_blank" rel="noreferrer noopener">Elŝutu ĉi tie la rajtigilon.</a></p>



<p>La agadraporto, la financaj raportoj, la buĝeto kaj la laborplano troviĝos sur ĉi tiu paĝo. Paperaj ekzempleroj povas esti petataj ĉe la sekretario post la 1-a de marto 2026.</p>



<div style="height:49px" aria-hidden="true" class="wp-block-spacer"></div>



<div class="wp-block-columns is-layout-flex wp-container-core-columns-is-layout-9d6595d7 wp-block-columns-is-layout-flex">
<div class="wp-block-column is-layout-flow wp-block-column-is-layout-flow">
<p><a href="https://esperanto-nederland.nl/wp-content/uploads/2026/04/Jaarvergadering-2026.pdf" data-type="link" data-id="https://esperanto-nederland.nl/wp-content/uploads/2025/08/Uitnodiging-35e-jaarlijkse-ledenvergadering.pdf" target="_blank" rel="noreferrer noopener">Dosieroj por la membrokunveno en 2026</a><a href="https://esperanto-nederland.nl/wp-content/uploads/2026/02/jaarvergadering-7-2-2026-nederlands.pdf" data-type="link" data-id="https://esperanto-nederland.nl/wp-content/uploads/2025/08/Uitnodiging-35e-jaarlijkse-ledenvergadering.pdf" target="_blank" rel="noreferrer noopener">.</a></p>



<figure class="wp-block-image size-full"><a href="https://esperanto-nederland.nl/wp-content/uploads/2026/04/Jaarvergadering-2026.pdf" target="_blank" rel=" noreferrer noopener"><img loading="lazy" decoding="async" width="674" height="948" src="https://esperanto-nederland.nl/wp-content/uploads/2026/04/frontpage20260407-2.png" alt="" class="wp-image-13216" srcset="https://esperanto-nederland.nl/wp-content/uploads/2026/04/frontpage20260407-2.png 674w, https://esperanto-nederland.nl/wp-content/uploads/2026/04/frontpage20260407-2-213x300.png 213w, https://esperanto-nederland.nl/wp-content/uploads/2026/04/frontpage20260407-2-270x380.png 270w" sizes="auto, (max-width: 674px) 100vw, 674px" /></a></figure>
</div>



<div class="wp-block-column is-layout-flow wp-block-column-is-layout-flow">
<p><a href="https://esperanto-nederland.nl/wp-content/uploads/2025/05/Bestanden-34e-ledenvergadering-2025.pdf" data-type="link" data-id="https://esperanto-nederland.nl/wp-content/uploads/2025/05/Bestanden-34e-ledenvergadering-2025.pdf" target="_blank" rel="noreferrer noopener">Dosieroj por la </a><a href="https://esperanto-nederland.nl/wp-content/uploads/2025/05/Bestanden-34e-ledenvergadering-2025.pdf" data-type="link" data-id="https://esperanto-nederland.nl/wp-content/uploads/2025/04/Bestanden-34e-ledenvergadering-2025.pdf" target="_blank" rel="noreferrer noopener">membrokunveno en 2025.</a></p>



<figure class="wp-block-image size-full"><a href="https://esperanto-nederland.nl/wp-content/uploads/2025/05/Bestanden-34e-ledenvergadering-2025.pdf" target="_blank" rel=" noreferrer noopener"><img loading="lazy" decoding="async" width="1240" height="1754" src="https://esperanto-nederland.nl/wp-content/uploads/2025/04/front-Bestanden-34e-ledenvergadering-2025-met-rand.png" alt="" class="wp-image-10365" srcset="https://esperanto-nederland.nl/wp-content/uploads/2025/04/front-Bestanden-34e-ledenvergadering-2025-met-rand.png 1240w, https://esperanto-nederland.nl/wp-content/uploads/2025/04/front-Bestanden-34e-ledenvergadering-2025-met-rand-212x300.png 212w, https://esperanto-nederland.nl/wp-content/uploads/2025/04/front-Bestanden-34e-ledenvergadering-2025-met-rand-724x1024.png 724w, https://esperanto-nederland.nl/wp-content/uploads/2025/04/front-Bestanden-34e-ledenvergadering-2025-met-rand-768x1086.png 768w, https://esperanto-nederland.nl/wp-content/uploads/2025/04/front-Bestanden-34e-ledenvergadering-2025-met-rand-1086x1536.png 1086w, https://esperanto-nederland.nl/wp-content/uploads/2025/04/front-Bestanden-34e-ledenvergadering-2025-met-rand-269x380.png 269w" sizes="auto, (max-width: 1240px) 100vw, 1240px" /></a></figure>
</div>



<div class="wp-block-column is-layout-flow wp-block-column-is-layout-flow">
<p><a href="https://esperanto-nederland.nl/wp-content/uploads/2024/03/Ledenvergadering-2024.pdf" target="_blank" rel="noreferrer noopener"></a><a href="https://esperanto-nederland.nl/wp-content/uploads/2024/03/Ledenvergadering-2024.pdf" target="_blank" rel="noreferrer noopener">Dosieroj pri la membrokunveno de 2024</a>.</p>



<figure class="wp-block-image size-full"><a href="https://esperanto-nederland.nl/wp-content/uploads/2024/03/Ledenvergadering-2024.pdf" target="_blank" rel="noreferrer noopener"><img loading="lazy" decoding="async" width="532" height="745" src="https://esperanto-nederland.nl/wp-content/uploads/2024/03/afbeelding_2024-03-31_215628989.png" alt="Ledenvergadering" class="wp-image-3471" srcset="https://esperanto-nederland.nl/wp-content/uploads/2024/03/afbeelding_2024-03-31_215628989.png 532w, https://esperanto-nederland.nl/wp-content/uploads/2024/03/afbeelding_2024-03-31_215628989-214x300.png 214w, https://esperanto-nederland.nl/wp-content/uploads/2024/03/afbeelding_2024-03-31_215628989-271x380.png 271w" sizes="auto, (max-width: 532px) 100vw, 532px" /></a></figure>
</div>
</div>



<p></p>

<p>Membroj de Esperanto Nederland estas bonvenaj en la ĝenerala kunveno. Ili havas la rajton voĉdoni. En la kunveno oni diskutas la politikon, kiun efektivigas la estraro de Esperanto Nederland, kaj elektas la estraranojn. Kadre de la kunveno la estraro raportas pri la politiko plenumita, per jarraporto kaj financa raporto (inkluzive jaraj kontoj: kiaj estis la &hellip; <a href="https://esperanto-nederland.nl/index.php/eo/membrokunveno/" class="more-link">Verder lezen <span class="screen-reader-text">Membrokunveno</span></a></p>
