{"id":6761,"date":"2024-10-08T12:29:43","date_gmt":"2024-10-08T10:29:43","guid":{"rendered":"https:\/\/esperanto-nederland.nl\/?page_id=6761"},"modified":"2025-01-18T22:18:44","modified_gmt":"2025-01-18T21:18:44","slug":"laborplano-2020-2025","status":"publish","type":"page","link":"https:\/\/esperanto-nederland.nl\/index.php\/eo\/laborplano-2020-2025\/","title":{"rendered":"Laborplano 2020-2025"},"content":{"rendered":"<div class=\"wp-block-image\">\n<figure class=\"alignright size-full is-resized\"><img loading=\"lazy\" decoding=\"async\" width=\"241\" height=\"243\" src=\"https:\/\/esperanto-nederland.nl\/wp-content\/uploads\/2024\/03\/Naar-beleidsplannen-sel-beleidsplan.jpg\" alt=\"\" class=\"wp-image-3365\" style=\"width:300px\" srcset=\"https:\/\/esperanto-nederland.nl\/wp-content\/uploads\/2024\/03\/Naar-beleidsplannen-sel-beleidsplan.jpg 241w, https:\/\/esperanto-nederland.nl\/wp-content\/uploads\/2024\/03\/Naar-beleidsplannen-sel-beleidsplan-150x150.jpg 150w, https:\/\/esperanto-nederland.nl\/wp-content\/uploads\/2024\/03\/Naar-beleidsplannen-sel-beleidsplan-90x90.jpg 90w\" sizes=\"auto, (max-width: 241px) 100vw, 241px\" \/><\/figure><\/div>\n\n\n<p>Agadoj de Esperanto Nederland por la venontaj jaroj.<\/p>\n\n\n\n<p>La venontajn jarojn la asocio Esperanto Nederland okupi\u011dos pri diversaj temoj. Unue, \u011di fokusi\u011dos al informado. Krome, \u011di klopodos varbi novajn membrojn kaj konservi kontaktojn kun rilataj organiza\u0135oj. Aliaj gravaj celoj estas edukado pri Esperanto, la katedro de Interlingvistiko kaj Esperanto \u0109e la Universitato de Amsterdamo, kaj organizado de kunvenoj.<\/p>\n\n\n\n<p>\u0108i tiuj temoj estas klarigitaj sube.<\/p>\n\n\n\n<ol class=\"wp-block-list\">\n<li>Doni informojn pri la lingvo Esperanto kaj \u011dia speciala rolo en la plifaciligo de internaciaj kontaktoj<\/li>\n\n\n\n<li>Edukado pri Esperanto<\/li>\n\n\n\n<li>La katedro de Interlingvistiko kaj Esperanto \u0109e la Universitato de Amsterdamo (UvA)<\/li>\n\n\n\n<li>Kunvenoj<\/li>\n\n\n\n<li>Prizorgado de kontaktoj kun ne-Esperanto-organiza\u0135oj<\/li>\n\n\n\n<li>Prizorgado de kontaktoj kun internaciaj kaj eksterlandaj Esperanto-organiza\u0135oj kaj grupoj<\/li>\n\n\n\n<li>Interna organizo<\/li>\n<\/ol>\n\n\n\n<h3 class=\"wp-block-heading\">Doni informojn pri la lingvo Esperanto kaj \u011dia speciala rolo en la plifaciligo de internaciaj kontaktoj<\/h3>\n\n\n\n<p>1.1 Regule zorgi pri nova informmaterialo. <br>1.2 Per Facebook kaj Twitter disvastigi informojn pri la internacia lingvo kaj la agadoj de Esperanto Nederland. <br>1.3 Informi lernejojn kaj aliajn interesatajn organizojn pri la eblo peti (bazan) prezenton pri Esperanto.<br>1.4 Reagi al aktualaj situacioj kaj provizi la amaskomunikilojn per fidindaj informoj.<\/p>\n\n\n\n<h3 class=\"wp-block-heading\">Edukado pri Esperanto<\/h3>\n\n\n\n<p>2.1 La instrua grupo NGGE zorgas pri informoj pri edukado (ekz. kursoj kaj instruistoj) kaj atentigas pri kursoj por estontaj instruistoj, enlande a\u016d eksterlande. <br>2.2 Per la retejo de Esperanto Nederland informi pri la eblo de interretaj kursoj kiel Pingveno.nl, Lernu.net, Edukado.net kaj Duolingo.com. <br>2.3 Organizi studkunvenojn por komencantoj kaj progresantoj. La celo estas doni al ili \u015dancon lerni Esperanton kaj en malgranda grupo ekzerci sin en parolado de la lingvo. La lernantoj anka\u016d akiras ideon pri la internacia Esperanto-kulturo.<\/p>\n\n\n\n<h3 class=\"wp-block-heading\">La katedro de Interlingvistiko kaj Esperanto \u0109e la Universitato de Amsterdamo (UvA)<\/h3>\n\n\n\n<p>3.1 La katedro estas administrata de la Universala Esperanto-Asocio (UEA) (lokita en Roterdamo) kaj parte financata de Esperanto Nederland por periodo de 5 jaroj. <br>3.2 Esperanto Nederland regule kontaktas kun UEA kaj la profesoro, kaj financas, se necese, flankagadojn.<\/p>\n\n\n\n<h3 class=\"wp-block-heading\">Kunvenoj<\/h3>\n\n\n\n<p>4.1 Esperanto Nederland regule organizas kulturajn kunvenojn, se eblas kun aliaj Esperanto-organiza\u0135oj. La celo estas plibonigi la lingvan nivelon de la partoprenantoj kaj konatigi ilin kun la Esperanta kulturo. <br>4.2 Esperanto Nederland subtenas lokajn kunvenojn, kiel tiuj de La Amsterdama Rondo. <br>4.3 Esperanto Nederland instigas membrojn partopreni en eksterlandaj kunvenoj kaj interretaj kontaktoj por praktike plibonigi sian scion pri Esperanto.<\/p>\n\n\n\n<h3 class=\"wp-block-heading\">Kontaktoj kun ne-Esperanto-organiza\u0135oj<\/h3>\n\n\n\n<p>Esperanto Nederland tenas kontaktojn kun ne-Esperanto-organiza\u0135oj, kiuj estas gravaj por la informado pri Esperanto kaj por la ideoj malanta\u016d \u011di: <br>5.1 La Nederlanda UNESKO-centro. <br>5.2 Kulturaj organiza\u0135oj kaj personoj, kiuj interesi\u011das pri ekzemple la fonoj de Esperanto, la persono Zamenhof, historio kaj literaturo. <br>5.3 Mondfederalistoj. <br>5.4 Organizantoj de lingvaj festivaloj a\u016d festivaloj de poliglotoj. <br>5.5 Organiza\u0135oj, kiuj okupi\u011das pri lingvopolitiko kaj homaj rajtoj, inkluzive la pozicion de minoritataj lingvoj.<\/p>\n\n\n\n<h3 class=\"wp-block-heading\">Kontaktoj kun internaciaj kaj eksterlandaj Esperanto-organiza\u0135oj kaj grupoj<\/h3>\n\n\n\n<p>Esperanto Nederland tenas kontaktojn kaj kunlaboras, kie necese kaj dezirate, kun internaciaj Esperanto-organiza\u0135oj kaj Esperanto-organiza\u0135oj en aliaj landoj. <br>6.1 La Universala Esperanto-Asocio (UEA) (Roterdamo), la Internacia Esperanto-Instituto (IEI) en Hago, la E\u016dropa Esperanto-Unio (EEU) kaj ILEI (edukado). <br>6.2 UNESKO. Esperanto Nederland stimulas la uzon de la UNESKO-Kuriero (la Esperanta eldono de la UNESCO-Kuriero) kiel edukmaterialon. <br>6.3 Esperantogrupoj en aliaj landoj, ekzemple por disvastigi kaj traduki Esperanto-publika\u0135ojn, kiuj povas esti interesaj por certaj nederlandaj grupoj.<\/p>\n\n\n\n<h3 class=\"wp-block-heading\">Interna organizo<\/h3>\n\n\n\n<p>7.1 Kontakti kun asociaj membroj, ekzemple per cirkuleroj. <br>7.2 Varbi membrojn por la asocio. <br>7.3 Eldoni membrorevuon. <br>7.4 Instigi lokajn Esperantajn grupojn kontakti kaj\/a\u016d subteni kontaktojn kun grupoj kaj individuoj en aliaj landoj. Anka\u016d \u0109i tiuj kontaktoj povas helpi disvastigi turisme interesajn tekstojn pri ilia urbo kaj publikigi ilin en la retejo de Esperanto Nederland. <br>7.5 Informi pri la jara premio Verloren van Themaat.<\/p>\n\n\n\n<p><strong>Esperanto Nederland marto 2020<\/strong><br><strong>Aprobita en la jarkunveno de la 16-a de oktobro 2021 en Lunteren. <\/strong><br><strong>La jarkunveno en 2020 estis nuligita pro la koronvirusa pandemio.<\/strong><\/p>\n\n\n\n<p><\/p>\n\n\n\n<p><\/p>\n\n\n\n<p><\/p>\n\n\n\n<p><\/p>\n","protected":false},"excerpt":{"rendered":"<p>Agadoj de Esperanto Nederland por la venontaj jaroj. La venontajn jarojn la asocio Esperanto Nederland okupi\u011dos pri diversaj temoj. Unue, \u011di fokusi\u011dos al informado. Krome, \u011di klopodos varbi novajn membrojn kaj konservi kontaktojn kun rilataj organiza\u0135oj. Aliaj gravaj celoj estas edukado pri Esperanto, la katedro de Interlingvistiko kaj Esperanto \u0109e la Universitato de Amsterdamo, kaj &hellip; <a href=\"https:\/\/esperanto-nederland.nl\/index.php\/eo\/laborplano-2020-2025\/\" class=\"more-link\">Verder lezen <span class=\"screen-reader-text\">Laborplano 2020-2025<\/span><\/a><\/p>\n","protected":false},"author":2,"featured_media":0,"parent":0,"menu_order":0,"comment_status":"closed","ping_status":"closed","template":"","meta":{"footnotes":""},"class_list":["post-6761","page","type-page","status-publish","hentry","without-featured-image"],"_links":{"self":[{"href":"https:\/\/esperanto-nederland.nl\/index.php\/wp-json\/wp\/v2\/pages\/6761","targetHints":{"allow":["GET"]}}],"collection":[{"href":"https:\/\/esperanto-nederland.nl\/index.php\/wp-json\/wp\/v2\/pages"}],"about":[{"href":"https:\/\/esperanto-nederland.nl\/index.php\/wp-json\/wp\/v2\/types\/page"}],"author":[{"embeddable":true,"href":"https:\/\/esperanto-nederland.nl\/index.php\/wp-json\/wp\/v2\/users\/2"}],"replies":[{"embeddable":true,"href":"https:\/\/esperanto-nederland.nl\/index.php\/wp-json\/wp\/v2\/comments?post=6761"}],"version-history":[{"count":6,"href":"https:\/\/esperanto-nederland.nl\/index.php\/wp-json\/wp\/v2\/pages\/6761\/revisions"}],"predecessor-version":[{"id":9265,"href":"https:\/\/esperanto-nederland.nl\/index.php\/wp-json\/wp\/v2\/pages\/6761\/revisions\/9265"}],"wp:attachment":[{"href":"https:\/\/esperanto-nederland.nl\/index.php\/wp-json\/wp\/v2\/media?parent=6761"}],"curies":[{"name":"wp","href":"https:\/\/api.w.org\/{rel}","templated":true}]}}

<div class="wp-block-image">
<figure class="alignright size-full is-resized"><img loading="lazy" decoding="async" width="241" height="243" src="https://esperanto-nederland.nl/wp-content/uploads/2024/03/Naar-beleidsplannen-sel-beleidsplan.jpg" alt="" class="wp-image-3365" style="width:300px" srcset="https://esperanto-nederland.nl/wp-content/uploads/2024/03/Naar-beleidsplannen-sel-beleidsplan.jpg 241w, https://esperanto-nederland.nl/wp-content/uploads/2024/03/Naar-beleidsplannen-sel-beleidsplan-150x150.jpg 150w, https://esperanto-nederland.nl/wp-content/uploads/2024/03/Naar-beleidsplannen-sel-beleidsplan-90x90.jpg 90w" sizes="auto, (max-width: 241px) 100vw, 241px" /></figure></div>


<p>Agadoj de Esperanto Nederland por la venontaj jaroj.</p>



<p>La venontajn jarojn la asocio Esperanto Nederland okupiĝos pri diversaj temoj. Unue, ĝi fokusiĝos al informado. Krome, ĝi klopodos varbi novajn membrojn kaj konservi kontaktojn kun rilataj organizaĵoj. Aliaj gravaj celoj estas edukado pri Esperanto, la katedro de Interlingvistiko kaj Esperanto ĉe la Universitato de Amsterdamo, kaj organizado de kunvenoj.</p>



<p>Ĉi tiuj temoj estas klarigitaj sube.</p>



<ol class="wp-block-list">
<li>Doni informojn pri la lingvo Esperanto kaj ĝia speciala rolo en la plifaciligo de internaciaj kontaktoj</li>



<li>Edukado pri Esperanto</li>



<li>La katedro de Interlingvistiko kaj Esperanto ĉe la Universitato de Amsterdamo (UvA)</li>



<li>Kunvenoj</li>



<li>Prizorgado de kontaktoj kun ne-Esperanto-organizaĵoj</li>



<li>Prizorgado de kontaktoj kun internaciaj kaj eksterlandaj Esperanto-organizaĵoj kaj grupoj</li>



<li>Interna organizo</li>
</ol>



<h3 class="wp-block-heading">Doni informojn pri la lingvo Esperanto kaj ĝia speciala rolo en la plifaciligo de internaciaj kontaktoj</h3>



<p>1.1 Regule zorgi pri nova informmaterialo. <br>1.2 Per Facebook kaj Twitter disvastigi informojn pri la internacia lingvo kaj la agadoj de Esperanto Nederland. <br>1.3 Informi lernejojn kaj aliajn interesatajn organizojn pri la eblo peti (bazan) prezenton pri Esperanto.<br>1.4 Reagi al aktualaj situacioj kaj provizi la amaskomunikilojn per fidindaj informoj.</p>



<h3 class="wp-block-heading">Edukado pri Esperanto</h3>



<p>2.1 La instrua grupo NGGE zorgas pri informoj pri edukado (ekz. kursoj kaj instruistoj) kaj atentigas pri kursoj por estontaj instruistoj, enlande aŭ eksterlande. <br>2.2 Per la retejo de Esperanto Nederland informi pri la eblo de interretaj kursoj kiel Pingveno.nl, Lernu.net, Edukado.net kaj Duolingo.com. <br>2.3 Organizi studkunvenojn por komencantoj kaj progresantoj. La celo estas doni al ili ŝancon lerni Esperanton kaj en malgranda grupo ekzerci sin en parolado de la lingvo. La lernantoj ankaŭ akiras ideon pri la internacia Esperanto-kulturo.</p>



<h3 class="wp-block-heading">La katedro de Interlingvistiko kaj Esperanto ĉe la Universitato de Amsterdamo (UvA)</h3>



<p>3.1 La katedro estas administrata de la Universala Esperanto-Asocio (UEA) (lokita en Roterdamo) kaj parte financata de Esperanto Nederland por periodo de 5 jaroj. <br>3.2 Esperanto Nederland regule kontaktas kun UEA kaj la profesoro, kaj financas, se necese, flankagadojn.</p>



<h3 class="wp-block-heading">Kunvenoj</h3>



<p>4.1 Esperanto Nederland regule organizas kulturajn kunvenojn, se eblas kun aliaj Esperanto-organizaĵoj. La celo estas plibonigi la lingvan nivelon de la partoprenantoj kaj konatigi ilin kun la Esperanta kulturo. <br>4.2 Esperanto Nederland subtenas lokajn kunvenojn, kiel tiuj de La Amsterdama Rondo. <br>4.3 Esperanto Nederland instigas membrojn partopreni en eksterlandaj kunvenoj kaj interretaj kontaktoj por praktike plibonigi sian scion pri Esperanto.</p>



<h3 class="wp-block-heading">Kontaktoj kun ne-Esperanto-organizaĵoj</h3>



<p>Esperanto Nederland tenas kontaktojn kun ne-Esperanto-organizaĵoj, kiuj estas gravaj por la informado pri Esperanto kaj por la ideoj malantaŭ ĝi: <br>5.1 La Nederlanda UNESKO-centro. <br>5.2 Kulturaj organizaĵoj kaj personoj, kiuj interesiĝas pri ekzemple la fonoj de Esperanto, la persono Zamenhof, historio kaj literaturo. <br>5.3 Mondfederalistoj. <br>5.4 Organizantoj de lingvaj festivaloj aŭ festivaloj de poliglotoj. <br>5.5 Organizaĵoj, kiuj okupiĝas pri lingvopolitiko kaj homaj rajtoj, inkluzive la pozicion de minoritataj lingvoj.</p>



<h3 class="wp-block-heading">Kontaktoj kun internaciaj kaj eksterlandaj Esperanto-organizaĵoj kaj grupoj</h3>



<p>Esperanto Nederland tenas kontaktojn kaj kunlaboras, kie necese kaj dezirate, kun internaciaj Esperanto-organizaĵoj kaj Esperanto-organizaĵoj en aliaj landoj. <br>6.1 La Universala Esperanto-Asocio (UEA) (Roterdamo), la Internacia Esperanto-Instituto (IEI) en Hago, la Eŭropa Esperanto-Unio (EEU) kaj ILEI (edukado). <br>6.2 UNESKO. Esperanto Nederland stimulas la uzon de la UNESKO-Kuriero (la Esperanta eldono de la UNESCO-Kuriero) kiel edukmaterialon. <br>6.3 Esperantogrupoj en aliaj landoj, ekzemple por disvastigi kaj traduki Esperanto-publikaĵojn, kiuj povas esti interesaj por certaj nederlandaj grupoj.</p>



<h3 class="wp-block-heading">Interna organizo</h3>



<p>7.1 Kontakti kun asociaj membroj, ekzemple per cirkuleroj. <br>7.2 Varbi membrojn por la asocio. <br>7.3 Eldoni membrorevuon. <br>7.4 Instigi lokajn Esperantajn grupojn kontakti kaj/aŭ subteni kontaktojn kun grupoj kaj individuoj en aliaj landoj. Ankaŭ ĉi tiuj kontaktoj povas helpi disvastigi turisme interesajn tekstojn pri ilia urbo kaj publikigi ilin en la retejo de Esperanto Nederland. <br>7.5 Informi pri la jara premio Verloren van Themaat.</p>



<p><strong>Esperanto Nederland marto 2020</strong><br><strong>Aprobita en la jarkunveno de la 16-a de oktobro 2021 en Lunteren. </strong><br><strong>La jarkunveno en 2020 estis nuligita pro la koronvirusa pandemio.</strong></p>



<p></p>



<p></p>



<p></p>



<p></p>

<p>Agadoj de Esperanto Nederland por la venontaj jaroj. La venontajn jarojn la asocio Esperanto Nederland okupiĝos pri diversaj temoj. Unue, ĝi fokusiĝos al informado. Krome, ĝi klopodos varbi novajn membrojn kaj konservi kontaktojn kun rilataj organizaĵoj. Aliaj gravaj celoj estas edukado pri Esperanto, la katedro de Interlingvistiko kaj Esperanto ĉe la Universitato de Amsterdamo, kaj &hellip; <a href="https://esperanto-nederland.nl/index.php/eo/laborplano-2020-2025/" class="more-link">Verder lezen <span class="screen-reader-text">Laborplano 2020-2025</span></a></p>
