{"id":6772,"date":"2024-10-08T12:46:13","date_gmt":"2024-10-08T10:46:13","guid":{"rendered":"https:\/\/esperanto-nederland.nl\/?page_id=6772"},"modified":"2024-12-29T20:20:15","modified_gmt":"2024-12-29T19:20:15","slug":"la-amsterdamo-rondo-eo","status":"publish","type":"page","link":"https:\/\/esperanto-nederland.nl\/index.php\/eo\/la-amsterdamo-rondo-eo\/","title":{"rendered":"La Amsterdamo Rondo"},"content":{"rendered":"\n<div class=\"wp-block-columns is-layout-flex wp-container-core-columns-is-layout-9d6595d7 wp-block-columns-is-layout-flex\">\n<div class=\"wp-block-column is-layout-flow wp-block-column-is-layout-flow\">\n<p>\u0108iun duan diman\u0109on de la monato renkonti\u011das la Amsterdama grupo La Amsterdamo Rondo. Ni kunvenas en malstre\u0109a etoso, inter\u015dan\u011das nova\u0135ojn kaj planas novajn projektojn. Estas bela okazo por renkonti unu la alian kaj vidi novajn viza\u011dojn.<\/p>\n\n\n\n<p>Anka\u016d por tiuj, kiuj volas konati\u011di kun esperantistoj, la kombino de Amsterdamo kaj facile alirebla (publika) loko povas esti alloga. \u0108iuj povas simple eniri. Ni esperas, ke anka\u016d homoj de ekster la regiono inkluzivos \u0109i tiun renkonti\u011don en sia vizito al Amsterdamo.<\/p>\n\n\n\n<p>La kunvenoj estas de la 13.00 \u011dis la 15.00 horo. Post la kunveno ni kune trinkas kafon kaj foje man\u011das ion.<\/p>\n\n\n\n<p>Marku jam \u0109iun duan diman\u0109on de la monato en via agendo.<\/p>\n\n\n\n<p>Informu nin anticipe ke vi venos kaj sciigu nin kiam vi havas interesan temon.<br> <br> <\/p>\n<\/div>\n\n\n\n<div class=\"wp-block-column is-layout-flow wp-block-column-is-layout-flow\">\n<figure class=\"wp-block-image size-large is-resized\"><img loading=\"lazy\" decoding=\"async\" width=\"1024\" height=\"668\" src=\"https:\/\/esperanto-nederland.nl\/wp-content\/uploads\/2023\/09\/La-Amsterdamo-Rondo-grupo-1024x668.jpg\" alt=\"\" class=\"wp-image-1048\" style=\"width:478px;height:312px\" srcset=\"https:\/\/esperanto-nederland.nl\/wp-content\/uploads\/2023\/09\/La-Amsterdamo-Rondo-grupo-1024x668.jpg 1024w, https:\/\/esperanto-nederland.nl\/wp-content\/uploads\/2023\/09\/La-Amsterdamo-Rondo-grupo-300x196.jpg 300w, https:\/\/esperanto-nederland.nl\/wp-content\/uploads\/2023\/09\/La-Amsterdamo-Rondo-grupo-768x501.jpg 768w, https:\/\/esperanto-nederland.nl\/wp-content\/uploads\/2023\/09\/La-Amsterdamo-Rondo-grupo-1536x1002.jpg 1536w, https:\/\/esperanto-nederland.nl\/wp-content\/uploads\/2023\/09\/La-Amsterdamo-Rondo-grupo-583x380.jpg 583w, https:\/\/esperanto-nederland.nl\/wp-content\/uploads\/2023\/09\/La-Amsterdamo-Rondo-grupo.jpg 2048w\" sizes=\"auto, (max-width: 1024px) 100vw, 1024px\" \/><\/figure>\n<\/div>\n<\/div>\n\n\n\n<h2 class=\"wp-block-heading\">La programo<\/h2>\n\n\n\n<p>Ni regule havas specifan programon. Se vi volas atentigi ion al ni, ni \u015datus tion scii.<\/p>\n\n\n\n<p>Ne estas aliaj partoprenkostoj ol tio, kion vi mem konsumas.<\/p>\n\n\n\n<h2 class=\"wp-block-heading\">La loko<\/h2>\n\n\n\n<div class=\"wp-block-columns is-layout-flex wp-container-core-columns-is-layout-9d6595d7 wp-block-columns-is-layout-flex\">\n<div class=\"wp-block-column is-layout-flow wp-block-column-is-layout-flow\">\n<p>Ni renkonti\u011das je la adreso:<br>Hotel De Koopermoolen<br>Warmoesstraat 3-5<br>NL-1012 HT Amsterdam<\/p>\n\n\n\n<p>La loko estas atingebla:<\/p>\n\n\n\n<ul class=\"wp-block-list\">\n<li>De la Centra Stacio-okcidenta flanko: iru al la Victoriahotelo (Prins Hendrikkade), transiru la tramsignojn de Damrak, iru en la Nieuwe Brugsteeg. \u0108e via dekstra mano vi trovos la Warmoesstraat.<\/li>\n\n\n\n<li>De la Centra Stacio-orienta flanko: iru al la St. Nicolaaskerk (Prins Hendrikkade), iru dekstren \u011dis la St. Olofssteeg. Iru tra \u0109i tiu strateto. La etendi\u011do estas la Warmoesstraat.<\/li>\n<\/ul>\n<\/div>\n\n\n\n<div class=\"wp-block-column is-layout-flow wp-block-column-is-layout-flow\">\n<figure class=\"wp-block-image size-full is-resized\"><img loading=\"lazy\" decoding=\"async\" width=\"659\" height=\"574\" src=\"https:\/\/esperanto-nederland.nl\/wp-content\/uploads\/2023\/09\/afbeelding_2023-09-22_142537734.png\" alt=\"\" class=\"wp-image-1046\" style=\"width:475px;height:414px\" srcset=\"https:\/\/esperanto-nederland.nl\/wp-content\/uploads\/2023\/09\/afbeelding_2023-09-22_142537734.png 659w, https:\/\/esperanto-nederland.nl\/wp-content\/uploads\/2023\/09\/afbeelding_2023-09-22_142537734-300x261.png 300w, https:\/\/esperanto-nederland.nl\/wp-content\/uploads\/2023\/09\/afbeelding_2023-09-22_142537734-436x380.png 436w\" sizes=\"auto, (max-width: 659px) 100vw, 659px\" \/><\/figure>\n<\/div>\n<\/div>\n\n\n\n<h2 class=\"wp-block-heading\">Kontakto<\/h2>\n\n\n\n<p>Por demandoj kontaktu Peter Ebenau kaj Bert de Wit per <a href=\"https:\/\/esperanto-nederland.nl\/index.php\/eo\/kontakti-la-amsterdaman-rondon\/\" data-type=\"link\" data-id=\"https:\/\/esperanto-nederland.nl\/index.php\/eo\/kontakti-la-amsterdaman-rondon\/\" target=\"_blank\" rel=\"noreferrer noopener\">\u0109i tiu formularo<\/a>.<\/p>\n\n\n\n<p>Vi anka\u016d povas registri\u011di por la retpo\u015dtlisto, por ke vi estu informita pri la renkonti\u011doj.<\/p>\n\n\n\n<p>Peter Ebenau tel: +31(0)206 946 073  <br>Bert de Wit tel: +31(0)235 242 643<\/p>\n","protected":false},"excerpt":{"rendered":"<p>\u0108iun duan diman\u0109on de la monato renkonti\u011das la Amsterdama grupo La Amsterdamo Rondo. Ni kunvenas en malstre\u0109a etoso, inter\u015dan\u011das nova\u0135ojn kaj planas novajn projektojn. Estas bela okazo por renkonti unu la alian kaj vidi novajn viza\u011dojn. Anka\u016d por tiuj, kiuj volas konati\u011di kun esperantistoj, la kombino de Amsterdamo kaj facile alirebla (publika) loko povas esti &hellip; <a href=\"https:\/\/esperanto-nederland.nl\/index.php\/eo\/la-amsterdamo-rondo-eo\/\" class=\"more-link\">Verder lezen <span class=\"screen-reader-text\">La Amsterdamo Rondo<\/span><\/a><\/p>\n","protected":false},"author":2,"featured_media":0,"parent":0,"menu_order":0,"comment_status":"closed","ping_status":"closed","template":"","meta":{"footnotes":""},"class_list":["post-6772","page","type-page","status-publish","hentry","without-featured-image"],"_links":{"self":[{"href":"https:\/\/esperanto-nederland.nl\/index.php\/wp-json\/wp\/v2\/pages\/6772","targetHints":{"allow":["GET"]}}],"collection":[{"href":"https:\/\/esperanto-nederland.nl\/index.php\/wp-json\/wp\/v2\/pages"}],"about":[{"href":"https:\/\/esperanto-nederland.nl\/index.php\/wp-json\/wp\/v2\/types\/page"}],"author":[{"embeddable":true,"href":"https:\/\/esperanto-nederland.nl\/index.php\/wp-json\/wp\/v2\/users\/2"}],"replies":[{"embeddable":true,"href":"https:\/\/esperanto-nederland.nl\/index.php\/wp-json\/wp\/v2\/comments?post=6772"}],"version-history":[{"count":12,"href":"https:\/\/esperanto-nederland.nl\/index.php\/wp-json\/wp\/v2\/pages\/6772\/revisions"}],"predecessor-version":[{"id":8849,"href":"https:\/\/esperanto-nederland.nl\/index.php\/wp-json\/wp\/v2\/pages\/6772\/revisions\/8849"}],"wp:attachment":[{"href":"https:\/\/esperanto-nederland.nl\/index.php\/wp-json\/wp\/v2\/media?parent=6772"}],"curies":[{"name":"wp","href":"https:\/\/api.w.org\/{rel}","templated":true}]}}

<div class="wp-block-columns is-layout-flex wp-container-core-columns-is-layout-9d6595d7 wp-block-columns-is-layout-flex">
<div class="wp-block-column is-layout-flow wp-block-column-is-layout-flow">
<p>Ĉiun duan dimanĉon de la monato renkontiĝas la Amsterdama grupo La Amsterdamo Rondo. Ni kunvenas en malstreĉa etoso, interŝanĝas novaĵojn kaj planas novajn projektojn. Estas bela okazo por renkonti unu la alian kaj vidi novajn vizaĝojn.</p>



<p>Ankaŭ por tiuj, kiuj volas konatiĝi kun esperantistoj, la kombino de Amsterdamo kaj facile alirebla (publika) loko povas esti alloga. Ĉiuj povas simple eniri. Ni esperas, ke ankaŭ homoj de ekster la regiono inkluzivos ĉi tiun renkontiĝon en sia vizito al Amsterdamo.</p>



<p>La kunvenoj estas de la 13.00 ĝis la 15.00 horo. Post la kunveno ni kune trinkas kafon kaj foje manĝas ion.</p>



<p>Marku jam ĉiun duan dimanĉon de la monato en via agendo.</p>



<p>Informu nin anticipe ke vi venos kaj sciigu nin kiam vi havas interesan temon.<br> <br> </p>
</div>



<div class="wp-block-column is-layout-flow wp-block-column-is-layout-flow">
<figure class="wp-block-image size-large is-resized"><img loading="lazy" decoding="async" width="1024" height="668" src="https://esperanto-nederland.nl/wp-content/uploads/2023/09/La-Amsterdamo-Rondo-grupo-1024x668.jpg" alt="" class="wp-image-1048" style="width:478px;height:312px" srcset="https://esperanto-nederland.nl/wp-content/uploads/2023/09/La-Amsterdamo-Rondo-grupo-1024x668.jpg 1024w, https://esperanto-nederland.nl/wp-content/uploads/2023/09/La-Amsterdamo-Rondo-grupo-300x196.jpg 300w, https://esperanto-nederland.nl/wp-content/uploads/2023/09/La-Amsterdamo-Rondo-grupo-768x501.jpg 768w, https://esperanto-nederland.nl/wp-content/uploads/2023/09/La-Amsterdamo-Rondo-grupo-1536x1002.jpg 1536w, https://esperanto-nederland.nl/wp-content/uploads/2023/09/La-Amsterdamo-Rondo-grupo-583x380.jpg 583w, https://esperanto-nederland.nl/wp-content/uploads/2023/09/La-Amsterdamo-Rondo-grupo.jpg 2048w" sizes="auto, (max-width: 1024px) 100vw, 1024px" /></figure>
</div>
</div>



<h2 class="wp-block-heading">La programo</h2>



<p>Ni regule havas specifan programon. Se vi volas atentigi ion al ni, ni ŝatus tion scii.</p>



<p>Ne estas aliaj partoprenkostoj ol tio, kion vi mem konsumas.</p>



<h2 class="wp-block-heading">La loko</h2>



<div class="wp-block-columns is-layout-flex wp-container-core-columns-is-layout-9d6595d7 wp-block-columns-is-layout-flex">
<div class="wp-block-column is-layout-flow wp-block-column-is-layout-flow">
<p>Ni renkontiĝas je la adreso:<br>Hotel De Koopermoolen<br>Warmoesstraat 3-5<br>NL-1012 HT Amsterdam</p>



<p>La loko estas atingebla:</p>



<ul class="wp-block-list">
<li>De la Centra Stacio-okcidenta flanko: iru al la Victoriahotelo (Prins Hendrikkade), transiru la tramsignojn de Damrak, iru en la Nieuwe Brugsteeg. Ĉe via dekstra mano vi trovos la Warmoesstraat.</li>



<li>De la Centra Stacio-orienta flanko: iru al la St. Nicolaaskerk (Prins Hendrikkade), iru dekstren ĝis la St. Olofssteeg. Iru tra ĉi tiu strateto. La etendiĝo estas la Warmoesstraat.</li>
</ul>
</div>



<div class="wp-block-column is-layout-flow wp-block-column-is-layout-flow">
<figure class="wp-block-image size-full is-resized"><img loading="lazy" decoding="async" width="659" height="574" src="https://esperanto-nederland.nl/wp-content/uploads/2023/09/afbeelding_2023-09-22_142537734.png" alt="" class="wp-image-1046" style="width:475px;height:414px" srcset="https://esperanto-nederland.nl/wp-content/uploads/2023/09/afbeelding_2023-09-22_142537734.png 659w, https://esperanto-nederland.nl/wp-content/uploads/2023/09/afbeelding_2023-09-22_142537734-300x261.png 300w, https://esperanto-nederland.nl/wp-content/uploads/2023/09/afbeelding_2023-09-22_142537734-436x380.png 436w" sizes="auto, (max-width: 659px) 100vw, 659px" /></figure>
</div>
</div>



<h2 class="wp-block-heading">Kontakto</h2>



<p>Por demandoj kontaktu Peter Ebenau kaj Bert de Wit per <a href="https://esperanto-nederland.nl/index.php/eo/kontakti-la-amsterdaman-rondon/" data-type="link" data-id="https://esperanto-nederland.nl/index.php/eo/kontakti-la-amsterdaman-rondon/" target="_blank" rel="noreferrer noopener">ĉi tiu formularo</a>.</p>



<p>Vi ankaŭ povas registriĝi por la retpoŝtlisto, por ke vi estu informita pri la renkontiĝoj.</p>



<p>Peter Ebenau tel: +31(0)206 946 073  <br>Bert de Wit tel: +31(0)235 242 643</p>

<p>Ĉiun duan dimanĉon de la monato renkontiĝas la Amsterdama grupo La Amsterdamo Rondo. Ni kunvenas en malstreĉa etoso, interŝanĝas novaĵojn kaj planas novajn projektojn. Estas bela okazo por renkonti unu la alian kaj vidi novajn vizaĝojn. Ankaŭ por tiuj, kiuj volas konatiĝi kun esperantistoj, la kombino de Amsterdamo kaj facile alirebla (publika) loko povas esti &hellip; <a href="https://esperanto-nederland.nl/index.php/eo/la-amsterdamo-rondo-eo/" class="more-link">Verder lezen <span class="screen-reader-text">La Amsterdamo Rondo</span></a></p>
