{"id":6793,"date":"2024-10-08T13:43:18","date_gmt":"2024-10-08T11:43:18","guid":{"rendered":"https:\/\/esperanto-nederland.nl\/?page_id=6793"},"modified":"2026-04-01T20:53:43","modified_gmt":"2026-04-01T18:53:43","slug":"kultura-tago","status":"publish","type":"page","link":"https:\/\/esperanto-nederland.nl\/index.php\/eo\/kultura-tago\/","title":{"rendered":"Kultura Tago"},"content":{"rendered":"\n<figure data-wp-context=\"{&quot;imageId&quot;:&quot;69f1d288be16e&quot;}\" data-wp-interactive=\"core\/image\" class=\"wp-block-image size-large is-resized wp-lightbox-container\"><img decoding=\"async\" data-wp-class--hide=\"state.isContentHidden\" data-wp-class--show=\"state.isContentVisible\" data-wp-init=\"callbacks.setButtonStyles\" data-wp-on-async--click=\"actions.showLightbox\" data-wp-on-async--load=\"callbacks.setButtonStyles\" data-wp-on-async-window--resize=\"callbacks.setButtonStyles\" src=\"https:\/\/esperanto-nederland.nl\/wp-content\/uploads\/2026\/01\/Copilot_Veghel-800p.png\" alt=\"\" style=\"width:500px\"\/><button\n\t\t\tclass=\"lightbox-trigger\"\n\t\t\ttype=\"button\"\n\t\t\taria-haspopup=\"dialog\"\n\t\t\taria-label=\"Vergroten\"\n\t\t\tdata-wp-init=\"callbacks.initTriggerButton\"\n\t\t\tdata-wp-on-async--click=\"actions.showLightbox\"\n\t\t\tdata-wp-style--right=\"state.imageButtonRight\"\n\t\t\tdata-wp-style--top=\"state.imageButtonTop\"\n\t\t>\n\t\t\t<svg xmlns=\"http:\/\/www.w3.org\/2000\/svg\" width=\"12\" height=\"12\" fill=\"none\" viewBox=\"0 0 12 12\">\n\t\t\t\t<path fill=\"#fff\" d=\"M2 0a2 2 0 0 0-2 2v2h1.5V2a.5.5 0 0 1 .5-.5h2V0H2Zm2 10.5H2a.5.5 0 0 1-.5-.5V8H0v2a2 2 0 0 0 2 2h2v-1.5ZM8 12v-1.5h2a.5.5 0 0 0 .5-.5V8H12v2a2 2 0 0 1-2 2H8Zm2-12a2 2 0 0 1 2 2v2h-1.5V2a.5.5 0 0 0-.5-.5H8V0h2Z\" \/>\n\t\t\t<\/svg>\n\t\t<\/button><figcaption class=\"wp-element-caption\"><em>Bildo<\/em> <em>Copilot<\/em><\/figcaption><\/figure>\n\n\n\n<p><strong>La kultura tago estas \u0109iujara aran\u011do organizata de Esperanto Nederland. La aran\u011do okazas sabate \u0109iujare kaj celas kunigi Esperanto-parolantojn el Nederlando kaj eksterlando kaj konati\u011di kun la nederlanda kulturo.<\/strong><\/p>\n\n\n\n<p>La programo de la kultura tago konsistas el varia miksa\u0135o de agadoj, kiel ekzemple:<\/p>\n\n\n\n<ul class=\"wp-block-list\">\n<li>\u0108i\u0109erona\u0135o tra muzeo a\u016d alia kultura vidinda\u0135o<\/li>\n\n\n\n<li>Promenado tra urbo a\u016d vila\u011do<\/li>\n\n\n\n<li>Koncerto a\u016d alia kultura prezentado<\/li>\n\n\n\n<li>Vesperman\u011do a\u016d trinka\u0135oj<\/li>\n<\/ul>\n\n\n\n<h2 class=\"wp-block-heading\">Kultura tago en Veghel,<\/h2>\n\n\n\n<p>KIE? en Veghel, Zalencentrum van de Burgt. Prins Willem Alexander Sportpark 5, 5461 XL Veghel<\/p>\n\n\n\n<p>Kiam ? La 13-a de junio 2026, je la 11:00 \u2013 17:00 horo<\/p>\n\n\n\n<p>Veghel estas vigla urbo en la nederlanda provinco Nord-Brabanto. \u011ci situas \u0109e la rivero Aa kaj la Kanalo de Vilhelmo la 2-a.<br>La urbo estas konata pro sia forta industrio,<br>precipe en la nutra\u0135a sektoro kiel Mars Nederland, FrieslandCampina (DMV), Jumbo Supermarkten,<br>Sligro Food Group kaj Hutten. De Noordkade estas industria hereda\u0135o kaj nuntempe la kultura koro de Veghel.<\/p>\n\n\n\n<p><a href=\"https:\/\/esperanto-nederland.nl\/index.php\/eo\/kultura-tago-en-veghel\/\" data-type=\"page\" data-id=\"12891\" target=\"_blank\" rel=\"noreferrer noopener\">La programo de la kultura tago<\/a><\/p>\n\n\n\n<p>Vidu:&nbsp;<a href=\"https:\/\/eventaservo.org\/e\/ce4e54\" target=\"_blank\" rel=\"noreferrer noopener\">https:\/\/eventaservo.org\/e\/ce4e54<\/a><\/p>\n\n\n\n<p><a href=\"https:\/\/esperanto-nederland.nl\/index.php\/eo\/kontakti-organizon-de-la-kultura-tago\/\" target=\"_blank\" rel=\"noreferrer noopener\">Kontakti la organizon de la kultura tago<\/a>.<\/p>\n\n\n\n<h3 class=\"wp-block-heading\">La kultura tago 2025 en Alkmaar<\/h3>\n\n\n\n<p>Sabate, la 14-an de junio 2025, okazis la Kultura Esperanto-Tago en Alkmaar. La estraranoj de La Esperanta Klubo Alkmaar, Margot Koopmans kaj Tiny Droge, organizis tiun tagon. La centra loko por tiu tago estis De Soci\u00ebteit, \u0109arma konstrua\u0135o el la 19-a jarcento en la strato Luttik Oudorp.<\/p>\n\n\n\n<p><a href=\"https:\/\/esperanto-nederland.nl\/index.php\/eo\/kultura-tago-en-alkmaar\/\" data-type=\"link\" data-id=\"https:\/\/esperanto-nederland.nl\/index.php\/eo\/kultura-tago-en-alkmaar\/\">Legu pli kaj rigardu la fotojn.<\/a><br><br> <br> <br> <br> <\/p>\n\n\n\n<div class=\"wp-block-columns is-layout-flex wp-container-core-columns-is-layout-9d6595d7 wp-block-columns-is-layout-flex\">\n<div class=\"wp-block-column is-layout-flow wp-block-column-is-layout-flow\">\n<h3 class=\"wp-block-heading\"><a href=\"https:\/\/esperanto-nederland.nl\/index.php\/eo\/kultura-tago-en-alkmaar\/\" data-type=\"link\" data-id=\"https:\/\/esperanto-nederland.nl\/index.php\/eo\/kultura-tago-en-alkmaar\/\">Alkmaar (2025)<\/a><\/h3>\n\n\n\n<figure class=\"wp-block-image size-large\"><a href=\"https:\/\/esperanto-nederland.nl\/index.php\/eo\/kultura-tago-en-alkmaar\/\"><img loading=\"lazy\" decoding=\"async\" width=\"1024\" height=\"768\" src=\"https:\/\/esperanto-nederland.nl\/wp-content\/uploads\/2025\/06\/20250614fkho1810510_v-_phoro-1024x768.jpg\" alt=\"\" class=\"wp-image-10680\" srcset=\"https:\/\/esperanto-nederland.nl\/wp-content\/uploads\/2025\/06\/20250614fkho1810510_v-_phoro-1024x768.jpg 1024w, https:\/\/esperanto-nederland.nl\/wp-content\/uploads\/2025\/06\/20250614fkho1810510_v-_phoro-300x225.jpg 300w, https:\/\/esperanto-nederland.nl\/wp-content\/uploads\/2025\/06\/20250614fkho1810510_v-_phoro-200x150.jpg 200w, https:\/\/esperanto-nederland.nl\/wp-content\/uploads\/2025\/06\/20250614fkho1810510_v-_phoro-768x576.jpg 768w, https:\/\/esperanto-nederland.nl\/wp-content\/uploads\/2025\/06\/20250614fkho1810510_v-_phoro-507x380.jpg 507w, https:\/\/esperanto-nederland.nl\/wp-content\/uploads\/2025\/06\/20250614fkho1810510_v-_phoro.jpg 1200w\" sizes=\"auto, (max-width: 1024px) 100vw, 1024px\" \/><\/a><\/figure>\n\n\n\n<p>Fotoj de la <a href=\"https:\/\/esperanto-nederland.nl\/index.php\/eo\/kultura-tago-en-alkmaar\/\" data-type=\"link\" data-id=\"https:\/\/esperanto-nederland.nl\/index.php\/eo\/kultura-tago-en-alkmaar\/\">kultura tago en Alkmaar<\/a> (2025)<br> <br><\/p>\n<\/div>\n\n\n\n<div class=\"wp-block-column is-layout-flow wp-block-column-is-layout-flow\">\n<h3 class=\"wp-block-heading\"><a href=\"https:\/\/esperanto-nederland.nl\/index.php\/eo\/kultura-tago-en-zutphen\/\" data-type=\"link\" data-id=\"https:\/\/esperanto-nederland.nl\/index.php\/eo\/kultura-tago-en-zutphen\/\">Zutphen (2024)<\/a><\/h3>\n\n\n\n<figure class=\"wp-block-image size-large\"><a href=\"https:\/\/esperanto-nederland.nl\/index.php\/eo\/kultura-tago-en-zutphen\/\"><img loading=\"lazy\" decoding=\"async\" width=\"1024\" height=\"768\" src=\"https:\/\/esperanto-nederland.nl\/wp-content\/uploads\/2024\/08\/20240623anho0020065_1200p-1024x768.jpg\" alt=\"\" class=\"wp-image-5102\" srcset=\"https:\/\/esperanto-nederland.nl\/wp-content\/uploads\/2024\/08\/20240623anho0020065_1200p-1024x768.jpg 1024w, https:\/\/esperanto-nederland.nl\/wp-content\/uploads\/2024\/08\/20240623anho0020065_1200p-300x225.jpg 300w, https:\/\/esperanto-nederland.nl\/wp-content\/uploads\/2024\/08\/20240623anho0020065_1200p-768x576.jpg 768w, https:\/\/esperanto-nederland.nl\/wp-content\/uploads\/2024\/08\/20240623anho0020065_1200p-507x380.jpg 507w, https:\/\/esperanto-nederland.nl\/wp-content\/uploads\/2024\/08\/20240623anho0020065_1200p.jpg 1200w\" sizes=\"auto, (max-width: 1024px) 100vw, 1024px\" \/><\/a><\/figure>\n\n\n\n<p>Fotoj de <a href=\"https:\/\/esperanto-nederland.nl\/index.php\/eo\/kultura-tago-en-zutphen\/\" data-type=\"link\" data-id=\"https:\/\/esperanto-nederland.nl\/index.php\/eo\/kultura-tago-en-zutphen\/\">kultura Tago en Zutphen<\/a> (2024)<\/p>\n<\/div>\n<\/div>\n\n\n\n<div class=\"wp-block-columns is-layout-flex wp-container-core-columns-is-layout-9d6595d7 wp-block-columns-is-layout-flex\">\n<div class=\"wp-block-column is-layout-flow wp-block-column-is-layout-flow\">\n<h3 class=\"wp-block-heading\"><a href=\"https:\/\/esperanto-nederland.nl\/index.php\/eo\/kultura-tago-en-maastricht\/\">Maastricht (2023)<\/a><\/h3>\n\n\n\n<figure class=\"wp-block-image size-large\"><a href=\"https:\/\/esperanto-nederland.nl\/index.php\/culturele-dag-in-maastricht\/\"><img decoding=\"async\" src=\"https:\/\/esperanto-nederland.nl\/wp-content\/uploads\/2023\/09\/Kultura-Tago-en-Mastrihto-scaled.jpg\" alt=\"\" style=\"aspect-ratio:1.3333333333333333;object-fit:cover\"\/><\/a><\/figure>\n\n\n\n<p>Fotoj de la <a href=\"https:\/\/esperanto-nederland.nl\/index.php\/eo\/kultura-tago-en-maastricht\/\" data-type=\"post\" data-id=\"3606\">kultura tago en Maastricht<\/a> (2023)<\/p>\n<\/div>\n\n\n\n<div class=\"wp-block-column is-layout-flow wp-block-column-is-layout-flow\">\n<h3 class=\"wp-block-heading\"><a href=\"https:\/\/esperanto-nederland.nl\/index.php\/eo\/kultura-tago-en-woudrichem\/\">Woudrichem (2022)<\/a><\/h3>\n\n\n\n<figure class=\"wp-block-image size-full\"><a href=\"https:\/\/esperanto-nederland.nl\/?page_id=5155\"><img loading=\"lazy\" decoding=\"async\" width=\"647\" height=\"486\" src=\"https:\/\/esperanto-nederland.nl\/wp-content\/uploads\/2024\/08\/Kultura-Tago-Woudrichem-2022-06-25-38-1.png\" alt=\"\" class=\"wp-image-5151\" style=\"aspect-ratio:4\/3;object-fit:cover\" srcset=\"https:\/\/esperanto-nederland.nl\/wp-content\/uploads\/2024\/08\/Kultura-Tago-Woudrichem-2022-06-25-38-1.png 647w, https:\/\/esperanto-nederland.nl\/wp-content\/uploads\/2024\/08\/Kultura-Tago-Woudrichem-2022-06-25-38-1-300x225.png 300w, https:\/\/esperanto-nederland.nl\/wp-content\/uploads\/2024\/08\/Kultura-Tago-Woudrichem-2022-06-25-38-1-506x380.png 506w\" sizes=\"auto, (max-width: 647px) 100vw, 647px\" \/><\/a><\/figure>\n\n\n\n<p>Fotoj de la <a href=\"https:\/\/esperanto-nederland.nl\/index.php\/eo\/kultura-tago-en-woudrichem\/\" data-type=\"page\" data-id=\"5155\">kultura tago en Woudrichem<\/a> (2022)<\/p>\n<\/div>\n<\/div>\n\n\n\n<p><\/p>\n\n\n\n<p><\/p>\n","protected":false},"excerpt":{"rendered":"<p>La kultura tago estas \u0109iujara aran\u011do organizata de Esperanto Nederland. La aran\u011do okazas sabate \u0109iujare kaj celas kunigi Esperanto-parolantojn el Nederlando kaj eksterlando kaj konati\u011di kun la nederlanda kulturo. La programo de la kultura tago konsistas el varia miksa\u0135o de agadoj, kiel ekzemple: Kultura tago en Veghel, KIE? en Veghel, Zalencentrum van de Burgt. Prins &hellip; <a href=\"https:\/\/esperanto-nederland.nl\/index.php\/eo\/kultura-tago\/\" class=\"more-link\">Verder lezen <span class=\"screen-reader-text\">Kultura Tago<\/span><\/a><\/p>\n","protected":false},"author":2,"featured_media":0,"parent":0,"menu_order":0,"comment_status":"closed","ping_status":"closed","template":"","meta":{"footnotes":""},"class_list":["post-6793","page","type-page","status-publish","hentry","without-featured-image"],"_links":{"self":[{"href":"https:\/\/esperanto-nederland.nl\/index.php\/wp-json\/wp\/v2\/pages\/6793","targetHints":{"allow":["GET"]}}],"collection":[{"href":"https:\/\/esperanto-nederland.nl\/index.php\/wp-json\/wp\/v2\/pages"}],"about":[{"href":"https:\/\/esperanto-nederland.nl\/index.php\/wp-json\/wp\/v2\/types\/page"}],"author":[{"embeddable":true,"href":"https:\/\/esperanto-nederland.nl\/index.php\/wp-json\/wp\/v2\/users\/2"}],"replies":[{"embeddable":true,"href":"https:\/\/esperanto-nederland.nl\/index.php\/wp-json\/wp\/v2\/comments?post=6793"}],"version-history":[{"count":52,"href":"https:\/\/esperanto-nederland.nl\/index.php\/wp-json\/wp\/v2\/pages\/6793\/revisions"}],"predecessor-version":[{"id":13137,"href":"https:\/\/esperanto-nederland.nl\/index.php\/wp-json\/wp\/v2\/pages\/6793\/revisions\/13137"}],"wp:attachment":[{"href":"https:\/\/esperanto-nederland.nl\/index.php\/wp-json\/wp\/v2\/media?parent=6793"}],"curies":[{"name":"wp","href":"https:\/\/api.w.org\/{rel}","templated":true}]}}

<figure data-wp-context="{&quot;imageId&quot;:&quot;69f1d288be16e&quot;}" data-wp-interactive="core/image" class="wp-block-image size-large is-resized wp-lightbox-container"><img decoding="async" data-wp-class--hide="state.isContentHidden" data-wp-class--show="state.isContentVisible" data-wp-init="callbacks.setButtonStyles" data-wp-on-async--click="actions.showLightbox" data-wp-on-async--load="callbacks.setButtonStyles" data-wp-on-async-window--resize="callbacks.setButtonStyles" src="https://esperanto-nederland.nl/wp-content/uploads/2026/01/Copilot_Veghel-800p.png" alt="" style="width:500px"/><button
			class="lightbox-trigger"
			type="button"
			aria-haspopup="dialog"
			aria-label="Vergroten"
			data-wp-init="callbacks.initTriggerButton"
			data-wp-on-async--click="actions.showLightbox"
			data-wp-style--right="state.imageButtonRight"
			data-wp-style--top="state.imageButtonTop"
		>
			<svg xmlns="http://www.w3.org/2000/svg" width="12" height="12" fill="none" viewBox="0 0 12 12">
				<path fill="#fff" d="M2 0a2 2 0 0 0-2 2v2h1.5V2a.5.5 0 0 1 .5-.5h2V0H2Zm2 10.5H2a.5.5 0 0 1-.5-.5V8H0v2a2 2 0 0 0 2 2h2v-1.5ZM8 12v-1.5h2a.5.5 0 0 0 .5-.5V8H12v2a2 2 0 0 1-2 2H8Zm2-12a2 2 0 0 1 2 2v2h-1.5V2a.5.5 0 0 0-.5-.5H8V0h2Z" />
			</svg>
		</button><figcaption class="wp-element-caption"><em>Bildo</em> <em>Copilot</em></figcaption></figure>



<p><strong>La kultura tago estas ĉiujara aranĝo organizata de Esperanto Nederland. La aranĝo okazas sabate ĉiujare kaj celas kunigi Esperanto-parolantojn el Nederlando kaj eksterlando kaj konatiĝi kun la nederlanda kulturo.</strong></p>



<p>La programo de la kultura tago konsistas el varia miksaĵo de agadoj, kiel ekzemple:</p>



<ul class="wp-block-list">
<li>Ĉiĉeronaĵo tra muzeo aŭ alia kultura vidindaĵo</li>



<li>Promenado tra urbo aŭ vilaĝo</li>



<li>Koncerto aŭ alia kultura prezentado</li>



<li>Vespermanĝo aŭ trinkaĵoj</li>
</ul>



<h2 class="wp-block-heading">Kultura tago en Veghel,</h2>



<p>KIE? en Veghel, Zalencentrum van de Burgt. Prins Willem Alexander Sportpark 5, 5461 XL Veghel</p>



<p>Kiam ? La 13-a de junio 2026, je la 11:00 – 17:00 horo</p>



<p>Veghel estas vigla urbo en la nederlanda provinco Nord-Brabanto. Ĝi situas ĉe la rivero Aa kaj la Kanalo de Vilhelmo la 2-a.<br>La urbo estas konata pro sia forta industrio,<br>precipe en la nutraĵa sektoro kiel Mars Nederland, FrieslandCampina (DMV), Jumbo Supermarkten,<br>Sligro Food Group kaj Hutten. De Noordkade estas industria heredaĵo kaj nuntempe la kultura koro de Veghel.</p>



<p><a href="https://esperanto-nederland.nl/index.php/eo/kultura-tago-en-veghel/" data-type="page" data-id="12891" target="_blank" rel="noreferrer noopener">La programo de la kultura tago</a></p>



<p>Vidu:&nbsp;<a href="https://eventaservo.org/e/ce4e54" target="_blank" rel="noreferrer noopener">https://eventaservo.org/e/ce4e54</a></p>



<p><a href="https://esperanto-nederland.nl/index.php/eo/kontakti-organizon-de-la-kultura-tago/" target="_blank" rel="noreferrer noopener">Kontakti la organizon de la kultura tago</a>.</p>



<h3 class="wp-block-heading">La kultura tago 2025 en Alkmaar</h3>



<p>Sabate, la 14-an de junio 2025, okazis la Kultura Esperanto-Tago en Alkmaar. La estraranoj de La Esperanta Klubo Alkmaar, Margot Koopmans kaj Tiny Droge, organizis tiun tagon. La centra loko por tiu tago estis De Sociëteit, ĉarma konstruaĵo el la 19-a jarcento en la strato Luttik Oudorp.</p>



<p><a href="https://esperanto-nederland.nl/index.php/eo/kultura-tago-en-alkmaar/" data-type="link" data-id="https://esperanto-nederland.nl/index.php/eo/kultura-tago-en-alkmaar/">Legu pli kaj rigardu la fotojn.</a><br><br> <br> <br> <br> </p>



<div class="wp-block-columns is-layout-flex wp-container-core-columns-is-layout-9d6595d7 wp-block-columns-is-layout-flex">
<div class="wp-block-column is-layout-flow wp-block-column-is-layout-flow">
<h3 class="wp-block-heading"><a href="https://esperanto-nederland.nl/index.php/eo/kultura-tago-en-alkmaar/" data-type="link" data-id="https://esperanto-nederland.nl/index.php/eo/kultura-tago-en-alkmaar/">Alkmaar (2025)</a></h3>



<figure class="wp-block-image size-large"><a href="https://esperanto-nederland.nl/index.php/eo/kultura-tago-en-alkmaar/"><img loading="lazy" decoding="async" width="1024" height="768" src="https://esperanto-nederland.nl/wp-content/uploads/2025/06/20250614fkho1810510_v-_phoro-1024x768.jpg" alt="" class="wp-image-10680" srcset="https://esperanto-nederland.nl/wp-content/uploads/2025/06/20250614fkho1810510_v-_phoro-1024x768.jpg 1024w, https://esperanto-nederland.nl/wp-content/uploads/2025/06/20250614fkho1810510_v-_phoro-300x225.jpg 300w, https://esperanto-nederland.nl/wp-content/uploads/2025/06/20250614fkho1810510_v-_phoro-200x150.jpg 200w, https://esperanto-nederland.nl/wp-content/uploads/2025/06/20250614fkho1810510_v-_phoro-768x576.jpg 768w, https://esperanto-nederland.nl/wp-content/uploads/2025/06/20250614fkho1810510_v-_phoro-507x380.jpg 507w, https://esperanto-nederland.nl/wp-content/uploads/2025/06/20250614fkho1810510_v-_phoro.jpg 1200w" sizes="auto, (max-width: 1024px) 100vw, 1024px" /></a></figure>



<p>Fotoj de la <a href="https://esperanto-nederland.nl/index.php/eo/kultura-tago-en-alkmaar/" data-type="link" data-id="https://esperanto-nederland.nl/index.php/eo/kultura-tago-en-alkmaar/">kultura tago en Alkmaar</a> (2025)<br> <br></p>
</div>



<div class="wp-block-column is-layout-flow wp-block-column-is-layout-flow">
<h3 class="wp-block-heading"><a href="https://esperanto-nederland.nl/index.php/eo/kultura-tago-en-zutphen/" data-type="link" data-id="https://esperanto-nederland.nl/index.php/eo/kultura-tago-en-zutphen/">Zutphen (2024)</a></h3>



<figure class="wp-block-image size-large"><a href="https://esperanto-nederland.nl/index.php/eo/kultura-tago-en-zutphen/"><img loading="lazy" decoding="async" width="1024" height="768" src="https://esperanto-nederland.nl/wp-content/uploads/2024/08/20240623anho0020065_1200p-1024x768.jpg" alt="" class="wp-image-5102" srcset="https://esperanto-nederland.nl/wp-content/uploads/2024/08/20240623anho0020065_1200p-1024x768.jpg 1024w, https://esperanto-nederland.nl/wp-content/uploads/2024/08/20240623anho0020065_1200p-300x225.jpg 300w, https://esperanto-nederland.nl/wp-content/uploads/2024/08/20240623anho0020065_1200p-768x576.jpg 768w, https://esperanto-nederland.nl/wp-content/uploads/2024/08/20240623anho0020065_1200p-507x380.jpg 507w, https://esperanto-nederland.nl/wp-content/uploads/2024/08/20240623anho0020065_1200p.jpg 1200w" sizes="auto, (max-width: 1024px) 100vw, 1024px" /></a></figure>



<p>Fotoj de <a href="https://esperanto-nederland.nl/index.php/eo/kultura-tago-en-zutphen/" data-type="link" data-id="https://esperanto-nederland.nl/index.php/eo/kultura-tago-en-zutphen/">kultura Tago en Zutphen</a> (2024)</p>
</div>
</div>



<div class="wp-block-columns is-layout-flex wp-container-core-columns-is-layout-9d6595d7 wp-block-columns-is-layout-flex">
<div class="wp-block-column is-layout-flow wp-block-column-is-layout-flow">
<h3 class="wp-block-heading"><a href="https://esperanto-nederland.nl/index.php/eo/kultura-tago-en-maastricht/">Maastricht (2023)</a></h3>



<figure class="wp-block-image size-large"><a href="https://esperanto-nederland.nl/index.php/culturele-dag-in-maastricht/"><img decoding="async" src="https://esperanto-nederland.nl/wp-content/uploads/2023/09/Kultura-Tago-en-Mastrihto-scaled.jpg" alt="" style="aspect-ratio:1.3333333333333333;object-fit:cover"/></a></figure>



<p>Fotoj de la <a href="https://esperanto-nederland.nl/index.php/eo/kultura-tago-en-maastricht/" data-type="post" data-id="3606">kultura tago en Maastricht</a> (2023)</p>
</div>



<div class="wp-block-column is-layout-flow wp-block-column-is-layout-flow">
<h3 class="wp-block-heading"><a href="https://esperanto-nederland.nl/index.php/eo/kultura-tago-en-woudrichem/">Woudrichem (2022)</a></h3>



<figure class="wp-block-image size-full"><a href="https://esperanto-nederland.nl/?page_id=5155"><img loading="lazy" decoding="async" width="647" height="486" src="https://esperanto-nederland.nl/wp-content/uploads/2024/08/Kultura-Tago-Woudrichem-2022-06-25-38-1.png" alt="" class="wp-image-5151" style="aspect-ratio:4/3;object-fit:cover" srcset="https://esperanto-nederland.nl/wp-content/uploads/2024/08/Kultura-Tago-Woudrichem-2022-06-25-38-1.png 647w, https://esperanto-nederland.nl/wp-content/uploads/2024/08/Kultura-Tago-Woudrichem-2022-06-25-38-1-300x225.png 300w, https://esperanto-nederland.nl/wp-content/uploads/2024/08/Kultura-Tago-Woudrichem-2022-06-25-38-1-506x380.png 506w" sizes="auto, (max-width: 647px) 100vw, 647px" /></a></figure>



<p>Fotoj de la <a href="https://esperanto-nederland.nl/index.php/eo/kultura-tago-en-woudrichem/" data-type="page" data-id="5155">kultura tago en Woudrichem</a> (2022)</p>
</div>
</div>



<p></p>



<p></p>

<p>La kultura tago estas ĉiujara aranĝo organizata de Esperanto Nederland. La aranĝo okazas sabate ĉiujare kaj celas kunigi Esperanto-parolantojn el Nederlando kaj eksterlando kaj konatiĝi kun la nederlanda kulturo. La programo de la kultura tago konsistas el varia miksaĵo de agadoj, kiel ekzemple: Kultura tago en Veghel, KIE? en Veghel, Zalencentrum van de Burgt. Prins &hellip; <a href="https://esperanto-nederland.nl/index.php/eo/kultura-tago/" class="more-link">Verder lezen <span class="screen-reader-text">Kultura Tago</span></a></p>
