{"id":6799,"date":"2024-10-08T13:49:20","date_gmt":"2024-10-08T11:49:20","guid":{"rendered":"https:\/\/esperanto-nederland.nl\/?page_id=6799"},"modified":"2025-03-17T22:08:31","modified_gmt":"2025-03-17T21:08:31","slug":"kultura-tago-en-maastricht","status":"publish","type":"page","link":"https:\/\/esperanto-nederland.nl\/index.php\/eo\/kultura-tago-en-maastricht\/","title":{"rendered":"Kultura Tago en Maastricht"},"content":{"rendered":"\n<figure data-wp-context=\"{&quot;imageId&quot;:&quot;69f1d7de9818a&quot;}\" data-wp-interactive=\"core\/image\" class=\"wp-block-image size-large is-resized wp-lightbox-container\"><img loading=\"lazy\" decoding=\"async\" width=\"1024\" height=\"636\" data-wp-class--hide=\"state.isContentHidden\" data-wp-class--show=\"state.isContentVisible\" data-wp-init=\"callbacks.setButtonStyles\" data-wp-on-async--click=\"actions.showLightbox\" data-wp-on-async--load=\"callbacks.setButtonStyles\" data-wp-on-async-window--resize=\"callbacks.setButtonStyles\" src=\"https:\/\/esperanto-nederland.nl\/wp-content\/uploads\/2024\/07\/cultureledag2023-1024x636.jpg\" alt=\"\" class=\"wp-image-4906\" style=\"width:621px;height:auto\" srcset=\"https:\/\/esperanto-nederland.nl\/wp-content\/uploads\/2024\/07\/cultureledag2023-1024x636.jpg 1024w, https:\/\/esperanto-nederland.nl\/wp-content\/uploads\/2024\/07\/cultureledag2023-300x186.jpg 300w, https:\/\/esperanto-nederland.nl\/wp-content\/uploads\/2024\/07\/cultureledag2023-768x477.jpg 768w, https:\/\/esperanto-nederland.nl\/wp-content\/uploads\/2024\/07\/cultureledag2023-612x380.jpg 612w, https:\/\/esperanto-nederland.nl\/wp-content\/uploads\/2024\/07\/cultureledag2023.jpg 1480w\" sizes=\"auto, (max-width: 1024px) 100vw, 1024px\" \/><button\n\t\t\tclass=\"lightbox-trigger\"\n\t\t\ttype=\"button\"\n\t\t\taria-haspopup=\"dialog\"\n\t\t\taria-label=\"Vergroten\"\n\t\t\tdata-wp-init=\"callbacks.initTriggerButton\"\n\t\t\tdata-wp-on-async--click=\"actions.showLightbox\"\n\t\t\tdata-wp-style--right=\"state.imageButtonRight\"\n\t\t\tdata-wp-style--top=\"state.imageButtonTop\"\n\t\t>\n\t\t\t<svg xmlns=\"http:\/\/www.w3.org\/2000\/svg\" width=\"12\" height=\"12\" fill=\"none\" viewBox=\"0 0 12 12\">\n\t\t\t\t<path fill=\"#fff\" d=\"M2 0a2 2 0 0 0-2 2v2h1.5V2a.5.5 0 0 1 .5-.5h2V0H2Zm2 10.5H2a.5.5 0 0 1-.5-.5V8H0v2a2 2 0 0 0 2 2h2v-1.5ZM8 12v-1.5h2a.5.5 0 0 0 .5-.5V8H12v2a2 2 0 0 1-2 2H8Zm2-12a2 2 0 0 1 2 2v2h-1.5V2a.5.5 0 0 0-.5-.5H8V0h2Z\" \/>\n\t\t\t<\/svg>\n\t\t<\/button><\/figure>\n\n\n\n<p>La 24-an de junio 2023 venis al Maastricht 35 esperantistoj el Nederlando, Belgio, Germanio kaj Ukrainio.<br>Post bonvenigo kun kafo kaj kuko, ni estis gviditaj tra interesa muzeo nomata &#8216;Arto de Presado&#8217;.<\/p>\n\n\n\n<p>Estis varme en Maastricht, sed sekvis interesa promeno tra Maastricht kun tagman\u011do. Fine de la posttagmezo la programo estis da\u016drigita en la konstrua\u0135o Athos. Simon estis bakinta bongustajn kukojn kaj jam estis okupita prepari la vesperman\u011don. Abel komencis sian prezentadon je la 5-a. Post kelkaj minutoj transprenis la kariljono de la proksima pre\u011dejo! Post tio, Abel povis da\u016drigi. <\/p>\n\n\n\n<p>Ne \u0109iuj \u0109eestis vesperman\u011don. Ili ja malhavis ion speciala. Simon, Ron kaj Emilo preparis bongustan kvarpladon vesperman\u011don, kun &#8216;zoervleisj, regiona plado el Limburgo, stufa\u0135o kun vinagro, pomsiropo kaj kompreneble mielspickuko. Vegetaranoj kaj veganoj anka\u016d ne estis forgesitaj! La memfarita tiramisuo estis bongusta kompletigo!<\/p>\n\n\n\n<p>La fotoj de \u0109i tiu tago estas inkluzivitaj en la <a href=\"https:\/\/photos.google.com\/share\/AF1QipPSfywsQziXeCPYIibexTe_x9TYJClkTdPrNKzo6F0tBzfAP0ydzO8ayLNon-nCEQ?key=R3FBTWZiN2thcDlXWXQ3Ny15VXJnNDZtZ3lLS1pB\" target=\"_blank\" rel=\"noreferrer noopener\">fotoalbumo<\/a>.<\/p>\n\n\n\n<p>Oni povas mar\u015di la promenadon: <a href=\"https:\/\/esperanto-nederland.nl\/wp-content\/uploads\/2024\/08\/Wandeling-Culturele-Dag-2023-Maastricht.pdf\" target=\"_blank\" rel=\"noreferrer noopener\">itinero de la promenado<\/a>.<\/p>\n\n\n\n<p><\/p>\n\n\n\n<p><\/p>\n","protected":false},"excerpt":{"rendered":"<p>La 24-an de junio 2023 venis al Maastricht 35 esperantistoj el Nederlando, Belgio, Germanio kaj Ukrainio.Post bonvenigo kun kafo kaj kuko, ni estis gviditaj tra interesa muzeo nomata &#8216;Arto de Presado&#8217;. Estis varme en Maastricht, sed sekvis interesa promeno tra Maastricht kun tagman\u011do. Fine de la posttagmezo la programo estis da\u016drigita en la konstrua\u0135o Athos. &hellip; <a href=\"https:\/\/esperanto-nederland.nl\/index.php\/eo\/kultura-tago-en-maastricht\/\" class=\"more-link\">Verder lezen <span class=\"screen-reader-text\">Kultura Tago en Maastricht<\/span><\/a><\/p>\n","protected":false},"author":2,"featured_media":0,"parent":0,"menu_order":0,"comment_status":"closed","ping_status":"closed","template":"","meta":{"footnotes":""},"class_list":["post-6799","page","type-page","status-publish","hentry","without-featured-image"],"_links":{"self":[{"href":"https:\/\/esperanto-nederland.nl\/index.php\/wp-json\/wp\/v2\/pages\/6799","targetHints":{"allow":["GET"]}}],"collection":[{"href":"https:\/\/esperanto-nederland.nl\/index.php\/wp-json\/wp\/v2\/pages"}],"about":[{"href":"https:\/\/esperanto-nederland.nl\/index.php\/wp-json\/wp\/v2\/types\/page"}],"author":[{"embeddable":true,"href":"https:\/\/esperanto-nederland.nl\/index.php\/wp-json\/wp\/v2\/users\/2"}],"replies":[{"embeddable":true,"href":"https:\/\/esperanto-nederland.nl\/index.php\/wp-json\/wp\/v2\/comments?post=6799"}],"version-history":[{"count":8,"href":"https:\/\/esperanto-nederland.nl\/index.php\/wp-json\/wp\/v2\/pages\/6799\/revisions"}],"predecessor-version":[{"id":9914,"href":"https:\/\/esperanto-nederland.nl\/index.php\/wp-json\/wp\/v2\/pages\/6799\/revisions\/9914"}],"wp:attachment":[{"href":"https:\/\/esperanto-nederland.nl\/index.php\/wp-json\/wp\/v2\/media?parent=6799"}],"curies":[{"name":"wp","href":"https:\/\/api.w.org\/{rel}","templated":true}]}}

<figure data-wp-context="{&quot;imageId&quot;:&quot;69f1d7de9818a&quot;}" data-wp-interactive="core/image" class="wp-block-image size-large is-resized wp-lightbox-container"><img loading="lazy" decoding="async" width="1024" height="636" data-wp-class--hide="state.isContentHidden" data-wp-class--show="state.isContentVisible" data-wp-init="callbacks.setButtonStyles" data-wp-on-async--click="actions.showLightbox" data-wp-on-async--load="callbacks.setButtonStyles" data-wp-on-async-window--resize="callbacks.setButtonStyles" src="https://esperanto-nederland.nl/wp-content/uploads/2024/07/cultureledag2023-1024x636.jpg" alt="" class="wp-image-4906" style="width:621px;height:auto" srcset="https://esperanto-nederland.nl/wp-content/uploads/2024/07/cultureledag2023-1024x636.jpg 1024w, https://esperanto-nederland.nl/wp-content/uploads/2024/07/cultureledag2023-300x186.jpg 300w, https://esperanto-nederland.nl/wp-content/uploads/2024/07/cultureledag2023-768x477.jpg 768w, https://esperanto-nederland.nl/wp-content/uploads/2024/07/cultureledag2023-612x380.jpg 612w, https://esperanto-nederland.nl/wp-content/uploads/2024/07/cultureledag2023.jpg 1480w" sizes="auto, (max-width: 1024px) 100vw, 1024px" /><button
			class="lightbox-trigger"
			type="button"
			aria-haspopup="dialog"
			aria-label="Vergroten"
			data-wp-init="callbacks.initTriggerButton"
			data-wp-on-async--click="actions.showLightbox"
			data-wp-style--right="state.imageButtonRight"
			data-wp-style--top="state.imageButtonTop"
		>
			<svg xmlns="http://www.w3.org/2000/svg" width="12" height="12" fill="none" viewBox="0 0 12 12">
				<path fill="#fff" d="M2 0a2 2 0 0 0-2 2v2h1.5V2a.5.5 0 0 1 .5-.5h2V0H2Zm2 10.5H2a.5.5 0 0 1-.5-.5V8H0v2a2 2 0 0 0 2 2h2v-1.5ZM8 12v-1.5h2a.5.5 0 0 0 .5-.5V8H12v2a2 2 0 0 1-2 2H8Zm2-12a2 2 0 0 1 2 2v2h-1.5V2a.5.5 0 0 0-.5-.5H8V0h2Z" />
			</svg>
		</button></figure>



<p>La 24-an de junio 2023 venis al Maastricht 35 esperantistoj el Nederlando, Belgio, Germanio kaj Ukrainio.<br>Post bonvenigo kun kafo kaj kuko, ni estis gviditaj tra interesa muzeo nomata &#8216;Arto de Presado&#8217;.</p>



<p>Estis varme en Maastricht, sed sekvis interesa promeno tra Maastricht kun tagmanĝo. Fine de la posttagmezo la programo estis daŭrigita en la konstruaĵo Athos. Simon estis bakinta bongustajn kukojn kaj jam estis okupita prepari la vespermanĝon. Abel komencis sian prezentadon je la 5-a. Post kelkaj minutoj transprenis la kariljono de la proksima preĝejo! Post tio, Abel povis daŭrigi. </p>



<p>Ne ĉiuj ĉeestis vespermanĝon. Ili ja malhavis ion speciala. Simon, Ron kaj Emilo preparis bongustan kvarpladon vespermanĝon, kun &#8216;zoervleisj, regiona plado el Limburgo, stufaĵo kun vinagro, pomsiropo kaj kompreneble mielspickuko. Vegetaranoj kaj veganoj ankaŭ ne estis forgesitaj! La memfarita tiramisuo estis bongusta kompletigo!</p>



<p>La fotoj de ĉi tiu tago estas inkluzivitaj en la <a href="https://photos.google.com/share/AF1QipPSfywsQziXeCPYIibexTe_x9TYJClkTdPrNKzo6F0tBzfAP0ydzO8ayLNon-nCEQ?key=R3FBTWZiN2thcDlXWXQ3Ny15VXJnNDZtZ3lLS1pB" target="_blank" rel="noreferrer noopener">fotoalbumo</a>.</p>



<p>Oni povas marŝi la promenadon: <a href="https://esperanto-nederland.nl/wp-content/uploads/2024/08/Wandeling-Culturele-Dag-2023-Maastricht.pdf" target="_blank" rel="noreferrer noopener">itinero de la promenado</a>.</p>



<p></p>



<p></p>

<p>La 24-an de junio 2023 venis al Maastricht 35 esperantistoj el Nederlando, Belgio, Germanio kaj Ukrainio.Post bonvenigo kun kafo kaj kuko, ni estis gviditaj tra interesa muzeo nomata &#8216;Arto de Presado&#8217;. Estis varme en Maastricht, sed sekvis interesa promeno tra Maastricht kun tagmanĝo. Fine de la posttagmezo la programo estis daŭrigita en la konstruaĵo Athos. &hellip; <a href="https://esperanto-nederland.nl/index.php/eo/kultura-tago-en-maastricht/" class="more-link">Verder lezen <span class="screen-reader-text">Kultura Tago en Maastricht</span></a></p>
