{"id":6808,"date":"2024-10-08T14:03:37","date_gmt":"2024-10-08T12:03:37","guid":{"rendered":"https:\/\/esperanto-nederland.nl\/?page_id=6808"},"modified":"2025-05-19T21:33:17","modified_gmt":"2025-05-19T19:33:17","slug":"katedro-en-amsterdamo","status":"publish","type":"page","link":"https:\/\/esperanto-nederland.nl\/index.php\/eo\/katedro-en-amsterdamo\/","title":{"rendered":"Katedro en Amsterdamo"},"content":{"rendered":"\n<figure data-wp-context=\"{&quot;imageId&quot;:&quot;69f1d2c2a0200&quot;}\" data-wp-interactive=\"core\/image\" class=\"wp-block-image size-full is-resized wp-lightbox-container\"><img loading=\"lazy\" decoding=\"async\" width=\"800\" height=\"800\" data-wp-class--hide=\"state.isContentHidden\" data-wp-class--show=\"state.isContentVisible\" data-wp-init=\"callbacks.setButtonStyles\" data-wp-on-async--click=\"actions.showLightbox\" data-wp-on-async--load=\"callbacks.setButtonStyles\" data-wp-on-async-window--resize=\"callbacks.setButtonStyles\" src=\"https:\/\/esperanto-nederland.nl\/wp-content\/uploads\/2025\/02\/Federico-Gobbo-F.Gobbo@uva.nl-sel-800p.jpg\" alt=\"\" class=\"wp-image-9438\" style=\"object-fit:cover;width:400px;height:510px\" srcset=\"https:\/\/esperanto-nederland.nl\/wp-content\/uploads\/2025\/02\/Federico-Gobbo-F.Gobbo@uva.nl-sel-800p.jpg 800w, https:\/\/esperanto-nederland.nl\/wp-content\/uploads\/2025\/02\/Federico-Gobbo-F.Gobbo@uva.nl-sel-800p-300x300.jpg 300w, https:\/\/esperanto-nederland.nl\/wp-content\/uploads\/2025\/02\/Federico-Gobbo-F.Gobbo@uva.nl-sel-800p-768x768.jpg 768w, https:\/\/esperanto-nederland.nl\/wp-content\/uploads\/2025\/02\/Federico-Gobbo-F.Gobbo@uva.nl-sel-800p-90x90.jpg 90w, https:\/\/esperanto-nederland.nl\/wp-content\/uploads\/2025\/02\/Federico-Gobbo-F.Gobbo@uva.nl-sel-800p-380x380.jpg 380w\" sizes=\"auto, (max-width: 800px) 100vw, 800px\" \/><button\n\t\t\tclass=\"lightbox-trigger\"\n\t\t\ttype=\"button\"\n\t\t\taria-haspopup=\"dialog\"\n\t\t\taria-label=\"Vergroten\"\n\t\t\tdata-wp-init=\"callbacks.initTriggerButton\"\n\t\t\tdata-wp-on-async--click=\"actions.showLightbox\"\n\t\t\tdata-wp-style--right=\"state.imageButtonRight\"\n\t\t\tdata-wp-style--top=\"state.imageButtonTop\"\n\t\t>\n\t\t\t<svg xmlns=\"http:\/\/www.w3.org\/2000\/svg\" width=\"12\" height=\"12\" fill=\"none\" viewBox=\"0 0 12 12\">\n\t\t\t\t<path fill=\"#fff\" d=\"M2 0a2 2 0 0 0-2 2v2h1.5V2a.5.5 0 0 1 .5-.5h2V0H2Zm2 10.5H2a.5.5 0 0 1-.5-.5V8H0v2a2 2 0 0 0 2 2h2v-1.5ZM8 12v-1.5h2a.5.5 0 0 0 .5-.5V8H12v2a2 2 0 0 1-2 2H8Zm2-12a2 2 0 0 1 2 2v2h-1.5V2a.5.5 0 0 0-.5-.5H8V0h2Z\" \/>\n\t\t\t<\/svg>\n\t\t<\/button><figcaption class=\"wp-element-caption\"><em>Profesoro Dr. Federico Gobbo<\/em><br><em>foto de Bastiaan Heus\/popupportraits.nl 2023<\/em><\/figcaption><\/figure>\n\n\n\n<p><strong>Esperanto estas instruata en la Universitato de Amsterdamo ekde 1948. Ekde 1998 la Universitato de Amsterdamo (UvA) havas specialan katedron pri Interlingvistiko kaj Esperanto. Interlingvistiko estas bran\u0109o de lingvistiko, kiu pristudas internacian kaj interkulturan komunikadon inter homoj, kiuj ne parolas komunan gepatran lingvon.<\/strong><\/p>\n\n\n\n<p>La speciala katedro pri Interlingvistiko kaj Esperanto estas parto de la fakgrupo Lingvistiko. Ekde februaro 2014, profesoro Dr. Federico Gobbo instruas je \u0109i tiu speciala katedro.<\/p>\n\n\n\n<p>La\u016d la laborpriskribo de la universitato, la tenanto de la katedro respondecas pri la da\u016drigo kaj plivastigo de edukado kaj esplorado en la kampo de interlingvistiko, kun aparta atento al la teorio kaj praktiko de planlingvoj. Esperanto ludas centran rolon en tio.<\/p>\n\n\n\n<p>Se vi volas lerni Esperanton \u0109e la Universitato de Amsterdamo a\u016d interesi\u011das pri \u0109i tiu studo, vidu: <a href=\"https:\/\/www.uva.nl\/en\/discipline\/languages\/languages\/esperanto.html?cb\">Lerni Esperanton \u0109e la Universitato de Amsterdamo.<\/a><\/p>\n\n\n\n<h3 class=\"wp-block-heading has-medium-font-size\" style=\"font-style:normal;font-weight:600\">Financa subteno<\/h3>\n\n\n\n<p>La Universala Esperanto-Asocio (UEA) kaj Esperanto Nederland disponigas monon por financi \u0109i tiun specialan katedron. Aliaj landaj Esperanto-asocioj kaj kelkaj privatuloj anka\u016d finance subtenas la katedron.<\/p>\n\n\n\n<p>La enspezoj ne sufi\u0109as por kovri \u0109iujn agadojn. Tial financa subteno estas tre aprezata.<\/p>\n\n\n\n<p>La banknumero estas: <br>NL 10 TRIO 078 68 44 167<br>Esperanto Nederland<br>Kun mencio: Amsterdama Katedro<\/p>\n\n\n\n<div class=\"wp-block-columns is-layout-flex wp-container-core-columns-is-layout-9d6595d7 wp-block-columns-is-layout-flex\">\n<div class=\"wp-block-column is-layout-flow wp-block-column-is-layout-flow\">\n<p>Eblas anka\u016d konkludi interkonsenton por <a href=\"https:\/\/esperanto-nederland.nl\/index.php\/periodieke-gift-in-geld\/\">perioda donaco en mono<\/a>.<\/p>\n\n\n\n<p>Ni anta\u016d\u011dojas viajn kontribuojn al la da\u016dra ekzisto de \u0109i tiu unika katedro. Pro \u011dia akademia valoro, sed precipe pro la multaj kroma\u0135oj de kiuj profitas Esperanto en Nederlando.<\/p>\n<\/div>\n\n\n\n<div class=\"wp-block-column is-layout-flow wp-block-column-is-layout-flow\" style=\"flex-basis:400px\">\n<p class=\"has-white-color has-text-color has-background\" style=\"background-color:#0a6946\">Per tiu \u0109i speciala katedro, la UvA da\u016drigas tradicion de pli ol duonjarcenta instruado en kaj pri Esperanto, tradicio al kiu, \u011dis la kreo de la katedro, la nomoj de Pragano, Middelkoop kaj Moerbeek, inter aliaj, estas nedisigeble ligitaj.<br><br>Respondeca pri konservado kaj financado de la katedro \u0109e la Universitato de Amsterdamo estas la Universala Esperanto-Asocio, UEA. La \u0109efoficejo de UEA situas en Roterdamo<br><br>La asocio Esperanto Nederland \u0109iujare alju\u011das al \u0109i tiu katedro sumon fiksitan de la membrokunveno. \u0108i tiu aprobo validas por periodo de 5 jaroj kaj nuntempe da\u016dras \u011dis inkluzive 2028.<\/p>\n<\/div>\n<\/div>\n\n\n\n<p><\/p>\n","protected":false},"excerpt":{"rendered":"<p>Esperanto estas instruata en la Universitato de Amsterdamo ekde 1948. Ekde 1998 la Universitato de Amsterdamo (UvA) havas specialan katedron pri Interlingvistiko kaj Esperanto. Interlingvistiko estas bran\u0109o de lingvistiko, kiu pristudas internacian kaj interkulturan komunikadon inter homoj, kiuj ne parolas komunan gepatran lingvon. La speciala katedro pri Interlingvistiko kaj Esperanto estas parto de la fakgrupo &hellip; <a href=\"https:\/\/esperanto-nederland.nl\/index.php\/eo\/katedro-en-amsterdamo\/\" class=\"more-link\">Verder lezen <span class=\"screen-reader-text\">Katedro en Amsterdamo<\/span><\/a><\/p>\n","protected":false},"author":2,"featured_media":0,"parent":0,"menu_order":0,"comment_status":"closed","ping_status":"closed","template":"","meta":{"footnotes":""},"class_list":["post-6808","page","type-page","status-publish","hentry","without-featured-image"],"_links":{"self":[{"href":"https:\/\/esperanto-nederland.nl\/index.php\/wp-json\/wp\/v2\/pages\/6808","targetHints":{"allow":["GET"]}}],"collection":[{"href":"https:\/\/esperanto-nederland.nl\/index.php\/wp-json\/wp\/v2\/pages"}],"about":[{"href":"https:\/\/esperanto-nederland.nl\/index.php\/wp-json\/wp\/v2\/types\/page"}],"author":[{"embeddable":true,"href":"https:\/\/esperanto-nederland.nl\/index.php\/wp-json\/wp\/v2\/users\/2"}],"replies":[{"embeddable":true,"href":"https:\/\/esperanto-nederland.nl\/index.php\/wp-json\/wp\/v2\/comments?post=6808"}],"version-history":[{"count":22,"href":"https:\/\/esperanto-nederland.nl\/index.php\/wp-json\/wp\/v2\/pages\/6808\/revisions"}],"predecessor-version":[{"id":10561,"href":"https:\/\/esperanto-nederland.nl\/index.php\/wp-json\/wp\/v2\/pages\/6808\/revisions\/10561"}],"wp:attachment":[{"href":"https:\/\/esperanto-nederland.nl\/index.php\/wp-json\/wp\/v2\/media?parent=6808"}],"curies":[{"name":"wp","href":"https:\/\/api.w.org\/{rel}","templated":true}]}}

<figure data-wp-context="{&quot;imageId&quot;:&quot;69f1d2c2a0200&quot;}" data-wp-interactive="core/image" class="wp-block-image size-full is-resized wp-lightbox-container"><img loading="lazy" decoding="async" width="800" height="800" data-wp-class--hide="state.isContentHidden" data-wp-class--show="state.isContentVisible" data-wp-init="callbacks.setButtonStyles" data-wp-on-async--click="actions.showLightbox" data-wp-on-async--load="callbacks.setButtonStyles" data-wp-on-async-window--resize="callbacks.setButtonStyles" src="https://esperanto-nederland.nl/wp-content/uploads/2025/02/Federico-Gobbo-F.Gobbo@uva.nl-sel-800p.jpg" alt="" class="wp-image-9438" style="object-fit:cover;width:400px;height:510px" srcset="https://esperanto-nederland.nl/wp-content/uploads/2025/02/Federico-Gobbo-F.Gobbo@uva.nl-sel-800p.jpg 800w, https://esperanto-nederland.nl/wp-content/uploads/2025/02/Federico-Gobbo-F.Gobbo@uva.nl-sel-800p-300x300.jpg 300w, https://esperanto-nederland.nl/wp-content/uploads/2025/02/Federico-Gobbo-F.Gobbo@uva.nl-sel-800p-768x768.jpg 768w, https://esperanto-nederland.nl/wp-content/uploads/2025/02/Federico-Gobbo-F.Gobbo@uva.nl-sel-800p-90x90.jpg 90w, https://esperanto-nederland.nl/wp-content/uploads/2025/02/Federico-Gobbo-F.Gobbo@uva.nl-sel-800p-380x380.jpg 380w" sizes="auto, (max-width: 800px) 100vw, 800px" /><button
			class="lightbox-trigger"
			type="button"
			aria-haspopup="dialog"
			aria-label="Vergroten"
			data-wp-init="callbacks.initTriggerButton"
			data-wp-on-async--click="actions.showLightbox"
			data-wp-style--right="state.imageButtonRight"
			data-wp-style--top="state.imageButtonTop"
		>
			<svg xmlns="http://www.w3.org/2000/svg" width="12" height="12" fill="none" viewBox="0 0 12 12">
				<path fill="#fff" d="M2 0a2 2 0 0 0-2 2v2h1.5V2a.5.5 0 0 1 .5-.5h2V0H2Zm2 10.5H2a.5.5 0 0 1-.5-.5V8H0v2a2 2 0 0 0 2 2h2v-1.5ZM8 12v-1.5h2a.5.5 0 0 0 .5-.5V8H12v2a2 2 0 0 1-2 2H8Zm2-12a2 2 0 0 1 2 2v2h-1.5V2a.5.5 0 0 0-.5-.5H8V0h2Z" />
			</svg>
		</button><figcaption class="wp-element-caption"><em>Profesoro Dr. Federico Gobbo</em><br><em>foto de Bastiaan Heus/popupportraits.nl 2023</em></figcaption></figure>



<p><strong>Esperanto estas instruata en la Universitato de Amsterdamo ekde 1948. Ekde 1998 la Universitato de Amsterdamo (UvA) havas specialan katedron pri Interlingvistiko kaj Esperanto. Interlingvistiko estas branĉo de lingvistiko, kiu pristudas internacian kaj interkulturan komunikadon inter homoj, kiuj ne parolas komunan gepatran lingvon.</strong></p>



<p>La speciala katedro pri Interlingvistiko kaj Esperanto estas parto de la fakgrupo Lingvistiko. Ekde februaro 2014, profesoro Dr. Federico Gobbo instruas je ĉi tiu speciala katedro.</p>



<p>Laŭ la laborpriskribo de la universitato, la tenanto de la katedro respondecas pri la daŭrigo kaj plivastigo de edukado kaj esplorado en la kampo de interlingvistiko, kun aparta atento al la teorio kaj praktiko de planlingvoj. Esperanto ludas centran rolon en tio.</p>



<p>Se vi volas lerni Esperanton ĉe la Universitato de Amsterdamo aŭ interesiĝas pri ĉi tiu studo, vidu: <a href="https://www.uva.nl/en/discipline/languages/languages/esperanto.html?cb">Lerni Esperanton ĉe la Universitato de Amsterdamo.</a></p>



<h3 class="wp-block-heading has-medium-font-size" style="font-style:normal;font-weight:600">Financa subteno</h3>



<p>La Universala Esperanto-Asocio (UEA) kaj Esperanto Nederland disponigas monon por financi ĉi tiun specialan katedron. Aliaj landaj Esperanto-asocioj kaj kelkaj privatuloj ankaŭ finance subtenas la katedron.</p>



<p>La enspezoj ne sufiĉas por kovri ĉiujn agadojn. Tial financa subteno estas tre aprezata.</p>



<p>La banknumero estas: <br>NL 10 TRIO 078 68 44 167<br>Esperanto Nederland<br>Kun mencio: Amsterdama Katedro</p>



<div class="wp-block-columns is-layout-flex wp-container-core-columns-is-layout-9d6595d7 wp-block-columns-is-layout-flex">
<div class="wp-block-column is-layout-flow wp-block-column-is-layout-flow">
<p>Eblas ankaŭ konkludi interkonsenton por <a href="https://esperanto-nederland.nl/index.php/periodieke-gift-in-geld/">perioda donaco en mono</a>.</p>



<p>Ni antaŭĝojas viajn kontribuojn al la daŭra ekzisto de ĉi tiu unika katedro. Pro ĝia akademia valoro, sed precipe pro la multaj kromaĵoj de kiuj profitas Esperanto en Nederlando.</p>
</div>



<div class="wp-block-column is-layout-flow wp-block-column-is-layout-flow" style="flex-basis:400px">
<p class="has-white-color has-text-color has-background" style="background-color:#0a6946">Per tiu ĉi speciala katedro, la UvA daŭrigas tradicion de pli ol duonjarcenta instruado en kaj pri Esperanto, tradicio al kiu, ĝis la kreo de la katedro, la nomoj de Pragano, Middelkoop kaj Moerbeek, inter aliaj, estas nedisigeble ligitaj.<br><br>Respondeca pri konservado kaj financado de la katedro ĉe la Universitato de Amsterdamo estas la Universala Esperanto-Asocio, UEA. La ĉefoficejo de UEA situas en Roterdamo<br><br>La asocio Esperanto Nederland ĉiujare aljuĝas al ĉi tiu katedro sumon fiksitan de la membrokunveno. Ĉi tiu aprobo validas por periodo de 5 jaroj kaj nuntempe daŭras ĝis inkluzive 2028.</p>
</div>
</div>



<p></p>

<p>Esperanto estas instruata en la Universitato de Amsterdamo ekde 1948. Ekde 1998 la Universitato de Amsterdamo (UvA) havas specialan katedron pri Interlingvistiko kaj Esperanto. Interlingvistiko estas branĉo de lingvistiko, kiu pristudas internacian kaj interkulturan komunikadon inter homoj, kiuj ne parolas komunan gepatran lingvon. La speciala katedro pri Interlingvistiko kaj Esperanto estas parto de la fakgrupo &hellip; <a href="https://esperanto-nederland.nl/index.php/eo/katedro-en-amsterdamo/" class="more-link">Verder lezen <span class="screen-reader-text">Katedro en Amsterdamo</span></a></p>
