{"id":9239,"date":"2025-01-18T21:14:01","date_gmt":"2025-01-18T20:14:01","guid":{"rendered":"https:\/\/esperanto-nederland.nl\/?page_id=9239"},"modified":"2025-02-09T19:05:13","modified_gmt":"2025-02-09T18:05:13","slug":"viziti-nederlandon","status":"publish","type":"page","link":"https:\/\/esperanto-nederland.nl\/index.php\/eo\/viziti-nederlandon\/","title":{"rendered":"Viziti Nederlandon"},"content":{"rendered":"\n<figure data-wp-context=\"{&quot;imageId&quot;:&quot;69f1d23df2c74&quot;}\" data-wp-interactive=\"core\/image\" class=\"wp-block-image size-large is-resized wp-lightbox-container\"><img loading=\"lazy\" decoding=\"async\" width=\"1024\" height=\"807\" data-wp-class--hide=\"state.isContentHidden\" data-wp-class--show=\"state.isContentVisible\" data-wp-init=\"callbacks.setButtonStyles\" data-wp-on-async--click=\"actions.showLightbox\" data-wp-on-async--load=\"callbacks.setButtonStyles\" data-wp-on-async-window--resize=\"callbacks.setButtonStyles\" src=\"https:\/\/esperanto-nederland.nl\/wp-content\/uploads\/2025\/01\/20210804anho0000056-sel-1200p-1024x807.jpg\" alt=\"\" class=\"wp-image-9240\" style=\"width:500px\" srcset=\"https:\/\/esperanto-nederland.nl\/wp-content\/uploads\/2025\/01\/20210804anho0000056-sel-1200p-1024x807.jpg 1024w, https:\/\/esperanto-nederland.nl\/wp-content\/uploads\/2025\/01\/20210804anho0000056-sel-1200p-300x237.jpg 300w, https:\/\/esperanto-nederland.nl\/wp-content\/uploads\/2025\/01\/20210804anho0000056-sel-1200p-768x605.jpg 768w, https:\/\/esperanto-nederland.nl\/wp-content\/uploads\/2025\/01\/20210804anho0000056-sel-1200p-482x380.jpg 482w, https:\/\/esperanto-nederland.nl\/wp-content\/uploads\/2025\/01\/20210804anho0000056-sel-1200p.jpg 1200w\" sizes=\"auto, (max-width: 1024px) 100vw, 1024px\" \/><button\n\t\t\tclass=\"lightbox-trigger\"\n\t\t\ttype=\"button\"\n\t\t\taria-haspopup=\"dialog\"\n\t\t\taria-label=\"Vergroten\"\n\t\t\tdata-wp-init=\"callbacks.initTriggerButton\"\n\t\t\tdata-wp-on-async--click=\"actions.showLightbox\"\n\t\t\tdata-wp-style--right=\"state.imageButtonRight\"\n\t\t\tdata-wp-style--top=\"state.imageButtonTop\"\n\t\t>\n\t\t\t<svg xmlns=\"http:\/\/www.w3.org\/2000\/svg\" width=\"12\" height=\"12\" fill=\"none\" viewBox=\"0 0 12 12\">\n\t\t\t\t<path fill=\"#fff\" d=\"M2 0a2 2 0 0 0-2 2v2h1.5V2a.5.5 0 0 1 .5-.5h2V0H2Zm2 10.5H2a.5.5 0 0 1-.5-.5V8H0v2a2 2 0 0 0 2 2h2v-1.5ZM8 12v-1.5h2a.5.5 0 0 0 .5-.5V8H12v2a2 2 0 0 1-2 2H8Zm2-12a2 2 0 0 1 2 2v2h-1.5V2a.5.5 0 0 0-.5-.5H8V0h2Z\" \/>\n\t\t\t<\/svg>\n\t\t<\/button><figcaption class=\"wp-element-caption\"><em>Leeuwarden, Pagajsurfada Dek-unu-urba voja\u011do (SUP Elfstedentocht). <br>Atletoj padelas tra la dek unu urboj de Frislando. La vojo estas \u0109irka\u016d <br>220 kilometrojn longa kaj da\u016dras kvin tagojn.<\/em><\/figcaption><\/figure>\n\n\n\n<p>Ni anta\u016d\u011dojas renkonti esperantistojn el la tuta mondo en Nederlando. Vi estas kore bonvena \u0109eesti kunvenojn. En \u0109iu Esperanto-studosemajnfino anka\u016d eksterlandaj esperantistoj partoprenas. Se vi lo\u011das ne tro for de Nederlando, anka\u016d la \u0109iujaraj kulturaj tagoj estas belaj tagoj de renkonti\u011do. <\/p>\n\n\n\n<p>Via \u0109eesto dum \u0109i tiuj tagoj aldonas plian dimension al \u0109i tiuj tagoj. Dum gvidadoj tra la urbo a\u016d mezeoj necesas interpretado. Multaj nederlandaj esperantistoj malfermas siajn hejmojn por gastoj el eksterlando. Tio donas al ili belan okazon por paroli Esperanton. Precipe kiam ili mem ne havas la eblon voja\u011di for. Tial ni kore invitas vin al Nederlando.<\/p>\n\n\n\n<div style=\"height:25px\" aria-hidden=\"true\" class=\"wp-block-spacer\"><\/div>\n\n\n\n<div class=\"wp-block-columns is-layout-flex wp-container-core-columns-is-layout-9d6595d7 wp-block-columns-is-layout-flex\">\n<div class=\"wp-block-column is-layout-flow wp-block-column-is-layout-flow\" style=\"flex-basis:33%\">\n<h3 class=\"wp-block-heading\"><strong><a href=\"https:\/\/esperanto-nederland.nl\/index.php\/eo\/pri-nederlando\/\" data-type=\"link\" data-id=\"https:\/\/esperanto-nederland.nl\/index.php\/eo\/pri-nederlando\/\">Pri Nederlando<\/a><\/strong><\/h3>\n\n\n\n<figure class=\"wp-block-image size-full\"><a href=\"https:\/\/esperanto-nederland.nl\/index.php\/eo\/pri-nederlando\/\"><img loading=\"lazy\" decoding=\"async\" width=\"1200\" height=\"900\" src=\"https:\/\/esperanto-nederland.nl\/wp-content\/uploads\/2025\/01\/20201106fkho1453030_1200p-1.jpg\" alt=\"\" class=\"wp-image-9255\" style=\"aspect-ratio:4\/3;object-fit:cover\" srcset=\"https:\/\/esperanto-nederland.nl\/wp-content\/uploads\/2025\/01\/20201106fkho1453030_1200p-1.jpg 1200w, https:\/\/esperanto-nederland.nl\/wp-content\/uploads\/2025\/01\/20201106fkho1453030_1200p-1-300x225.jpg 300w, https:\/\/esperanto-nederland.nl\/wp-content\/uploads\/2025\/01\/20201106fkho1453030_1200p-1-1024x768.jpg 1024w, https:\/\/esperanto-nederland.nl\/wp-content\/uploads\/2025\/01\/20201106fkho1453030_1200p-1-200x150.jpg 200w, https:\/\/esperanto-nederland.nl\/wp-content\/uploads\/2025\/01\/20201106fkho1453030_1200p-1-768x576.jpg 768w, https:\/\/esperanto-nederland.nl\/wp-content\/uploads\/2025\/01\/20201106fkho1453030_1200p-1-507x380.jpg 507w\" sizes=\"auto, (max-width: 1200px) 100vw, 1200px\" \/><\/a><\/figure>\n\n\n\n<p>Nederlando estas interesa lando por viziti. La pejza\u011do estas diversspeca kaj la distancoj estas mallongaj. Kio estas Nederlando kaj kiuj estas la nederlandanoj efektive? Kion estas utile scii kiam oni venas \u0109i tien? Multaj lokoj certe valoras viziton<br><a href=\"https:\/\/esperanto-nederland.nl\/index.php\/eo\/pri-nederlando\/\" data-type=\"link\" data-id=\"https:\/\/esperanto-nederland.nl\/index.php\/eo\/pri-nederlando\/\">Pli&#8230;<\/a><\/p>\n<\/div>\n\n\n\n<div class=\"wp-block-column is-layout-flow wp-block-column-is-layout-flow\" style=\"flex-basis:33%\">\n<h3 class=\"wp-block-heading\"><strong><a href=\"https:\/\/esperanto-nederland.nl\/index.php\/eo\/turistaj-informoj\/\" data-type=\"link\" data-id=\"https:\/\/esperanto-nederland.nl\/index.php\/eo\/turistaj-informoj\/\">Turistaj informiloj<\/a><\/strong><\/h3>\n\n\n\n<figure class=\"wp-block-image size-full\"><a href=\"https:\/\/esperanto-nederland.nl\/index.php\/eo\/turistaj-informoj\/\"><img loading=\"lazy\" decoding=\"async\" width=\"1043\" height=\"719\" src=\"https:\/\/esperanto-nederland.nl\/wp-content\/uploads\/2025\/01\/Anne-Frank-gr.jpg\" alt=\"\" class=\"wp-image-9249\" style=\"aspect-ratio:4\/3;object-fit:cover\" srcset=\"https:\/\/esperanto-nederland.nl\/wp-content\/uploads\/2025\/01\/Anne-Frank-gr.jpg 1043w, https:\/\/esperanto-nederland.nl\/wp-content\/uploads\/2025\/01\/Anne-Frank-gr-300x207.jpg 300w, https:\/\/esperanto-nederland.nl\/wp-content\/uploads\/2025\/01\/Anne-Frank-gr-1024x706.jpg 1024w, https:\/\/esperanto-nederland.nl\/wp-content\/uploads\/2025\/01\/Anne-Frank-gr-768x529.jpg 768w, https:\/\/esperanto-nederland.nl\/wp-content\/uploads\/2025\/01\/Anne-Frank-gr-551x380.jpg 551w\" sizes=\"auto, (max-width: 1043px) 100vw, 1043px\" \/><\/a><\/figure>\n\n\n\n<p>Kelkaj interretaj bro\u015duroj donas informojn pri Nederlando. Kiu estis Anne Frank kaj kio estas tipa nederlanda? Kiel aspektas la nederlandaj malnovaj ventomuelejoj kaj por kio ili servis? De kelkaj urboj kaj vila\u011doj en Nederlando estas itineroj starigitaj.<br><a href=\"https:\/\/esperanto-nederland.nl\/index.php\/eo\/turistaj-informoj\/\" data-type=\"link\" data-id=\"https:\/\/esperanto-nederland.nl\/index.php\/eo\/turistaj-informoj\/\">Pli&#8230;<\/a><\/p>\n<\/div>\n\n\n\n<div class=\"wp-block-column is-layout-flow wp-block-column-is-layout-flow\" style=\"flex-basis:33%\">\n<h3 class=\"wp-block-heading\"><a href=\"https:\/\/esperanto-nederland.nl\/index.php\/eo\/nederlanda-lingvo\/\" data-type=\"link\" data-id=\"https:\/\/esperanto-nederland.nl\/index.php\/eo\/nederlanda-lingvo\/\">Nederlanda lingvo<\/a><\/h3>\n\n\n\n<figure class=\"wp-block-image size-large\"><a href=\"https:\/\/esperanto-nederland.nl\/index.php\/eo\/nederlanda-lingvo\/\"><img loading=\"lazy\" decoding=\"async\" width=\"1024\" height=\"723\" src=\"https:\/\/esperanto-nederland.nl\/wp-content\/uploads\/2025\/01\/20230430fkho1323130_Sel-1024x723.jpg\" alt=\"\" class=\"wp-image-9304\" style=\"aspect-ratio:4\/3;object-fit:cover\" srcset=\"https:\/\/esperanto-nederland.nl\/wp-content\/uploads\/2025\/01\/20230430fkho1323130_Sel-1024x723.jpg 1024w, https:\/\/esperanto-nederland.nl\/wp-content\/uploads\/2025\/01\/20230430fkho1323130_Sel-300x212.jpg 300w, https:\/\/esperanto-nederland.nl\/wp-content\/uploads\/2025\/01\/20230430fkho1323130_Sel-768x542.jpg 768w, https:\/\/esperanto-nederland.nl\/wp-content\/uploads\/2025\/01\/20230430fkho1323130_Sel-1536x1085.jpg 1536w, https:\/\/esperanto-nederland.nl\/wp-content\/uploads\/2025\/01\/20230430fkho1323130_Sel-2048x1446.jpg 2048w, https:\/\/esperanto-nederland.nl\/wp-content\/uploads\/2025\/01\/20230430fkho1323130_Sel-538x380.jpg 538w\" sizes=\"auto, (max-width: 1024px) 100vw, 1024px\" \/><\/a><\/figure>\n\n\n\n<p>Kiam vi vizitas esperantistojn en Nederlando, vi povas paroli Esperanton kun ili. Sed kompreneble vi renkontos anka\u016d aliajn homojn, kiuj ne parolas Esperanton. Multaj nederlandanoj tre \u011dojas, se vi parolas kelkajn vortojn en la nederlanda.<br><a href=\"https:\/\/esperanto-nederland.nl\/index.php\/eo\/nederlanda-lingvo\/\" data-type=\"link\" data-id=\"https:\/\/esperanto-nederland.nl\/index.php\/eo\/nederlanda-lingvo\/\">Pli&#8230;<\/a><\/p>\n<\/div>\n<\/div>\n","protected":false},"excerpt":{"rendered":"<p>Ni anta\u016d\u011dojas renkonti esperantistojn el la tuta mondo en Nederlando. Vi estas kore bonvena \u0109eesti kunvenojn. En \u0109iu Esperanto-studosemajnfino anka\u016d eksterlandaj esperantistoj partoprenas. Se vi lo\u011das ne tro for de Nederlando, anka\u016d la \u0109iujaraj kulturaj tagoj estas belaj tagoj de renkonti\u011do. Via \u0109eesto dum \u0109i tiuj tagoj aldonas plian dimension al \u0109i tiuj tagoj. Dum &hellip; <a href=\"https:\/\/esperanto-nederland.nl\/index.php\/eo\/viziti-nederlandon\/\" class=\"more-link\">Verder lezen <span class=\"screen-reader-text\">Viziti Nederlandon<\/span><\/a><\/p>\n","protected":false},"author":2,"featured_media":0,"parent":0,"menu_order":0,"comment_status":"closed","ping_status":"closed","template":"","meta":{"footnotes":""},"class_list":["post-9239","page","type-page","status-publish","hentry","without-featured-image"],"_links":{"self":[{"href":"https:\/\/esperanto-nederland.nl\/index.php\/wp-json\/wp\/v2\/pages\/9239","targetHints":{"allow":["GET"]}}],"collection":[{"href":"https:\/\/esperanto-nederland.nl\/index.php\/wp-json\/wp\/v2\/pages"}],"about":[{"href":"https:\/\/esperanto-nederland.nl\/index.php\/wp-json\/wp\/v2\/types\/page"}],"author":[{"embeddable":true,"href":"https:\/\/esperanto-nederland.nl\/index.php\/wp-json\/wp\/v2\/users\/2"}],"replies":[{"embeddable":true,"href":"https:\/\/esperanto-nederland.nl\/index.php\/wp-json\/wp\/v2\/comments?post=9239"}],"version-history":[{"count":17,"href":"https:\/\/esperanto-nederland.nl\/index.php\/wp-json\/wp\/v2\/pages\/9239\/revisions"}],"predecessor-version":[{"id":9432,"href":"https:\/\/esperanto-nederland.nl\/index.php\/wp-json\/wp\/v2\/pages\/9239\/revisions\/9432"}],"wp:attachment":[{"href":"https:\/\/esperanto-nederland.nl\/index.php\/wp-json\/wp\/v2\/media?parent=9239"}],"curies":[{"name":"wp","href":"https:\/\/api.w.org\/{rel}","templated":true}]}}

<figure data-wp-context="{&quot;imageId&quot;:&quot;69f1d23df2c74&quot;}" data-wp-interactive="core/image" class="wp-block-image size-large is-resized wp-lightbox-container"><img loading="lazy" decoding="async" width="1024" height="807" data-wp-class--hide="state.isContentHidden" data-wp-class--show="state.isContentVisible" data-wp-init="callbacks.setButtonStyles" data-wp-on-async--click="actions.showLightbox" data-wp-on-async--load="callbacks.setButtonStyles" data-wp-on-async-window--resize="callbacks.setButtonStyles" src="https://esperanto-nederland.nl/wp-content/uploads/2025/01/20210804anho0000056-sel-1200p-1024x807.jpg" alt="" class="wp-image-9240" style="width:500px" srcset="https://esperanto-nederland.nl/wp-content/uploads/2025/01/20210804anho0000056-sel-1200p-1024x807.jpg 1024w, https://esperanto-nederland.nl/wp-content/uploads/2025/01/20210804anho0000056-sel-1200p-300x237.jpg 300w, https://esperanto-nederland.nl/wp-content/uploads/2025/01/20210804anho0000056-sel-1200p-768x605.jpg 768w, https://esperanto-nederland.nl/wp-content/uploads/2025/01/20210804anho0000056-sel-1200p-482x380.jpg 482w, https://esperanto-nederland.nl/wp-content/uploads/2025/01/20210804anho0000056-sel-1200p.jpg 1200w" sizes="auto, (max-width: 1024px) 100vw, 1024px" /><button
			class="lightbox-trigger"
			type="button"
			aria-haspopup="dialog"
			aria-label="Vergroten"
			data-wp-init="callbacks.initTriggerButton"
			data-wp-on-async--click="actions.showLightbox"
			data-wp-style--right="state.imageButtonRight"
			data-wp-style--top="state.imageButtonTop"
		>
			<svg xmlns="http://www.w3.org/2000/svg" width="12" height="12" fill="none" viewBox="0 0 12 12">
				<path fill="#fff" d="M2 0a2 2 0 0 0-2 2v2h1.5V2a.5.5 0 0 1 .5-.5h2V0H2Zm2 10.5H2a.5.5 0 0 1-.5-.5V8H0v2a2 2 0 0 0 2 2h2v-1.5ZM8 12v-1.5h2a.5.5 0 0 0 .5-.5V8H12v2a2 2 0 0 1-2 2H8Zm2-12a2 2 0 0 1 2 2v2h-1.5V2a.5.5 0 0 0-.5-.5H8V0h2Z" />
			</svg>
		</button><figcaption class="wp-element-caption"><em>Leeuwarden, Pagajsurfada Dek-unu-urba vojaĝo (SUP Elfstedentocht). <br>Atletoj padelas tra la dek unu urboj de Frislando. La vojo estas ĉirkaŭ <br>220 kilometrojn longa kaj daŭras kvin tagojn.</em></figcaption></figure>



<p>Ni antaŭĝojas renkonti esperantistojn el la tuta mondo en Nederlando. Vi estas kore bonvena ĉeesti kunvenojn. En ĉiu Esperanto-studosemajnfino ankaŭ eksterlandaj esperantistoj partoprenas. Se vi loĝas ne tro for de Nederlando, ankaŭ la ĉiujaraj kulturaj tagoj estas belaj tagoj de renkontiĝo. </p>



<p>Via ĉeesto dum ĉi tiuj tagoj aldonas plian dimension al ĉi tiuj tagoj. Dum gvidadoj tra la urbo aŭ mezeoj necesas interpretado. Multaj nederlandaj esperantistoj malfermas siajn hejmojn por gastoj el eksterlando. Tio donas al ili belan okazon por paroli Esperanton. Precipe kiam ili mem ne havas la eblon vojaĝi for. Tial ni kore invitas vin al Nederlando.</p>



<div style="height:25px" aria-hidden="true" class="wp-block-spacer"></div>



<div class="wp-block-columns is-layout-flex wp-container-core-columns-is-layout-9d6595d7 wp-block-columns-is-layout-flex">
<div class="wp-block-column is-layout-flow wp-block-column-is-layout-flow" style="flex-basis:33%">
<h3 class="wp-block-heading"><strong><a href="https://esperanto-nederland.nl/index.php/eo/pri-nederlando/" data-type="link" data-id="https://esperanto-nederland.nl/index.php/eo/pri-nederlando/">Pri Nederlando</a></strong></h3>



<figure class="wp-block-image size-full"><a href="https://esperanto-nederland.nl/index.php/eo/pri-nederlando/"><img loading="lazy" decoding="async" width="1200" height="900" src="https://esperanto-nederland.nl/wp-content/uploads/2025/01/20201106fkho1453030_1200p-1.jpg" alt="" class="wp-image-9255" style="aspect-ratio:4/3;object-fit:cover" srcset="https://esperanto-nederland.nl/wp-content/uploads/2025/01/20201106fkho1453030_1200p-1.jpg 1200w, https://esperanto-nederland.nl/wp-content/uploads/2025/01/20201106fkho1453030_1200p-1-300x225.jpg 300w, https://esperanto-nederland.nl/wp-content/uploads/2025/01/20201106fkho1453030_1200p-1-1024x768.jpg 1024w, https://esperanto-nederland.nl/wp-content/uploads/2025/01/20201106fkho1453030_1200p-1-200x150.jpg 200w, https://esperanto-nederland.nl/wp-content/uploads/2025/01/20201106fkho1453030_1200p-1-768x576.jpg 768w, https://esperanto-nederland.nl/wp-content/uploads/2025/01/20201106fkho1453030_1200p-1-507x380.jpg 507w" sizes="auto, (max-width: 1200px) 100vw, 1200px" /></a></figure>



<p>Nederlando estas interesa lando por viziti. La pejzaĝo estas diversspeca kaj la distancoj estas mallongaj. Kio estas Nederlando kaj kiuj estas la nederlandanoj efektive? Kion estas utile scii kiam oni venas ĉi tien? Multaj lokoj certe valoras viziton<br><a href="https://esperanto-nederland.nl/index.php/eo/pri-nederlando/" data-type="link" data-id="https://esperanto-nederland.nl/index.php/eo/pri-nederlando/">Pli&#8230;</a></p>
</div>



<div class="wp-block-column is-layout-flow wp-block-column-is-layout-flow" style="flex-basis:33%">
<h3 class="wp-block-heading"><strong><a href="https://esperanto-nederland.nl/index.php/eo/turistaj-informoj/" data-type="link" data-id="https://esperanto-nederland.nl/index.php/eo/turistaj-informoj/">Turistaj informiloj</a></strong></h3>



<figure class="wp-block-image size-full"><a href="https://esperanto-nederland.nl/index.php/eo/turistaj-informoj/"><img loading="lazy" decoding="async" width="1043" height="719" src="https://esperanto-nederland.nl/wp-content/uploads/2025/01/Anne-Frank-gr.jpg" alt="" class="wp-image-9249" style="aspect-ratio:4/3;object-fit:cover" srcset="https://esperanto-nederland.nl/wp-content/uploads/2025/01/Anne-Frank-gr.jpg 1043w, https://esperanto-nederland.nl/wp-content/uploads/2025/01/Anne-Frank-gr-300x207.jpg 300w, https://esperanto-nederland.nl/wp-content/uploads/2025/01/Anne-Frank-gr-1024x706.jpg 1024w, https://esperanto-nederland.nl/wp-content/uploads/2025/01/Anne-Frank-gr-768x529.jpg 768w, https://esperanto-nederland.nl/wp-content/uploads/2025/01/Anne-Frank-gr-551x380.jpg 551w" sizes="auto, (max-width: 1043px) 100vw, 1043px" /></a></figure>



<p>Kelkaj interretaj broŝuroj donas informojn pri Nederlando. Kiu estis Anne Frank kaj kio estas tipa nederlanda? Kiel aspektas la nederlandaj malnovaj ventomuelejoj kaj por kio ili servis? De kelkaj urboj kaj vilaĝoj en Nederlando estas itineroj starigitaj.<br><a href="https://esperanto-nederland.nl/index.php/eo/turistaj-informoj/" data-type="link" data-id="https://esperanto-nederland.nl/index.php/eo/turistaj-informoj/">Pli&#8230;</a></p>
</div>



<div class="wp-block-column is-layout-flow wp-block-column-is-layout-flow" style="flex-basis:33%">
<h3 class="wp-block-heading"><a href="https://esperanto-nederland.nl/index.php/eo/nederlanda-lingvo/" data-type="link" data-id="https://esperanto-nederland.nl/index.php/eo/nederlanda-lingvo/">Nederlanda lingvo</a></h3>



<figure class="wp-block-image size-large"><a href="https://esperanto-nederland.nl/index.php/eo/nederlanda-lingvo/"><img loading="lazy" decoding="async" width="1024" height="723" src="https://esperanto-nederland.nl/wp-content/uploads/2025/01/20230430fkho1323130_Sel-1024x723.jpg" alt="" class="wp-image-9304" style="aspect-ratio:4/3;object-fit:cover" srcset="https://esperanto-nederland.nl/wp-content/uploads/2025/01/20230430fkho1323130_Sel-1024x723.jpg 1024w, https://esperanto-nederland.nl/wp-content/uploads/2025/01/20230430fkho1323130_Sel-300x212.jpg 300w, https://esperanto-nederland.nl/wp-content/uploads/2025/01/20230430fkho1323130_Sel-768x542.jpg 768w, https://esperanto-nederland.nl/wp-content/uploads/2025/01/20230430fkho1323130_Sel-1536x1085.jpg 1536w, https://esperanto-nederland.nl/wp-content/uploads/2025/01/20230430fkho1323130_Sel-2048x1446.jpg 2048w, https://esperanto-nederland.nl/wp-content/uploads/2025/01/20230430fkho1323130_Sel-538x380.jpg 538w" sizes="auto, (max-width: 1024px) 100vw, 1024px" /></a></figure>



<p>Kiam vi vizitas esperantistojn en Nederlando, vi povas paroli Esperanton kun ili. Sed kompreneble vi renkontos ankaŭ aliajn homojn, kiuj ne parolas Esperanton. Multaj nederlandanoj tre ĝojas, se vi parolas kelkajn vortojn en la nederlanda.<br><a href="https://esperanto-nederland.nl/index.php/eo/nederlanda-lingvo/" data-type="link" data-id="https://esperanto-nederland.nl/index.php/eo/nederlanda-lingvo/">Pli&#8230;</a></p>
</div>
</div>

<p>Ni antaŭĝojas renkonti esperantistojn el la tuta mondo en Nederlando. Vi estas kore bonvena ĉeesti kunvenojn. En ĉiu Esperanto-studosemajnfino ankaŭ eksterlandaj esperantistoj partoprenas. Se vi loĝas ne tro for de Nederlando, ankaŭ la ĉiujaraj kulturaj tagoj estas belaj tagoj de renkontiĝo. Via ĉeesto dum ĉi tiuj tagoj aldonas plian dimension al ĉi tiuj tagoj. Dum &hellip; <a href="https://esperanto-nederland.nl/index.php/eo/viziti-nederlandon/" class="more-link">Verder lezen <span class="screen-reader-text">Viziti Nederlandon</span></a></p>
